{"id":1517,"date":"2016-10-26T11:34:37","date_gmt":"2016-10-26T11:34:37","guid":{"rendered":"http:\/\/kommunikation.gaertnerhkk.de\/?page_id=1517"},"modified":"2016-10-26T11:34:37","modified_gmt":"2016-10-26T11:34:37","slug":"jugendintegrationskurs-gef-durch-bamf","status":"publish","type":"page","link":"http:\/\/kommunikation.gaertnerhkk.de\/?page_id=1517","title":{"rendered":"Jugendintegrationskurs gef. durch BAMF"},"content":{"rendered":"<p><strong>Beginn: 26. September 2016 &#8211; BELEGT<\/strong> <a id=\"set-post-thumbnail\" class=\"thickbox\" href=\"http:\/\/kommunikation.gaertnerhkk.de\/wp-admin\/media-upload.php?post_id=1480&amp;type=image&amp;TB_iframe=1\"><img loading=\"lazy\" decoding=\"async\" class=\"attachment-266x266 alignright\" src=\"http:\/\/kommunikation.gaertnerhkk.de\/wp-content\/uploads\/2016\/07\/Fotolia_102295765_S-768x361.jpg\" sizes=\"(max-width: 266px) 100vw, 266px\" srcset=\"http:\/\/kommunikation.gaertnerhkk.de\/wp-content\/uploads\/2016\/07\/Fotolia_102295765_S-768x361.jpg 768w, http:\/\/kommunikation.gaertnerhkk.de\/wp-content\/uploads\/2016\/07\/Fotolia_102295765_S-300x141.jpg 300w, http:\/\/kommunikation.gaertnerhkk.de\/wp-content\/uploads\/2016\/07\/Fotolia_102295765_S.jpg 1010w\" alt=\"Arbeit f\u00fcr Fl\u00fcchtlinge\" width=\"367\" height=\"199\" \/><\/a><\/p>\n<p>Einstufungstest: Nach Vereinbarung<\/p>\n<p>Unterrichtsform: <strong>Teilzeit, 15 bis 18.15 h <\/strong><\/p>\n<p>\u2013 auch berufsbegleitend<\/p>\n<p><strong>Zugang:<\/strong><\/p>\n<table>\n<tbody>\n<tr>\n<td>:<\/td>\n<td id=\"Zugang\">Folgende Personengruppen haben Zugang zu einer staatlich finanzierten Teilnahme am Integrationskurs:<br \/>\nAusl\u00e4nder, denen erstmals ein dauerhafter Aufenthaltstitel erteilt wird, haben einen gesetzlichen Anspruch auf Teilnahme am Integrationskurs. Sie erhalten eine Best\u00e4tigung \u00fcber die Teilnahmeberechtigung von der Ausl\u00e4nderbeh\u00f6rde, die den Aufenthaltstitel erteilt hat. Sofern keine einfachen bzw. in bestimmten F\u00e4llen keine ausreichenden deutschen Sprachkenntnisse vorliegen, spricht die Ausl\u00e4nderbeh\u00f6rde f\u00fcr diese Personen zus\u00e4tzlich eine Verpflichtung zur Kursteilnahme aus.Bereits l\u00e4nger in Deutschland lebende Ausl\u00e4nder k\u00f6nnen von der Ausl\u00e4nderbeh\u00f6rde zur Kursteilnahme verpflichtet werden, wenn sie besonders integrationsbed\u00fcrftig sind.<br \/>\n\u2022Ausl\u00e4nder, die Leistungen nach dem Zweiten Buch Sozialgesetzbuch (Arbeitslosengeld II) beziehen, k\u00f6nnen vom Tr\u00e4ger der Grundsicherung f\u00fcr Arbeitssuchende zur Kursteilnehme verpflichtet werden.Sp\u00e4taussiedler und ihre Familienangeh\u00f6rige haben einen gesetzlichen Anspruch auf Teilnahme am Integrationskurs. Sie erhalten vom Bundesverwaltungsamt eine Best\u00e4tigung \u00fcber die Teilnahmeberechtigung.Dar\u00fcber hinaus k\u00f6nnen folgende Personen auf Antrag durch das Bundesamt f\u00fcr Migration und Fl\u00fcchtlinge im Rahmen verf\u00fcgbarer Kurspl\u00e4tze zur Teilnahme am Integrationskurs zugelassen werden:Ausl\u00e4nder, die keinen gesetzlichen Anspruch auf Teilnahme besitzen. Hierunter fallen auch Personen mit einer Aufenthaltsgestattung, wenn bei ihnen ein rechtm\u00e4\u00dfiger und dauerhafter Aufenthalt in Deutschland zu erwarten ist.<\/p>\n<p>Freiz\u00fcgigkeitsberechtigter Unionsb\u00fcrger. Deutsche Staatsangeh\u00f6rige, bei denen ein besonderer Integrationsbedarf vorliegt.<\/td>\n<\/tr>\n<\/tbody>\n<\/table>\n<p class=\"hide-if-no-js\">Weitere Informationen: (Bild anklicken) <a id=\"set-post-thumbnail\" class=\"thickbox\" href=\"http:\/\/kursnet-finden.arbeitsagentur.de\/kurs\/veranstaltungsDetail.do?seite=1&amp;elearn=true&amp;ue=25&amp;bz=Integrationskurs+f%C3%BCr+junge+erwachsene&amp;rg=ro&amp;us=J&amp;vg_id=30730887&amp;anzahlGesamt=9&amp;uo=6.7628%2349.3722&amp;doNext=vgdetail&amp;anzahlSeite=200&amp;gv=MB+02&amp;rs=Dillingen+saar&amp;gpBy=gbZiel&amp;ae=9&amp;out=gbZiel\"><img loading=\"lazy\" decoding=\"async\" class=\"attachment-266x266 \" src=\"http:\/\/kommunikation.gaertnerhkk.de\/wp-content\/uploads\/2016\/07\/Header-2a-gif-768x269.gif\" sizes=\"(max-width: 266px) 100vw, 266px\" srcset=\"http:\/\/kommunikation.gaertnerhkk.de\/wp-content\/uploads\/2016\/07\/Header-2a-gif-768x269.gif 768w, http:\/\/kommunikation.gaertnerhkk.de\/wp-content\/uploads\/2016\/07\/Header-2a-gif-300x105.gif 300w, http:\/\/kommunikation.gaertnerhkk.de\/wp-content\/uploads\/2016\/07\/Header-2a-gif-1024x358.gif 1024w\" alt=\"Header 2a gif\" width=\"430\" height=\"153\" \/><\/a><\/p>\n<p>&nbsp;<\/p>\n","protected":false},"excerpt":{"rendered":"Beginn: 26. September 2016 &#8211; BELEGT Einstufungstest: Nach Vereinbarung Unterrichtsform: Teilzeit, 15 bis 18.15 h \u2013 auch berufsbegleitend Zugang: : Folgende Personengruppen haben Zugang zu einer staatlich finanzierten Teilnahme am Integrationskurs: Ausl\u00e4nder, denen erstmals ein dauerhafter Aufenthaltstitel erteilt wird, haben einen gesetzlichen Anspruch auf Teilnahme am Integrationskurs. Sie erhalten eine Best\u00e4tigung \u00fcber die Teilnahmeberechtigung von ","protected":false},"author":1,"featured_media":0,"parent":0,"menu_order":0,"comment_status":"closed","ping_status":"closed","template":"","meta":{"footnotes":""},"class_list":["post-1517","page","type-page","status-publish","hentry"],"yoast_head":"<!-- This site is optimized with the Yoast SEO plugin v23.1 - https:\/\/yoast.com\/wordpress\/plugins\/seo\/ -->\n<title>Jugendintegrationskurs gef. durch BAMF - gaertner hkk<\/title>\n<meta name=\"robots\" content=\"index, follow, max-snippet:-1, max-image-preview:large, max-video-preview:-1\" \/>\n<link rel=\"canonical\" href=\"http:\/\/kommunikation.gaertnerhkk.de\/?page_id=1517\" \/>\n<meta property=\"og:locale\" content=\"de_DE\" \/>\n<meta property=\"og:type\" content=\"article\" \/>\n<meta property=\"og:title\" content=\"Jugendintegrationskurs gef. durch BAMF - gaertner hkk\" \/>\n<meta property=\"og:description\" content=\"Beginn: 26. September 2016 &#8211; BELEGT Einstufungstest: Nach Vereinbarung Unterrichtsform: Teilzeit, 15 bis 18.15 h \u2013 auch berufsbegleitend Zugang: : Folgende Personengruppen haben Zugang zu einer staatlich finanzierten Teilnahme am Integrationskurs: Ausl\u00e4nder, denen erstmals ein dauerhafter Aufenthaltstitel erteilt wird, haben einen gesetzlichen Anspruch auf Teilnahme am Integrationskurs. Sie erhalten eine Best\u00e4tigung \u00fcber die Teilnahmeberechtigung von\" \/>\n<meta property=\"og:url\" content=\"http:\/\/kommunikation.gaertnerhkk.de\/?page_id=1517\" \/>\n<meta property=\"og:site_name\" content=\"gaertner hkk\" \/>\n<meta property=\"article:publisher\" content=\"https:\/\/www.facebook.com\/gaertnerhkk.de\" \/>\n<meta property=\"og:image\" content=\"http:\/\/kommunikation.gaertnerhkk.de\/wp-content\/uploads\/2016\/07\/Fotolia_102295765_S-768x361.jpg\" \/>\n<meta name=\"twitter:card\" content=\"summary_large_image\" \/>\n<meta name=\"twitter:label1\" content=\"Gesch\u00e4tzte Lesezeit\" \/>\n\t<meta name=\"twitter:data1\" content=\"1 Minute\" \/>\n<script type=\"application\/ld+json\" class=\"yoast-schema-graph\">{\"@context\":\"https:\/\/schema.org\",\"@graph\":[{\"@type\":\"WebPage\",\"@id\":\"http:\/\/kommunikation.gaertnerhkk.de\/?page_id=1517\",\"url\":\"http:\/\/kommunikation.gaertnerhkk.de\/?page_id=1517\",\"name\":\"Jugendintegrationskurs gef. durch BAMF - gaertner hkk\",\"isPartOf\":{\"@id\":\"http:\/\/kommunikation.gaertnerhkk.de\/#website\"},\"primaryImageOfPage\":{\"@id\":\"http:\/\/kommunikation.gaertnerhkk.de\/?page_id=1517#primaryimage\"},\"image\":{\"@id\":\"http:\/\/kommunikation.gaertnerhkk.de\/?page_id=1517#primaryimage\"},\"thumbnailUrl\":\"http:\/\/kommunikation.gaertnerhkk.de\/wp-content\/uploads\/2016\/07\/Fotolia_102295765_S-768x361.jpg\",\"datePublished\":\"2016-10-26T11:34:37+00:00\",\"dateModified\":\"2016-10-26T11:34:37+00:00\",\"breadcrumb\":{\"@id\":\"http:\/\/kommunikation.gaertnerhkk.de\/?page_id=1517#breadcrumb\"},\"inLanguage\":\"de-DE\",\"potentialAction\":[{\"@type\":\"ReadAction\",\"target\":[\"http:\/\/kommunikation.gaertnerhkk.de\/?page_id=1517\"]}]},{\"@type\":\"ImageObject\",\"inLanguage\":\"de-DE\",\"@id\":\"http:\/\/kommunikation.gaertnerhkk.de\/?page_id=1517#primaryimage\",\"url\":\"http:\/\/kommunikation.gaertnerhkk.de\/wp-content\/uploads\/2016\/07\/Fotolia_102295765_S.jpg\",\"contentUrl\":\"http:\/\/kommunikation.gaertnerhkk.de\/wp-content\/uploads\/2016\/07\/Fotolia_102295765_S.jpg\",\"width\":1010,\"height\":475},{\"@type\":\"BreadcrumbList\",\"@id\":\"http:\/\/kommunikation.gaertnerhkk.de\/?page_id=1517#breadcrumb\",\"itemListElement\":[{\"@type\":\"ListItem\",\"position\":1,\"name\":\"Home\",\"item\":\"http:\/\/kommunikation.gaertnerhkk.de\/\"},{\"@type\":\"ListItem\",\"position\":2,\"name\":\"Jugendintegrationskurs gef. durch BAMF\"}]},{\"@type\":\"WebSite\",\"@id\":\"http:\/\/kommunikation.gaertnerhkk.de\/#website\",\"url\":\"http:\/\/kommunikation.gaertnerhkk.de\/\",\"name\":\"gaertner hkk\",\"description\":\"Bildungsmanufaktur\",\"potentialAction\":[{\"@type\":\"SearchAction\",\"target\":{\"@type\":\"EntryPoint\",\"urlTemplate\":\"http:\/\/kommunikation.gaertnerhkk.de\/?s={search_term_string}\"},\"query-input\":\"required name=search_term_string\"}],\"inLanguage\":\"de-DE\"}]}<\/script>\n<!-- \/ Yoast SEO plugin. -->","yoast_head_json":{"title":"Jugendintegrationskurs gef. durch BAMF - gaertner hkk","robots":{"index":"index","follow":"follow","max-snippet":"max-snippet:-1","max-image-preview":"max-image-preview:large","max-video-preview":"max-video-preview:-1"},"canonical":"http:\/\/kommunikation.gaertnerhkk.de\/?page_id=1517","og_locale":"de_DE","og_type":"article","og_title":"Jugendintegrationskurs gef. durch BAMF - gaertner hkk","og_description":"Beginn: 26. September 2016 &#8211; BELEGT Einstufungstest: Nach Vereinbarung Unterrichtsform: Teilzeit, 15 bis 18.15 h \u2013 auch berufsbegleitend Zugang: : Folgende Personengruppen haben Zugang zu einer staatlich finanzierten Teilnahme am Integrationskurs: Ausl\u00e4nder, denen erstmals ein dauerhafter Aufenthaltstitel erteilt wird, haben einen gesetzlichen Anspruch auf Teilnahme am Integrationskurs. Sie erhalten eine Best\u00e4tigung \u00fcber die Teilnahmeberechtigung von","og_url":"http:\/\/kommunikation.gaertnerhkk.de\/?page_id=1517","og_site_name":"gaertner hkk","article_publisher":"https:\/\/www.facebook.com\/gaertnerhkk.de","og_image":[{"url":"http:\/\/kommunikation.gaertnerhkk.de\/wp-content\/uploads\/2016\/07\/Fotolia_102295765_S-768x361.jpg"}],"twitter_card":"summary_large_image","twitter_misc":{"Gesch\u00e4tzte Lesezeit":"1 Minute"},"schema":{"@context":"https:\/\/schema.org","@graph":[{"@type":"WebPage","@id":"http:\/\/kommunikation.gaertnerhkk.de\/?page_id=1517","url":"http:\/\/kommunikation.gaertnerhkk.de\/?page_id=1517","name":"Jugendintegrationskurs gef. durch BAMF - gaertner hkk","isPartOf":{"@id":"http:\/\/kommunikation.gaertnerhkk.de\/#website"},"primaryImageOfPage":{"@id":"http:\/\/kommunikation.gaertnerhkk.de\/?page_id=1517#primaryimage"},"image":{"@id":"http:\/\/kommunikation.gaertnerhkk.de\/?page_id=1517#primaryimage"},"thumbnailUrl":"http:\/\/kommunikation.gaertnerhkk.de\/wp-content\/uploads\/2016\/07\/Fotolia_102295765_S-768x361.jpg","datePublished":"2016-10-26T11:34:37+00:00","dateModified":"2016-10-26T11:34:37+00:00","breadcrumb":{"@id":"http:\/\/kommunikation.gaertnerhkk.de\/?page_id=1517#breadcrumb"},"inLanguage":"de-DE","potentialAction":[{"@type":"ReadAction","target":["http:\/\/kommunikation.gaertnerhkk.de\/?page_id=1517"]}]},{"@type":"ImageObject","inLanguage":"de-DE","@id":"http:\/\/kommunikation.gaertnerhkk.de\/?page_id=1517#primaryimage","url":"http:\/\/kommunikation.gaertnerhkk.de\/wp-content\/uploads\/2016\/07\/Fotolia_102295765_S.jpg","contentUrl":"http:\/\/kommunikation.gaertnerhkk.de\/wp-content\/uploads\/2016\/07\/Fotolia_102295765_S.jpg","width":1010,"height":475},{"@type":"BreadcrumbList","@id":"http:\/\/kommunikation.gaertnerhkk.de\/?page_id=1517#breadcrumb","itemListElement":[{"@type":"ListItem","position":1,"name":"Home","item":"http:\/\/kommunikation.gaertnerhkk.de\/"},{"@type":"ListItem","position":2,"name":"Jugendintegrationskurs gef. durch BAMF"}]},{"@type":"WebSite","@id":"http:\/\/kommunikation.gaertnerhkk.de\/#website","url":"http:\/\/kommunikation.gaertnerhkk.de\/","name":"gaertner hkk","description":"Bildungsmanufaktur","potentialAction":[{"@type":"SearchAction","target":{"@type":"EntryPoint","urlTemplate":"http:\/\/kommunikation.gaertnerhkk.de\/?s={search_term_string}"},"query-input":"required name=search_term_string"}],"inLanguage":"de-DE"}]}},"_links":{"self":[{"href":"http:\/\/kommunikation.gaertnerhkk.de\/index.php?rest_route=\/wp\/v2\/pages\/1517"}],"collection":[{"href":"http:\/\/kommunikation.gaertnerhkk.de\/index.php?rest_route=\/wp\/v2\/pages"}],"about":[{"href":"http:\/\/kommunikation.gaertnerhkk.de\/index.php?rest_route=\/wp\/v2\/types\/page"}],"author":[{"embeddable":true,"href":"http:\/\/kommunikation.gaertnerhkk.de\/index.php?rest_route=\/wp\/v2\/users\/1"}],"replies":[{"embeddable":true,"href":"http:\/\/kommunikation.gaertnerhkk.de\/index.php?rest_route=%2Fwp%2Fv2%2Fcomments&post=1517"}],"version-history":[{"count":3,"href":"http:\/\/kommunikation.gaertnerhkk.de\/index.php?rest_route=\/wp\/v2\/pages\/1517\/revisions"}],"predecessor-version":[{"id":1622,"href":"http:\/\/kommunikation.gaertnerhkk.de\/index.php?rest_route=\/wp\/v2\/pages\/1517\/revisions\/1622"}],"wp:attachment":[{"href":"http:\/\/kommunikation.gaertnerhkk.de\/index.php?rest_route=%2Fwp%2Fv2%2Fmedia&parent=1517"}],"curies":[{"name":"wp","href":"https:\/\/api.w.org\/{rel}","templated":true}]}}

<p><strong>Beginn: 26. September 2016 &#8211; BELEGT</strong> <a id="set-post-thumbnail" class="thickbox" href="http://kommunikation.gaertnerhkk.de/wp-admin/media-upload.php?post_id=1480&amp;type=image&amp;TB_iframe=1"><img loading="lazy" decoding="async" class="attachment-266x266 alignright" src="http://kommunikation.gaertnerhkk.de/wp-content/uploads/2016/07/Fotolia_102295765_S-768x361.jpg" sizes="(max-width: 266px) 100vw, 266px" srcset="http://kommunikation.gaertnerhkk.de/wp-content/uploads/2016/07/Fotolia_102295765_S-768x361.jpg 768w, http://kommunikation.gaertnerhkk.de/wp-content/uploads/2016/07/Fotolia_102295765_S-300x141.jpg 300w, http://kommunikation.gaertnerhkk.de/wp-content/uploads/2016/07/Fotolia_102295765_S.jpg 1010w" alt="Arbeit für Flüchtlinge" width="367" height="199" /></a></p>
<p>Einstufungstest: Nach Vereinbarung</p>
<p>Unterrichtsform: <strong>Teilzeit, 15 bis 18.15 h </strong></p>
<p>– auch berufsbegleitend</p>
<p><strong>Zugang:</strong></p>
<table>
<tbody>
<tr>
<td>:</td>
<td id="Zugang">Folgende Personengruppen haben Zugang zu einer staatlich finanzierten Teilnahme am Integrationskurs:<br />
Ausländer, denen erstmals ein dauerhafter Aufenthaltstitel erteilt wird, haben einen gesetzlichen Anspruch auf Teilnahme am Integrationskurs. Sie erhalten eine Bestätigung über die Teilnahmeberechtigung von der Ausländerbehörde, die den Aufenthaltstitel erteilt hat. Sofern keine einfachen bzw. in bestimmten Fällen keine ausreichenden deutschen Sprachkenntnisse vorliegen, spricht die Ausländerbehörde für diese Personen zusätzlich eine Verpflichtung zur Kursteilnahme aus.Bereits länger in Deutschland lebende Ausländer können von der Ausländerbehörde zur Kursteilnahme verpflichtet werden, wenn sie besonders integrationsbedürftig sind.<br />
•Ausländer, die Leistungen nach dem Zweiten Buch Sozialgesetzbuch (Arbeitslosengeld II) beziehen, können vom Träger der Grundsicherung für Arbeitssuchende zur Kursteilnehme verpflichtet werden.Spätaussiedler und ihre Familienangehörige haben einen gesetzlichen Anspruch auf Teilnahme am Integrationskurs. Sie erhalten vom Bundesverwaltungsamt eine Bestätigung über die Teilnahmeberechtigung.Darüber hinaus können folgende Personen auf Antrag durch das Bundesamt für Migration und Flüchtlinge im Rahmen verfügbarer Kursplätze zur Teilnahme am Integrationskurs zugelassen werden:Ausländer, die keinen gesetzlichen Anspruch auf Teilnahme besitzen. Hierunter fallen auch Personen mit einer Aufenthaltsgestattung, wenn bei ihnen ein rechtmäßiger und dauerhafter Aufenthalt in Deutschland zu erwarten ist.</p>
<p>Freizügigkeitsberechtigter Unionsbürger. Deutsche Staatsangehörige, bei denen ein besonderer Integrationsbedarf vorliegt.</td>
</tr>
</tbody>
</table>
<p class="hide-if-no-js">Weitere Informationen: (Bild anklicken) <a id="set-post-thumbnail" class="thickbox" href="http://kursnet-finden.arbeitsagentur.de/kurs/veranstaltungsDetail.do?seite=1&amp;elearn=true&amp;ue=25&amp;bz=Integrationskurs+f%C3%BCr+junge+erwachsene&amp;rg=ro&amp;us=J&amp;vg_id=30730887&amp;anzahlGesamt=9&amp;uo=6.7628%2349.3722&amp;doNext=vgdetail&amp;anzahlSeite=200&amp;gv=MB+02&amp;rs=Dillingen+saar&amp;gpBy=gbZiel&amp;ae=9&amp;out=gbZiel"><img loading="lazy" decoding="async" class="attachment-266x266 " src="http://kommunikation.gaertnerhkk.de/wp-content/uploads/2016/07/Header-2a-gif-768x269.gif" sizes="(max-width: 266px) 100vw, 266px" srcset="http://kommunikation.gaertnerhkk.de/wp-content/uploads/2016/07/Header-2a-gif-768x269.gif 768w, http://kommunikation.gaertnerhkk.de/wp-content/uploads/2016/07/Header-2a-gif-300x105.gif 300w, http://kommunikation.gaertnerhkk.de/wp-content/uploads/2016/07/Header-2a-gif-1024x358.gif 1024w" alt="Header 2a gif" width="430" height="153" /></a></p>
<p>&nbsp;</p>

Beginn: 26. September 2016 &#8211; BELEGT Einstufungstest: Nach Vereinbarung Unterrichtsform: Teilzeit, 15 bis 18.15 h – auch berufsbegleitend Zugang: : Folgende Personengruppen haben Zugang zu einer staatlich finanzierten Teilnahme am Integrationskurs: Ausländer, denen erstmals ein dauerhafter Aufenthaltstitel erteilt wird, haben einen gesetzlichen Anspruch auf Teilnahme am Integrationskurs. Sie erhalten eine Bestätigung über die Teilnahmeberechtigung von

<!-- This site is optimized with the Yoast SEO plugin v23.1 - https://yoast.com/wordpress/plugins/seo/ -->
<title>Jugendintegrationskurs gef. durch BAMF - gaertner hkk</title>
<meta name="robots" content="index, follow, max-snippet:-1, max-image-preview:large, max-video-preview:-1" />
<link rel="canonical" href="http://kommunikation.gaertnerhkk.de/?page_id=1517" />
<meta property="og:locale" content="de_DE" />
<meta property="og:type" content="article" />
<meta property="og:title" content="Jugendintegrationskurs gef. durch BAMF - gaertner hkk" />
<meta property="og:description" content="Beginn: 26. September 2016 &#8211; BELEGT Einstufungstest: Nach Vereinbarung Unterrichtsform: Teilzeit, 15 bis 18.15 h – auch berufsbegleitend Zugang: : Folgende Personengruppen haben Zugang zu einer staatlich finanzierten Teilnahme am Integrationskurs: Ausländer, denen erstmals ein dauerhafter Aufenthaltstitel erteilt wird, haben einen gesetzlichen Anspruch auf Teilnahme am Integrationskurs. Sie erhalten eine Bestätigung über die Teilnahmeberechtigung von" />
<meta property="og:url" content="http://kommunikation.gaertnerhkk.de/?page_id=1517" />
<meta property="og:site_name" content="gaertner hkk" />
<meta property="article:publisher" content="https://www.facebook.com/gaertnerhkk.de" />
<meta property="og:image" content="http://kommunikation.gaertnerhkk.de/wp-content/uploads/2016/07/Fotolia_102295765_S-768x361.jpg" />
<meta name="twitter:card" content="summary_large_image" />
<meta name="twitter:label1" content="Geschätzte Lesezeit" />
	<meta name="twitter:data1" content="1 Minute" />
<script type="application/ld+json" class="yoast-schema-graph">{"@context":"https://schema.org","@graph":[{"@type":"WebPage","@id":"http://kommunikation.gaertnerhkk.de/?page_id=1517","url":"http://kommunikation.gaertnerhkk.de/?page_id=1517","name":"Jugendintegrationskurs gef. durch BAMF - gaertner hkk","isPartOf":{"@id":"http://kommunikation.gaertnerhkk.de/#website"},"primaryImageOfPage":{"@id":"http://kommunikation.gaertnerhkk.de/?page_id=1517#primaryimage"},"image":{"@id":"http://kommunikation.gaertnerhkk.de/?page_id=1517#primaryimage"},"thumbnailUrl":"http://kommunikation.gaertnerhkk.de/wp-content/uploads/2016/07/Fotolia_102295765_S-768x361.jpg","datePublished":"2016-10-26T11:34:37+00:00","dateModified":"2016-10-26T11:34:37+00:00","breadcrumb":{"@id":"http://kommunikation.gaertnerhkk.de/?page_id=1517#breadcrumb"},"inLanguage":"de-DE","potentialAction":[{"@type":"ReadAction","target":["http://kommunikation.gaertnerhkk.de/?page_id=1517"]}]},{"@type":"ImageObject","inLanguage":"de-DE","@id":"http://kommunikation.gaertnerhkk.de/?page_id=1517#primaryimage","url":"http://kommunikation.gaertnerhkk.de/wp-content/uploads/2016/07/Fotolia_102295765_S.jpg","contentUrl":"http://kommunikation.gaertnerhkk.de/wp-content/uploads/2016/07/Fotolia_102295765_S.jpg","width":1010,"height":475},{"@type":"BreadcrumbList","@id":"http://kommunikation.gaertnerhkk.de/?page_id=1517#breadcrumb","itemListElement":[{"@type":"ListItem","position":1,"name":"Home","item":"http://kommunikation.gaertnerhkk.de/"},{"@type":"ListItem","position":2,"name":"Jugendintegrationskurs gef. durch BAMF"}]},{"@type":"WebSite","@id":"http://kommunikation.gaertnerhkk.de/#website","url":"http://kommunikation.gaertnerhkk.de/","name":"gaertner hkk","description":"Bildungsmanufaktur","potentialAction":[{"@type":"SearchAction","target":{"@type":"EntryPoint","urlTemplate":"http://kommunikation.gaertnerhkk.de/?s={search_term_string}"},"query-input":"required name=search_term_string"}],"inLanguage":"de-DE"}]}</script>
<!-- / Yoast SEO plugin. -->
