{"id":1522,"date":"2016-10-26T11:36:58","date_gmt":"2016-10-26T11:36:58","guid":{"rendered":"http:\/\/kommunikation.gaertnerhkk.de\/?page_id=1522"},"modified":"2016-10-26T11:36:58","modified_gmt":"2016-10-26T11:36:58","slug":"deutsch-lernen-integrationskurse","status":"publish","type":"page","link":"http:\/\/kommunikation.gaertnerhkk.de\/?page_id=1522","title":{"rendered":"Deutsch lernen &#8211; Integrationskurse"},"content":{"rendered":"<p>Asylbewerber\u00a0und andere Personengruppen mit jeweils guter Bleibeperspektive k\u00f6nnen gem. \u00a7 44 Abs. 4 S. 2 Nr. 1-3 AufenthG im Rahmen verf\u00fcgbarer Kurspl\u00e4tze zum Integrationskurs zugelassen werden.<\/p>\n<p>Hiernach k\u00f6nnen<\/p>\n<ul>\n<li>Ausl\u00e4nder, die eine Aufenthaltsgestattung gem. \u00a7 55 Abs. 1 AsylG besitzen und bei denen ein rechtm\u00e4\u00dfiger und dauerhafter Aufenthalt zu erwarten ist,<\/li>\n<\/ul>\n<ul>\n<li>Ausl\u00e4nder, die eine Duldung gem. \u00a7 60 a Abs. 2 S. 3 AufenthG besitzen und<\/li>\n<\/ul>\n<ul>\n<li>Ausl\u00e4nder, die eine Aufenthaltserlaubnis gem. \u00a7 25 Abs. 5 AufenthG besitzen<\/li>\n<\/ul>\n<p>einen Antrag auf Zulassung zum Integrationskurs bei der Zentrale des BAMF stellen.<\/p>\n","protected":false},"excerpt":{"rendered":"Asylbewerber\u00a0und andere Personengruppen mit jeweils guter Bleibeperspektive k\u00f6nnen gem. \u00a7 44 Abs. 4 S. 2 Nr. 1-3 AufenthG im Rahmen verf\u00fcgbarer Kurspl\u00e4tze zum Integrationskurs zugelassen werden. Hiernach k\u00f6nnen Ausl\u00e4nder, die eine Aufenthaltsgestattung gem. \u00a7 55 Abs. 1 AsylG besitzen und bei denen ein rechtm\u00e4\u00dfiger und dauerhafter Aufenthalt zu erwarten ist, Ausl\u00e4nder, die eine Duldung gem. ","protected":false},"author":1,"featured_media":0,"parent":0,"menu_order":0,"comment_status":"closed","ping_status":"closed","template":"","meta":{"footnotes":""},"class_list":["post-1522","page","type-page","status-publish","hentry"],"yoast_head":"<!-- This site is optimized with the Yoast SEO plugin v23.1 - https:\/\/yoast.com\/wordpress\/plugins\/seo\/ -->\n<title>Deutsch lernen - Integrationskurse - gaertner hkk<\/title>\n<meta name=\"robots\" content=\"index, follow, max-snippet:-1, max-image-preview:large, max-video-preview:-1\" \/>\n<link rel=\"canonical\" href=\"http:\/\/kommunikation.gaertnerhkk.de\/?page_id=1522\" \/>\n<meta property=\"og:locale\" content=\"de_DE\" \/>\n<meta property=\"og:type\" content=\"article\" \/>\n<meta property=\"og:title\" content=\"Deutsch lernen - Integrationskurse - gaertner hkk\" \/>\n<meta property=\"og:description\" content=\"Asylbewerber\u00a0und andere Personengruppen mit jeweils guter Bleibeperspektive k\u00f6nnen gem. \u00a7 44 Abs. 4 S. 2 Nr. 1-3 AufenthG im Rahmen verf\u00fcgbarer Kurspl\u00e4tze zum Integrationskurs zugelassen werden. Hiernach k\u00f6nnen Ausl\u00e4nder, die eine Aufenthaltsgestattung gem. \u00a7 55 Abs. 1 AsylG besitzen und bei denen ein rechtm\u00e4\u00dfiger und dauerhafter Aufenthalt zu erwarten ist, Ausl\u00e4nder, die eine Duldung gem.\" \/>\n<meta property=\"og:url\" content=\"http:\/\/kommunikation.gaertnerhkk.de\/?page_id=1522\" \/>\n<meta property=\"og:site_name\" content=\"gaertner hkk\" \/>\n<meta property=\"article:publisher\" content=\"https:\/\/www.facebook.com\/gaertnerhkk.de\" \/>\n<meta name=\"twitter:card\" content=\"summary_large_image\" \/>\n<script type=\"application\/ld+json\" class=\"yoast-schema-graph\">{\"@context\":\"https:\/\/schema.org\",\"@graph\":[{\"@type\":\"WebPage\",\"@id\":\"http:\/\/kommunikation.gaertnerhkk.de\/?page_id=1522\",\"url\":\"http:\/\/kommunikation.gaertnerhkk.de\/?page_id=1522\",\"name\":\"Deutsch lernen - Integrationskurse - gaertner hkk\",\"isPartOf\":{\"@id\":\"http:\/\/kommunikation.gaertnerhkk.de\/#website\"},\"datePublished\":\"2016-10-26T11:36:58+00:00\",\"dateModified\":\"2016-10-26T11:36:58+00:00\",\"breadcrumb\":{\"@id\":\"http:\/\/kommunikation.gaertnerhkk.de\/?page_id=1522#breadcrumb\"},\"inLanguage\":\"de-DE\",\"potentialAction\":[{\"@type\":\"ReadAction\",\"target\":[\"http:\/\/kommunikation.gaertnerhkk.de\/?page_id=1522\"]}]},{\"@type\":\"BreadcrumbList\",\"@id\":\"http:\/\/kommunikation.gaertnerhkk.de\/?page_id=1522#breadcrumb\",\"itemListElement\":[{\"@type\":\"ListItem\",\"position\":1,\"name\":\"Home\",\"item\":\"http:\/\/kommunikation.gaertnerhkk.de\/\"},{\"@type\":\"ListItem\",\"position\":2,\"name\":\"Deutsch lernen &#8211; Integrationskurse\"}]},{\"@type\":\"WebSite\",\"@id\":\"http:\/\/kommunikation.gaertnerhkk.de\/#website\",\"url\":\"http:\/\/kommunikation.gaertnerhkk.de\/\",\"name\":\"gaertner hkk\",\"description\":\"Bildungsmanufaktur\",\"potentialAction\":[{\"@type\":\"SearchAction\",\"target\":{\"@type\":\"EntryPoint\",\"urlTemplate\":\"http:\/\/kommunikation.gaertnerhkk.de\/?s={search_term_string}\"},\"query-input\":\"required name=search_term_string\"}],\"inLanguage\":\"de-DE\"}]}<\/script>\n<!-- \/ Yoast SEO plugin. -->","yoast_head_json":{"title":"Deutsch lernen - Integrationskurse - gaertner hkk","robots":{"index":"index","follow":"follow","max-snippet":"max-snippet:-1","max-image-preview":"max-image-preview:large","max-video-preview":"max-video-preview:-1"},"canonical":"http:\/\/kommunikation.gaertnerhkk.de\/?page_id=1522","og_locale":"de_DE","og_type":"article","og_title":"Deutsch lernen - Integrationskurse - gaertner hkk","og_description":"Asylbewerber\u00a0und andere Personengruppen mit jeweils guter Bleibeperspektive k\u00f6nnen gem. \u00a7 44 Abs. 4 S. 2 Nr. 1-3 AufenthG im Rahmen verf\u00fcgbarer Kurspl\u00e4tze zum Integrationskurs zugelassen werden. Hiernach k\u00f6nnen Ausl\u00e4nder, die eine Aufenthaltsgestattung gem. \u00a7 55 Abs. 1 AsylG besitzen und bei denen ein rechtm\u00e4\u00dfiger und dauerhafter Aufenthalt zu erwarten ist, Ausl\u00e4nder, die eine Duldung gem.","og_url":"http:\/\/kommunikation.gaertnerhkk.de\/?page_id=1522","og_site_name":"gaertner hkk","article_publisher":"https:\/\/www.facebook.com\/gaertnerhkk.de","twitter_card":"summary_large_image","schema":{"@context":"https:\/\/schema.org","@graph":[{"@type":"WebPage","@id":"http:\/\/kommunikation.gaertnerhkk.de\/?page_id=1522","url":"http:\/\/kommunikation.gaertnerhkk.de\/?page_id=1522","name":"Deutsch lernen - Integrationskurse - gaertner hkk","isPartOf":{"@id":"http:\/\/kommunikation.gaertnerhkk.de\/#website"},"datePublished":"2016-10-26T11:36:58+00:00","dateModified":"2016-10-26T11:36:58+00:00","breadcrumb":{"@id":"http:\/\/kommunikation.gaertnerhkk.de\/?page_id=1522#breadcrumb"},"inLanguage":"de-DE","potentialAction":[{"@type":"ReadAction","target":["http:\/\/kommunikation.gaertnerhkk.de\/?page_id=1522"]}]},{"@type":"BreadcrumbList","@id":"http:\/\/kommunikation.gaertnerhkk.de\/?page_id=1522#breadcrumb","itemListElement":[{"@type":"ListItem","position":1,"name":"Home","item":"http:\/\/kommunikation.gaertnerhkk.de\/"},{"@type":"ListItem","position":2,"name":"Deutsch lernen &#8211; Integrationskurse"}]},{"@type":"WebSite","@id":"http:\/\/kommunikation.gaertnerhkk.de\/#website","url":"http:\/\/kommunikation.gaertnerhkk.de\/","name":"gaertner hkk","description":"Bildungsmanufaktur","potentialAction":[{"@type":"SearchAction","target":{"@type":"EntryPoint","urlTemplate":"http:\/\/kommunikation.gaertnerhkk.de\/?s={search_term_string}"},"query-input":"required name=search_term_string"}],"inLanguage":"de-DE"}]}},"_links":{"self":[{"href":"http:\/\/kommunikation.gaertnerhkk.de\/index.php?rest_route=\/wp\/v2\/pages\/1522"}],"collection":[{"href":"http:\/\/kommunikation.gaertnerhkk.de\/index.php?rest_route=\/wp\/v2\/pages"}],"about":[{"href":"http:\/\/kommunikation.gaertnerhkk.de\/index.php?rest_route=\/wp\/v2\/types\/page"}],"author":[{"embeddable":true,"href":"http:\/\/kommunikation.gaertnerhkk.de\/index.php?rest_route=\/wp\/v2\/users\/1"}],"replies":[{"embeddable":true,"href":"http:\/\/kommunikation.gaertnerhkk.de\/index.php?rest_route=%2Fwp%2Fv2%2Fcomments&post=1522"}],"version-history":[{"count":2,"href":"http:\/\/kommunikation.gaertnerhkk.de\/index.php?rest_route=\/wp\/v2\/pages\/1522\/revisions"}],"predecessor-version":[{"id":1998,"href":"http:\/\/kommunikation.gaertnerhkk.de\/index.php?rest_route=\/wp\/v2\/pages\/1522\/revisions\/1998"}],"wp:attachment":[{"href":"http:\/\/kommunikation.gaertnerhkk.de\/index.php?rest_route=%2Fwp%2Fv2%2Fmedia&parent=1522"}],"curies":[{"name":"wp","href":"https:\/\/api.w.org\/{rel}","templated":true}]}}

<p>Asylbewerber und andere Personengruppen mit jeweils guter Bleibeperspektive können gem. § 44 Abs. 4 S. 2 Nr. 1-3 AufenthG im Rahmen verfügbarer Kursplätze zum Integrationskurs zugelassen werden.</p>
<p>Hiernach können</p>
<ul>
<li>Ausländer, die eine Aufenthaltsgestattung gem. § 55 Abs. 1 AsylG besitzen und bei denen ein rechtmäßiger und dauerhafter Aufenthalt zu erwarten ist,</li>
</ul>
<ul>
<li>Ausländer, die eine Duldung gem. § 60 a Abs. 2 S. 3 AufenthG besitzen und</li>
</ul>
<ul>
<li>Ausländer, die eine Aufenthaltserlaubnis gem. § 25 Abs. 5 AufenthG besitzen</li>
</ul>
<p>einen Antrag auf Zulassung zum Integrationskurs bei der Zentrale des BAMF stellen.</p>

Asylbewerber und andere Personengruppen mit jeweils guter Bleibeperspektive können gem. § 44 Abs. 4 S. 2 Nr. 1-3 AufenthG im Rahmen verfügbarer Kursplätze zum Integrationskurs zugelassen werden. Hiernach können Ausländer, die eine Aufenthaltsgestattung gem. § 55 Abs. 1 AsylG besitzen und bei denen ein rechtmäßiger und dauerhafter Aufenthalt zu erwarten ist, Ausländer, die eine Duldung gem.

<!-- This site is optimized with the Yoast SEO plugin v23.1 - https://yoast.com/wordpress/plugins/seo/ -->
<title>Deutsch lernen - Integrationskurse - gaertner hkk</title>
<meta name="robots" content="index, follow, max-snippet:-1, max-image-preview:large, max-video-preview:-1" />
<link rel="canonical" href="http://kommunikation.gaertnerhkk.de/?page_id=1522" />
<meta property="og:locale" content="de_DE" />
<meta property="og:type" content="article" />
<meta property="og:title" content="Deutsch lernen - Integrationskurse - gaertner hkk" />
<meta property="og:description" content="Asylbewerber und andere Personengruppen mit jeweils guter Bleibeperspektive können gem. § 44 Abs. 4 S. 2 Nr. 1-3 AufenthG im Rahmen verfügbarer Kursplätze zum Integrationskurs zugelassen werden. Hiernach können Ausländer, die eine Aufenthaltsgestattung gem. § 55 Abs. 1 AsylG besitzen und bei denen ein rechtmäßiger und dauerhafter Aufenthalt zu erwarten ist, Ausländer, die eine Duldung gem." />
<meta property="og:url" content="http://kommunikation.gaertnerhkk.de/?page_id=1522" />
<meta property="og:site_name" content="gaertner hkk" />
<meta property="article:publisher" content="https://www.facebook.com/gaertnerhkk.de" />
<meta name="twitter:card" content="summary_large_image" />
<script type="application/ld+json" class="yoast-schema-graph">{"@context":"https://schema.org","@graph":[{"@type":"WebPage","@id":"http://kommunikation.gaertnerhkk.de/?page_id=1522","url":"http://kommunikation.gaertnerhkk.de/?page_id=1522","name":"Deutsch lernen - Integrationskurse - gaertner hkk","isPartOf":{"@id":"http://kommunikation.gaertnerhkk.de/#website"},"datePublished":"2016-10-26T11:36:58+00:00","dateModified":"2016-10-26T11:36:58+00:00","breadcrumb":{"@id":"http://kommunikation.gaertnerhkk.de/?page_id=1522#breadcrumb"},"inLanguage":"de-DE","potentialAction":[{"@type":"ReadAction","target":["http://kommunikation.gaertnerhkk.de/?page_id=1522"]}]},{"@type":"BreadcrumbList","@id":"http://kommunikation.gaertnerhkk.de/?page_id=1522#breadcrumb","itemListElement":[{"@type":"ListItem","position":1,"name":"Home","item":"http://kommunikation.gaertnerhkk.de/"},{"@type":"ListItem","position":2,"name":"Deutsch lernen &#8211; Integrationskurse"}]},{"@type":"WebSite","@id":"http://kommunikation.gaertnerhkk.de/#website","url":"http://kommunikation.gaertnerhkk.de/","name":"gaertner hkk","description":"Bildungsmanufaktur","potentialAction":[{"@type":"SearchAction","target":{"@type":"EntryPoint","urlTemplate":"http://kommunikation.gaertnerhkk.de/?s={search_term_string}"},"query-input":"required name=search_term_string"}],"inLanguage":"de-DE"}]}</script>
<!-- / Yoast SEO plugin. -->
