{"id":1528,"date":"2016-10-26T11:43:00","date_gmt":"2016-10-26T11:43:00","guid":{"rendered":"http:\/\/kommunikation.gaertnerhkk.de\/?page_id=1528"},"modified":"2016-10-26T11:43:00","modified_gmt":"2016-10-26T11:43:00","slug":"berufsbezogenen-sprachfoerderung-gem-%c2%a7-45a","status":"publish","type":"page","link":"http:\/\/kommunikation.gaertnerhkk.de\/?page_id=1528","title":{"rendered":"Berufsbezogenen Sprachf\u00f6rderung gem. \u00a7 45a"},"content":{"rendered":"<h2 class=\"isFirstInSlot\">\u00dcberblick zur berufsbezogenen Sprachf\u00f6rderung gem. \u00a7 45a<\/h2>\n<p>&nbsp;<\/p>\n<h3>Wer kann teilnehmen?<\/h3>\n<ul>\n<li>Sie m\u00fcssen arbeitssuchend gemeldet sein und\/oder beziehen in der Regel Leistungen nach <abbr title=\"Sozialgesetzbuch\">SGB<\/abbr> II (Hartz IV) oder <abbr title=\"Sozialgesetzbuch\">SGB<\/abbr> III (Arbeitslosengeld); Sie suchen eine Ausbildungsstelle, befinden sich bereits in der Ausbildung oder Sie durchlaufen gerade das Anerkennungsverfahren f\u00fcr Ihren Berufs- <abbr title=\"beziehungsweise\">bzw.<\/abbr> Ausbildungsabschluss.<\/li>\n<\/ul>\n<ul>\n<li>Sie haben einen <a class=\"RichTextGlossarLink GlossarEntry\" title=\"Verlinkung zu dem Glossarbegriff (\u00d6ffnet neues Fenster)\" href=\"http:\/\/www.bamf.de\/SharedDocs\/Glossareintraege\/DE\/M\/migrationshintergrund.html?view=renderHelp[CatalogHelp]&amp;nn=7900372\" target=\"_blank\">Migrationshintergrund<\/a> und einen Bedarf an sprachlicher Weiterqualifizierung. <acronym title=\"Deutschland\">D<\/acronym>.h. Sie geh\u00f6ren zu einer der folgenden Gruppen:<\/li>\n<\/ul>\n<ol>\n<li>Zugewanderte, einschlie\u00dflich der Gefl\u00fcchteten, die sich im Anerkennungsverfahren befinden und eine gute Bleibeperspektive haben (letzteres gilt zur Zeit f\u00fcr die f\u00fcnf Herkunftsl\u00e4nder Syrien, Iran, Irak, Eritrea und Somalia). Ausgeschlossen sind Fl\u00fcchtlinge aus sicheren Herkunftsl\u00e4ndern.<\/li>\n<li>B\u00fcrgerinnen und B\u00fcrger der <abbr title=\"Europ\u00e4ische Union\">EU<\/abbr>,<\/li>\n<li>Deutsche mit <a class=\"RichTextGlossarLink GlossarEntry\" title=\"Verlinkung zu dem Glossarbegriff (\u00d6ffnet neues Fenster)\" href=\"http:\/\/www.bamf.de\/SharedDocs\/Glossareintraege\/DE\/M\/migrationshintergrund.html?view=renderHelp[CatalogHelp]&amp;nn=7900372\" target=\"_blank\">Migrationshintergrund<\/a>.<\/li>\n<\/ol>\n<ul>\n<li>Sie haben bereits einen <a class=\"RichTextGlossarLink GlossarEntry\" title=\"Verlinkung zu dem Glossarbegriff (\u00d6ffnet neues Fenster)\" href=\"http:\/\/www.bamf.de\/SharedDocs\/Glossareintraege\/DE\/I\/integrationskurs.html?view=renderHelp[CatalogHelp]&amp;nn=7900372\" target=\"_blank\">Integrationskurs<\/a> absolviert und\/oder sprechen bereits Deutsch auf <a class=\"RichTextGlossarLink GlossarEntry\" title=\"Verlinkung zu dem Glossarbegriff (\u00d6ffnet neues Fenster)\" href=\"http:\/\/www.bamf.de\/SharedDocs\/Glossareintraege\/DE\/S\/sprachniveau.html?view=renderHelp[CatalogHelp]&amp;nn=7900372\" target=\"_blank\">B1<\/a>, B2 oder C1 Niveau nach dem Gemeinsamen Europ\u00e4ischen Referenzrahmen (GER).<\/li>\n<\/ul>\n<p>Wer an den Modulen der nationalen berufsbezogenen Deutschsprachf\u00f6rderung teilnimmt, entscheiden die Arbeitsagenturen und Jobcenter. Wenden Sie sich hier an Ihre Beraterin oder Ihren Berater.<\/p>\n<p>Wenn Sie sich in einem Besch\u00e4ftigungsverh\u00e4ltnis befinden und arbeitsuchend gemeldet sind, k\u00f6nnen Sie an Spezialmodulen der nationalen berufsbezogenen Sprachf\u00f6rderung teilnehmen, sofern Sie noch keine ausreichenden Sprachkenntnisse besitzen, um den (zuk\u00fcnftigen) Arbeitsalltag zu meistern. Es besteht f\u00fcr Sie ein Kostenbeitrag von 50% pro Unterrichtseinheit. Die Zahlung des Kostenbeitrags kann auch durch den Arbeitgeber erfolgen.<\/p>\n<div class=\"hintBox\">\n<div class=\"achtung\">\n<h3><span class=\"aural\">Quelle: BAMF<br \/>\n<\/span><\/h3>\n<p><a href=\"http:\/\/www.bamf.de\/DE\/Willkommen\/DeutschLernen\/DeutschBeruf\/Bundesprogramm-45a\/bundesprogramm-45a-node.html\">Weitere Informationen:<\/a><\/p>\n<\/div>\n<\/div>\n","protected":false},"excerpt":{"rendered":"\u00dcberblick zur berufsbezogenen Sprachf\u00f6rderung gem. \u00a7 45a &nbsp; Wer kann teilnehmen? Sie m\u00fcssen arbeitssuchend gemeldet sein und\/oder beziehen in der Regel Leistungen nach SGB II (Hartz IV) oder SGB III (Arbeitslosengeld); Sie suchen eine Ausbildungsstelle, befinden sich bereits in der Ausbildung oder Sie durchlaufen gerade das Anerkennungsverfahren f\u00fcr Ihren Berufs- bzw. Ausbildungsabschluss. Sie haben einen ","protected":false},"author":1,"featured_media":0,"parent":0,"menu_order":0,"comment_status":"closed","ping_status":"closed","template":"","meta":{"footnotes":""},"class_list":["post-1528","page","type-page","status-publish","hentry"],"yoast_head":"<!-- This site is optimized with the Yoast SEO plugin v23.1 - https:\/\/yoast.com\/wordpress\/plugins\/seo\/ -->\n<title>Berufsbezogenen Sprachf\u00f6rderung gem. \u00a7 45a - gaertner hkk<\/title>\n<meta name=\"robots\" content=\"index, follow, max-snippet:-1, max-image-preview:large, max-video-preview:-1\" \/>\n<link rel=\"canonical\" href=\"http:\/\/kommunikation.gaertnerhkk.de\/?page_id=1528\" \/>\n<meta property=\"og:locale\" content=\"de_DE\" \/>\n<meta property=\"og:type\" content=\"article\" \/>\n<meta property=\"og:title\" content=\"Berufsbezogenen Sprachf\u00f6rderung gem. \u00a7 45a - gaertner hkk\" \/>\n<meta property=\"og:description\" content=\"\u00dcberblick zur berufsbezogenen Sprachf\u00f6rderung gem. \u00a7 45a &nbsp; Wer kann teilnehmen? Sie m\u00fcssen arbeitssuchend gemeldet sein und\/oder beziehen in der Regel Leistungen nach SGB II (Hartz IV) oder SGB III (Arbeitslosengeld); Sie suchen eine Ausbildungsstelle, befinden sich bereits in der Ausbildung oder Sie durchlaufen gerade das Anerkennungsverfahren f\u00fcr Ihren Berufs- bzw. Ausbildungsabschluss. Sie haben einen\" \/>\n<meta property=\"og:url\" content=\"http:\/\/kommunikation.gaertnerhkk.de\/?page_id=1528\" \/>\n<meta property=\"og:site_name\" content=\"gaertner hkk\" \/>\n<meta property=\"article:publisher\" content=\"https:\/\/www.facebook.com\/gaertnerhkk.de\" \/>\n<meta name=\"twitter:card\" content=\"summary_large_image\" \/>\n<meta name=\"twitter:label1\" content=\"Gesch\u00e4tzte Lesezeit\" \/>\n\t<meta name=\"twitter:data1\" content=\"1 Minute\" \/>\n<script type=\"application\/ld+json\" class=\"yoast-schema-graph\">{\"@context\":\"https:\/\/schema.org\",\"@graph\":[{\"@type\":\"WebPage\",\"@id\":\"http:\/\/kommunikation.gaertnerhkk.de\/?page_id=1528\",\"url\":\"http:\/\/kommunikation.gaertnerhkk.de\/?page_id=1528\",\"name\":\"Berufsbezogenen Sprachf\u00f6rderung gem. \u00a7 45a - gaertner hkk\",\"isPartOf\":{\"@id\":\"http:\/\/kommunikation.gaertnerhkk.de\/#website\"},\"datePublished\":\"2016-10-26T11:43:00+00:00\",\"dateModified\":\"2016-10-26T11:43:00+00:00\",\"breadcrumb\":{\"@id\":\"http:\/\/kommunikation.gaertnerhkk.de\/?page_id=1528#breadcrumb\"},\"inLanguage\":\"de-DE\",\"potentialAction\":[{\"@type\":\"ReadAction\",\"target\":[\"http:\/\/kommunikation.gaertnerhkk.de\/?page_id=1528\"]}]},{\"@type\":\"BreadcrumbList\",\"@id\":\"http:\/\/kommunikation.gaertnerhkk.de\/?page_id=1528#breadcrumb\",\"itemListElement\":[{\"@type\":\"ListItem\",\"position\":1,\"name\":\"Home\",\"item\":\"http:\/\/kommunikation.gaertnerhkk.de\/\"},{\"@type\":\"ListItem\",\"position\":2,\"name\":\"Berufsbezogenen Sprachf\u00f6rderung gem. \u00a7 45a\"}]},{\"@type\":\"WebSite\",\"@id\":\"http:\/\/kommunikation.gaertnerhkk.de\/#website\",\"url\":\"http:\/\/kommunikation.gaertnerhkk.de\/\",\"name\":\"gaertner hkk\",\"description\":\"Bildungsmanufaktur\",\"potentialAction\":[{\"@type\":\"SearchAction\",\"target\":{\"@type\":\"EntryPoint\",\"urlTemplate\":\"http:\/\/kommunikation.gaertnerhkk.de\/?s={search_term_string}\"},\"query-input\":\"required name=search_term_string\"}],\"inLanguage\":\"de-DE\"}]}<\/script>\n<!-- \/ Yoast SEO plugin. -->","yoast_head_json":{"title":"Berufsbezogenen Sprachf\u00f6rderung gem. \u00a7 45a - gaertner hkk","robots":{"index":"index","follow":"follow","max-snippet":"max-snippet:-1","max-image-preview":"max-image-preview:large","max-video-preview":"max-video-preview:-1"},"canonical":"http:\/\/kommunikation.gaertnerhkk.de\/?page_id=1528","og_locale":"de_DE","og_type":"article","og_title":"Berufsbezogenen Sprachf\u00f6rderung gem. \u00a7 45a - gaertner hkk","og_description":"\u00dcberblick zur berufsbezogenen Sprachf\u00f6rderung gem. \u00a7 45a &nbsp; Wer kann teilnehmen? Sie m\u00fcssen arbeitssuchend gemeldet sein und\/oder beziehen in der Regel Leistungen nach SGB II (Hartz IV) oder SGB III (Arbeitslosengeld); Sie suchen eine Ausbildungsstelle, befinden sich bereits in der Ausbildung oder Sie durchlaufen gerade das Anerkennungsverfahren f\u00fcr Ihren Berufs- bzw. Ausbildungsabschluss. Sie haben einen","og_url":"http:\/\/kommunikation.gaertnerhkk.de\/?page_id=1528","og_site_name":"gaertner hkk","article_publisher":"https:\/\/www.facebook.com\/gaertnerhkk.de","twitter_card":"summary_large_image","twitter_misc":{"Gesch\u00e4tzte Lesezeit":"1 Minute"},"schema":{"@context":"https:\/\/schema.org","@graph":[{"@type":"WebPage","@id":"http:\/\/kommunikation.gaertnerhkk.de\/?page_id=1528","url":"http:\/\/kommunikation.gaertnerhkk.de\/?page_id=1528","name":"Berufsbezogenen Sprachf\u00f6rderung gem. \u00a7 45a - gaertner hkk","isPartOf":{"@id":"http:\/\/kommunikation.gaertnerhkk.de\/#website"},"datePublished":"2016-10-26T11:43:00+00:00","dateModified":"2016-10-26T11:43:00+00:00","breadcrumb":{"@id":"http:\/\/kommunikation.gaertnerhkk.de\/?page_id=1528#breadcrumb"},"inLanguage":"de-DE","potentialAction":[{"@type":"ReadAction","target":["http:\/\/kommunikation.gaertnerhkk.de\/?page_id=1528"]}]},{"@type":"BreadcrumbList","@id":"http:\/\/kommunikation.gaertnerhkk.de\/?page_id=1528#breadcrumb","itemListElement":[{"@type":"ListItem","position":1,"name":"Home","item":"http:\/\/kommunikation.gaertnerhkk.de\/"},{"@type":"ListItem","position":2,"name":"Berufsbezogenen Sprachf\u00f6rderung gem. \u00a7 45a"}]},{"@type":"WebSite","@id":"http:\/\/kommunikation.gaertnerhkk.de\/#website","url":"http:\/\/kommunikation.gaertnerhkk.de\/","name":"gaertner hkk","description":"Bildungsmanufaktur","potentialAction":[{"@type":"SearchAction","target":{"@type":"EntryPoint","urlTemplate":"http:\/\/kommunikation.gaertnerhkk.de\/?s={search_term_string}"},"query-input":"required name=search_term_string"}],"inLanguage":"de-DE"}]}},"_links":{"self":[{"href":"http:\/\/kommunikation.gaertnerhkk.de\/index.php?rest_route=\/wp\/v2\/pages\/1528"}],"collection":[{"href":"http:\/\/kommunikation.gaertnerhkk.de\/index.php?rest_route=\/wp\/v2\/pages"}],"about":[{"href":"http:\/\/kommunikation.gaertnerhkk.de\/index.php?rest_route=\/wp\/v2\/types\/page"}],"author":[{"embeddable":true,"href":"http:\/\/kommunikation.gaertnerhkk.de\/index.php?rest_route=\/wp\/v2\/users\/1"}],"replies":[{"embeddable":true,"href":"http:\/\/kommunikation.gaertnerhkk.de\/index.php?rest_route=%2Fwp%2Fv2%2Fcomments&post=1528"}],"version-history":[{"count":2,"href":"http:\/\/kommunikation.gaertnerhkk.de\/index.php?rest_route=\/wp\/v2\/pages\/1528\/revisions"}],"predecessor-version":[{"id":1532,"href":"http:\/\/kommunikation.gaertnerhkk.de\/index.php?rest_route=\/wp\/v2\/pages\/1528\/revisions\/1532"}],"wp:attachment":[{"href":"http:\/\/kommunikation.gaertnerhkk.de\/index.php?rest_route=%2Fwp%2Fv2%2Fmedia&parent=1528"}],"curies":[{"name":"wp","href":"https:\/\/api.w.org\/{rel}","templated":true}]}}

Berufsbezogenen Sprachförderung gem. § 45a

<h2 class="isFirstInSlot">Überblick zur berufsbezogenen Sprachförderung gem. § 45a</h2>
<p>&nbsp;</p>
<h3>Wer kann teilnehmen?</h3>
<ul>
<li>Sie müssen arbeitssuchend gemeldet sein und/oder beziehen in der Regel Leistungen nach <abbr title="Sozialgesetzbuch">SGB</abbr> II (Hartz IV) oder <abbr title="Sozialgesetzbuch">SGB</abbr> III (Arbeitslosengeld); Sie suchen eine Ausbildungsstelle, befinden sich bereits in der Ausbildung oder Sie durchlaufen gerade das Anerkennungsverfahren für Ihren Berufs- <abbr title="beziehungsweise">bzw.</abbr> Ausbildungsabschluss.</li>
</ul>
<ul>
<li>Sie haben einen <a class="RichTextGlossarLink GlossarEntry" title="Verlinkung zu dem Glossarbegriff (Öffnet neues Fenster)" href="http://www.bamf.de/SharedDocs/Glossareintraege/DE/M/migrationshintergrund.html?view=renderHelp[CatalogHelp]&amp;nn=7900372" target="_blank">Migrationshintergrund</a> und einen Bedarf an sprachlicher Weiterqualifizierung. <acronym title="Deutschland">D</acronym>.h. Sie gehören zu einer der folgenden Gruppen:</li>
</ul>
<ol>
<li>Zugewanderte, einschließlich der Geflüchteten, die sich im Anerkennungsverfahren befinden und eine gute Bleibeperspektive haben (letzteres gilt zur Zeit für die fünf Herkunftsländer Syrien, Iran, Irak, Eritrea und Somalia). Ausgeschlossen sind Flüchtlinge aus sicheren Herkunftsländern.</li>
<li>Bürgerinnen und Bürger der <abbr title="Europäische Union">EU</abbr>,</li>
<li>Deutsche mit <a class="RichTextGlossarLink GlossarEntry" title="Verlinkung zu dem Glossarbegriff (Öffnet neues Fenster)" href="http://www.bamf.de/SharedDocs/Glossareintraege/DE/M/migrationshintergrund.html?view=renderHelp[CatalogHelp]&amp;nn=7900372" target="_blank">Migrationshintergrund</a>.</li>
</ol>
<ul>
<li>Sie haben bereits einen <a class="RichTextGlossarLink GlossarEntry" title="Verlinkung zu dem Glossarbegriff (Öffnet neues Fenster)" href="http://www.bamf.de/SharedDocs/Glossareintraege/DE/I/integrationskurs.html?view=renderHelp[CatalogHelp]&amp;nn=7900372" target="_blank">Integrationskurs</a> absolviert und/oder sprechen bereits Deutsch auf <a class="RichTextGlossarLink GlossarEntry" title="Verlinkung zu dem Glossarbegriff (Öffnet neues Fenster)" href="http://www.bamf.de/SharedDocs/Glossareintraege/DE/S/sprachniveau.html?view=renderHelp[CatalogHelp]&amp;nn=7900372" target="_blank">B1</a>, B2 oder C1 Niveau nach dem Gemeinsamen Europäischen Referenzrahmen (GER).</li>
</ul>
<p>Wer an den Modulen der nationalen berufsbezogenen Deutschsprachförderung teilnimmt, entscheiden die Arbeitsagenturen und Jobcenter. Wenden Sie sich hier an Ihre Beraterin oder Ihren Berater.</p>
<p>Wenn Sie sich in einem Beschäftigungsverhältnis befinden und arbeitsuchend gemeldet sind, können Sie an Spezialmodulen der nationalen berufsbezogenen Sprachförderung teilnehmen, sofern Sie noch keine ausreichenden Sprachkenntnisse besitzen, um den (zukünftigen) Arbeitsalltag zu meistern. Es besteht für Sie ein Kostenbeitrag von 50% pro Unterrichtseinheit. Die Zahlung des Kostenbeitrags kann auch durch den Arbeitgeber erfolgen.</p>
<div class="hintBox">
<div class="achtung">
<h3><span class="aural">Quelle: BAMF<br />
</span></h3>
<p><a href="http://www.bamf.de/DE/Willkommen/DeutschLernen/DeutschBeruf/Bundesprogramm-45a/bundesprogramm-45a-node.html">Weitere Informationen:</a></p>
</div>
</div>

Überblick zur berufsbezogenen Sprachförderung gem. § 45a &nbsp; Wer kann teilnehmen? Sie müssen arbeitssuchend gemeldet sein und/oder beziehen in der Regel Leistungen nach SGB II (Hartz IV) oder SGB III (Arbeitslosengeld); Sie suchen eine Ausbildungsstelle, befinden sich bereits in der Ausbildung oder Sie durchlaufen gerade das Anerkennungsverfahren für Ihren Berufs- bzw. Ausbildungsabschluss. Sie haben einen

<!-- This site is optimized with the Yoast SEO plugin v23.1 - https://yoast.com/wordpress/plugins/seo/ -->
<title>Berufsbezogenen Sprachförderung gem. § 45a - gaertner hkk</title>
<meta name="robots" content="index, follow, max-snippet:-1, max-image-preview:large, max-video-preview:-1" />
<link rel="canonical" href="http://kommunikation.gaertnerhkk.de/?page_id=1528" />
<meta property="og:locale" content="de_DE" />
<meta property="og:type" content="article" />
<meta property="og:title" content="Berufsbezogenen Sprachförderung gem. § 45a - gaertner hkk" />
<meta property="og:description" content="Überblick zur berufsbezogenen Sprachförderung gem. § 45a &nbsp; Wer kann teilnehmen? Sie müssen arbeitssuchend gemeldet sein und/oder beziehen in der Regel Leistungen nach SGB II (Hartz IV) oder SGB III (Arbeitslosengeld); Sie suchen eine Ausbildungsstelle, befinden sich bereits in der Ausbildung oder Sie durchlaufen gerade das Anerkennungsverfahren für Ihren Berufs- bzw. Ausbildungsabschluss. Sie haben einen" />
<meta property="og:url" content="http://kommunikation.gaertnerhkk.de/?page_id=1528" />
<meta property="og:site_name" content="gaertner hkk" />
<meta property="article:publisher" content="https://www.facebook.com/gaertnerhkk.de" />
<meta name="twitter:card" content="summary_large_image" />
<meta name="twitter:label1" content="Geschätzte Lesezeit" />
	<meta name="twitter:data1" content="1 Minute" />
<script type="application/ld+json" class="yoast-schema-graph">{"@context":"https://schema.org","@graph":[{"@type":"WebPage","@id":"http://kommunikation.gaertnerhkk.de/?page_id=1528","url":"http://kommunikation.gaertnerhkk.de/?page_id=1528","name":"Berufsbezogenen Sprachförderung gem. § 45a - gaertner hkk","isPartOf":{"@id":"http://kommunikation.gaertnerhkk.de/#website"},"datePublished":"2016-10-26T11:43:00+00:00","dateModified":"2016-10-26T11:43:00+00:00","breadcrumb":{"@id":"http://kommunikation.gaertnerhkk.de/?page_id=1528#breadcrumb"},"inLanguage":"de-DE","potentialAction":[{"@type":"ReadAction","target":["http://kommunikation.gaertnerhkk.de/?page_id=1528"]}]},{"@type":"BreadcrumbList","@id":"http://kommunikation.gaertnerhkk.de/?page_id=1528#breadcrumb","itemListElement":[{"@type":"ListItem","position":1,"name":"Home","item":"http://kommunikation.gaertnerhkk.de/"},{"@type":"ListItem","position":2,"name":"Berufsbezogenen Sprachförderung gem. § 45a"}]},{"@type":"WebSite","@id":"http://kommunikation.gaertnerhkk.de/#website","url":"http://kommunikation.gaertnerhkk.de/","name":"gaertner hkk","description":"Bildungsmanufaktur","potentialAction":[{"@type":"SearchAction","target":{"@type":"EntryPoint","urlTemplate":"http://kommunikation.gaertnerhkk.de/?s={search_term_string}"},"query-input":"required name=search_term_string"}],"inLanguage":"de-DE"}]}</script>
<!-- / Yoast SEO plugin. -->

Berufsbezogenen Sprachförderung gem. § 45a - gaertner hkk
