{"id":1674,"date":"2018-02-12T13:27:24","date_gmt":"2018-02-12T13:27:24","guid":{"rendered":"http:\/\/kommunikation.gaertnerhkk.de\/?page_id=1674"},"modified":"2022-02-03T11:16:46","modified_gmt":"2022-02-03T11:16:46","slug":"spezialmodul-einzelhandelhandel-berufsbezogene-sprachfoerderung-gem-%c2%a7-45a-aufenthg","status":"publish","type":"page","link":"http:\/\/kommunikation.gaertnerhkk.de\/?page_id=1674","title":{"rendered":"Spezialmodul Einzelhandel\/Handel . Berufsbezogene Sprachf\u00f6rderung gem. \u00a7 45a AufenthG"},"content":{"rendered":"<p class=\"hide-if-no-js\"><a id=\"set-post-thumbnail\" class=\"thickbox\" href=\"http:\/\/kommunikation.gaertnerhkk.de\/wp-admin\/media-upload.php?post_id=1674&amp;type=image&amp;TB_iframe=1\" aria-describedby=\"set-post-thumbnail-desc\"><img loading=\"lazy\" decoding=\"async\" class=\"attachment-266x266 size-266x266 alignright\" src=\"http:\/\/kommunikation.gaertnerhkk.de\/wp-content\/uploads\/2018\/02\/shopping-2614150_1920-2-300x300.jpg\" sizes=\"(max-width: 266px) 100vw, 266px\" srcset=\"http:\/\/kommunikation.gaertnerhkk.de\/wp-content\/uploads\/2018\/02\/shopping-2614150_1920-2-300x300.jpg 300w, http:\/\/kommunikation.gaertnerhkk.de\/wp-content\/uploads\/2018\/02\/shopping-2614150_1920-2-150x150.jpg 150w, http:\/\/kommunikation.gaertnerhkk.de\/wp-content\/uploads\/2018\/02\/shopping-2614150_1920-2-120x120.jpg 120w, http:\/\/kommunikation.gaertnerhkk.de\/wp-content\/uploads\/2018\/02\/shopping-2614150_1920-2-70x70.jpg 70w, http:\/\/kommunikation.gaertnerhkk.de\/wp-content\/uploads\/2018\/02\/shopping-2614150_1920-2-180x180.jpg 180w, http:\/\/kommunikation.gaertnerhkk.de\/wp-content\/uploads\/2018\/02\/shopping-2614150_1920-2-600x600.jpg 600w\" alt=\"\" width=\"266\" height=\"266\" \/><\/a><b>Spezialmodul: Einzelhandel<\/b><\/p>\n<p><strong>\u00a0<\/strong><\/p>\n<p><b>Lernziele:<\/b><\/p>\n<p>Das Spezialmodul Einzelhandel bietet die Grundlage f\u00fcr eine berufsbezogene Sprachf\u00f6rderung mit einer spezifischen Ausrichtung auf Verkaufsberufe und Qualifizierungen im Berufsfeld Einzelhandel, wie Kauffrau\/Kaufmann im Einzelhandel, Verk\u00e4uferin\/Verk\u00e4ufer und Kassiererin\/Kassierer hinsichtlich aller Betriebsformen und Warensortimente, kann aber auch auf andere Berufe im Einzelhandel\/Handel wie z. B. Fachverk\u00e4uferin\/Fachverk\u00e4ufer \u00fcbertragen werden.<\/p>\n<p>Die Teilnahme am Spezialmodul Einzelhandel ist ein Schritt hin zum Auf- und Ausbau einer berufsfachlichen kommunikativen Handlungskompetenz am Arbeitsplatz, bei der die Fachlichkeit und die Sprachlichkeit nicht voneinander entkoppelt, sondern ineinander-greifend vermittelt werden.<\/p>\n<p>Ein Lernzuwachs im Spezialmodul wird insbesondere daran gemessen, ob spezifische sprachlich kommunikative\u00a0 Anforderungen und Aufgaben am Arbeitsplatz Einzelhandel bew\u00e4ltigt werden k\u00f6nnen.<\/p>\n<p><b>Dauer: <\/b>300 UE*<\/p>\n<p><b>Kosten:<\/b> F\u00f6rderung durch Bundesamt f\u00fcr Migration und Fl\u00fcchtlingen (BAMF), (Ausnahme: sozialversicherungspflichtige<br \/>\nBesch\u00e4ftigte Kostenbeitrag: 2,07\/UE)<\/p>\n<p><b>Abschluss: <\/b>Zertifikat<\/p>\n<p><b>Zielgruppe:<\/b><\/p>\n<p><b>Erwachsene Personen mit Deutsch als Zweitsprache: die<\/b><\/p>\n\r\n\t\t<div class=\"styledlist star\">\r\n\r\n\t\t\t\n\u00a8\u00a0Deutschkenntnisse B1 mitbringen\n\u00a8\u00a0Interesse am Berufsfeld Einzelhandel\/Handel<br \/>\nmit und ohne Berufserfahrung haben\n\u00a8\u00a0sich auf eine Ausbildung\u00a0 \u2013 Weiterbildung \u2013<br \/>\nArbeitsaufnahme im Einzelhandel\/Handel<br \/>\nvorbereiten\n\u00a8\u00a0sich in einer Besch\u00e4ftigung oder Aus\u2013 und Weiterbildung im Einzelhandel (oder arbeitsmarktpolitische Ma\u00dfnahme) befinden\n\u00a8\u00a0Ihren\u00a0 Arbeitsplatzes im Einzelhandel\/Handel<br \/>\nsichern m\u00f6chten oder Ihre Besch\u00e4ftigungsm\u00f6glichkeiten verbessern m\u00f6chten\n\r\n\t\t<\/div>\r\n\r\n\t\t\n<p><strong>KOMBI PRODUKT<\/strong><\/p>\n<p><b>\u00a0<\/b><b>Verkaufsassistenz . <\/b><b>Vertiefende Kenntnisse Einzelhandel <\/b>(angelehnt an Rahmenausbildungsplan)<\/p>\n<p><b>\u00a0<\/b><\/p>\n<p><b>Modul 1 \u00a0\u00a0\u00a0\u00a0\u00a0\u00a0\u00a0\u00a0\u00a0 <\/b>Warenbezogene T\u00e4tigkeiten<\/p>\n<p><b>Modul 2 \u00a0\u00a0\u00a0\u00a0\u00a0\u00a0\u00a0\u00a0\u00a0 <\/b>Kundenkommunikation<\/p>\n<p><b>Modul 3 \u00a0\u00a0\u00a0\u00a0\u00a0\u00a0\u00a0\u00a0\u00a0 <\/b>Arbeitsorganisation und innerbetriebliche Kommunikation<\/p>\n<p><b>Modul 4\u00a0\u00a0\u00a0\u00a0\u00a0\u00a0\u00a0\u00a0\u00a0\u00a0 <\/b>Kompetenzbasierte Berufswegplanung<\/p>\n<p><b>\u00a0<\/b><b>Dauer: <\/b> 120 UE*\u00a0 \u2014 Theorie, \u00a0\u00a0 40 UE*\u2014 Praxiseinweisung, \u00a0\u00a0 40 UE* \u2014 Praxis<\/p>\n<p><b>\u00a0<\/b><\/p>\n<p><b>Abschluss: <\/b> Zertifikat<\/p>\n<p><b>Sprachpr\u00fcfung: <\/b>Test WiDaF (Deutsch als Fremdsprache in der Wirtschaft, o.\u00e4.)<\/p>\n<p><b>Kosten: <\/b>F\u00f6rderung durch Agentur f\u00fcr Arbeit, Jobcenter, etc. m\u00f6glich.<\/p>\n<p><b>\u00a0<\/b><\/p>\n<p><b>Ideal zur Fortf\u00fchrung\u00a0 und Vertiefung des Spezialmoduls Einzelhandel <\/b><\/p>\n","protected":false},"excerpt":{"rendered":"Spezialmodul: Einzelhandel \u00a0 Lernziele: Das Spezialmodul Einzelhandel bietet die Grundlage f\u00fcr eine berufsbezogene Sprachf\u00f6rderung mit einer spezifischen Ausrichtung auf Verkaufsberufe und Qualifizierungen im Berufsfeld Einzelhandel, wie Kauffrau\/Kaufmann im Einzelhandel, Verk\u00e4uferin\/Verk\u00e4ufer und Kassiererin\/Kassierer hinsichtlich aller Betriebsformen und Warensortimente, kann aber auch auf andere Berufe im Einzelhandel\/Handel wie z. B. Fachverk\u00e4uferin\/Fachverk\u00e4ufer \u00fcbertragen werden. Die Teilnahme am Spezialmodul ","protected":false},"author":1,"featured_media":1676,"parent":354,"menu_order":0,"comment_status":"closed","ping_status":"closed","template":"","meta":{"footnotes":""},"class_list":["post-1674","page","type-page","status-publish","has-post-thumbnail","hentry"],"yoast_head":"<!-- This site is optimized with the Yoast SEO plugin v23.1 - https:\/\/yoast.com\/wordpress\/plugins\/seo\/ -->\n<title>Spezialmodul Einzelhandel\/Handel . Berufsbezogene Sprachf\u00f6rderung gem. \u00a7 45a AufenthG - gaertner hkk<\/title>\n<meta name=\"robots\" content=\"index, follow, max-snippet:-1, max-image-preview:large, max-video-preview:-1\" \/>\n<link rel=\"canonical\" href=\"http:\/\/kommunikation.gaertnerhkk.de\/?page_id=1674\" \/>\n<meta property=\"og:locale\" content=\"de_DE\" \/>\n<meta property=\"og:type\" content=\"article\" \/>\n<meta property=\"og:title\" content=\"Spezialmodul Einzelhandel\/Handel . Berufsbezogene Sprachf\u00f6rderung gem. \u00a7 45a AufenthG - gaertner hkk\" \/>\n<meta property=\"og:description\" content=\"Spezialmodul: Einzelhandel \u00a0 Lernziele: Das Spezialmodul Einzelhandel bietet die Grundlage f\u00fcr eine berufsbezogene Sprachf\u00f6rderung mit einer spezifischen Ausrichtung auf Verkaufsberufe und Qualifizierungen im Berufsfeld Einzelhandel, wie Kauffrau\/Kaufmann im Einzelhandel, Verk\u00e4uferin\/Verk\u00e4ufer und Kassiererin\/Kassierer hinsichtlich aller Betriebsformen und Warensortimente, kann aber auch auf andere Berufe im Einzelhandel\/Handel wie z. B. Fachverk\u00e4uferin\/Fachverk\u00e4ufer \u00fcbertragen werden. Die Teilnahme am Spezialmodul\" \/>\n<meta property=\"og:url\" content=\"http:\/\/kommunikation.gaertnerhkk.de\/?page_id=1674\" \/>\n<meta property=\"og:site_name\" content=\"gaertner hkk\" \/>\n<meta property=\"article:publisher\" content=\"https:\/\/www.facebook.com\/gaertnerhkk.de\" \/>\n<meta property=\"article:modified_time\" content=\"2022-02-03T11:16:46+00:00\" \/>\n<meta property=\"og:image\" content=\"http:\/\/kommunikation.gaertnerhkk.de\/wp-content\/uploads\/2018\/02\/shopping-2614150_1920-2.jpg\" \/>\n\t<meta property=\"og:image:width\" content=\"1920\" \/>\n\t<meta property=\"og:image:height\" content=\"1280\" \/>\n\t<meta property=\"og:image:type\" content=\"image\/jpeg\" \/>\n<meta name=\"twitter:card\" content=\"summary_large_image\" \/>\n<meta name=\"twitter:label1\" content=\"Gesch\u00e4tzte Lesezeit\" \/>\n\t<meta name=\"twitter:data1\" content=\"2 Minuten\" \/>\n<script type=\"application\/ld+json\" class=\"yoast-schema-graph\">{\"@context\":\"https:\/\/schema.org\",\"@graph\":[{\"@type\":\"WebPage\",\"@id\":\"http:\/\/kommunikation.gaertnerhkk.de\/?page_id=1674\",\"url\":\"http:\/\/kommunikation.gaertnerhkk.de\/?page_id=1674\",\"name\":\"Spezialmodul Einzelhandel\/Handel . Berufsbezogene Sprachf\u00f6rderung gem. \u00a7 45a AufenthG - gaertner hkk\",\"isPartOf\":{\"@id\":\"http:\/\/kommunikation.gaertnerhkk.de\/#website\"},\"primaryImageOfPage\":{\"@id\":\"http:\/\/kommunikation.gaertnerhkk.de\/?page_id=1674#primaryimage\"},\"image\":{\"@id\":\"http:\/\/kommunikation.gaertnerhkk.de\/?page_id=1674#primaryimage\"},\"thumbnailUrl\":\"http:\/\/kommunikation.gaertnerhkk.de\/wp-content\/uploads\/2018\/02\/shopping-2614150_1920-2.jpg\",\"datePublished\":\"2018-02-12T13:27:24+00:00\",\"dateModified\":\"2022-02-03T11:16:46+00:00\",\"breadcrumb\":{\"@id\":\"http:\/\/kommunikation.gaertnerhkk.de\/?page_id=1674#breadcrumb\"},\"inLanguage\":\"de-DE\",\"potentialAction\":[{\"@type\":\"ReadAction\",\"target\":[\"http:\/\/kommunikation.gaertnerhkk.de\/?page_id=1674\"]}]},{\"@type\":\"ImageObject\",\"inLanguage\":\"de-DE\",\"@id\":\"http:\/\/kommunikation.gaertnerhkk.de\/?page_id=1674#primaryimage\",\"url\":\"http:\/\/kommunikation.gaertnerhkk.de\/wp-content\/uploads\/2018\/02\/shopping-2614150_1920-2.jpg\",\"contentUrl\":\"http:\/\/kommunikation.gaertnerhkk.de\/wp-content\/uploads\/2018\/02\/shopping-2614150_1920-2.jpg\",\"width\":1920,\"height\":1280},{\"@type\":\"BreadcrumbList\",\"@id\":\"http:\/\/kommunikation.gaertnerhkk.de\/?page_id=1674#breadcrumb\",\"itemListElement\":[{\"@type\":\"ListItem\",\"position\":1,\"name\":\"Home\",\"item\":\"http:\/\/kommunikation.gaertnerhkk.de\/\"},{\"@type\":\"ListItem\",\"position\":2,\"name\":\"Angebot\",\"item\":\"http:\/\/kommunikation.gaertnerhkk.de\/?page_id=41\"},{\"@type\":\"ListItem\",\"position\":3,\"name\":\"Deutsch im Beruf\",\"item\":\"http:\/\/kommunikation.gaertnerhkk.de\/?page_id=354\"},{\"@type\":\"ListItem\",\"position\":4,\"name\":\"Spezialmodul Einzelhandel\/Handel . Berufsbezogene Sprachf\u00f6rderung gem. \u00a7 45a AufenthG\"}]},{\"@type\":\"WebSite\",\"@id\":\"http:\/\/kommunikation.gaertnerhkk.de\/#website\",\"url\":\"http:\/\/kommunikation.gaertnerhkk.de\/\",\"name\":\"gaertner hkk\",\"description\":\"Bildungsmanufaktur\",\"potentialAction\":[{\"@type\":\"SearchAction\",\"target\":{\"@type\":\"EntryPoint\",\"urlTemplate\":\"http:\/\/kommunikation.gaertnerhkk.de\/?s={search_term_string}\"},\"query-input\":\"required name=search_term_string\"}],\"inLanguage\":\"de-DE\"}]}<\/script>\n<!-- \/ Yoast SEO plugin. -->","yoast_head_json":{"title":"Spezialmodul Einzelhandel\/Handel . Berufsbezogene Sprachf\u00f6rderung gem. \u00a7 45a AufenthG - gaertner hkk","robots":{"index":"index","follow":"follow","max-snippet":"max-snippet:-1","max-image-preview":"max-image-preview:large","max-video-preview":"max-video-preview:-1"},"canonical":"http:\/\/kommunikation.gaertnerhkk.de\/?page_id=1674","og_locale":"de_DE","og_type":"article","og_title":"Spezialmodul Einzelhandel\/Handel . Berufsbezogene Sprachf\u00f6rderung gem. \u00a7 45a AufenthG - gaertner hkk","og_description":"Spezialmodul: Einzelhandel \u00a0 Lernziele: Das Spezialmodul Einzelhandel bietet die Grundlage f\u00fcr eine berufsbezogene Sprachf\u00f6rderung mit einer spezifischen Ausrichtung auf Verkaufsberufe und Qualifizierungen im Berufsfeld Einzelhandel, wie Kauffrau\/Kaufmann im Einzelhandel, Verk\u00e4uferin\/Verk\u00e4ufer und Kassiererin\/Kassierer hinsichtlich aller Betriebsformen und Warensortimente, kann aber auch auf andere Berufe im Einzelhandel\/Handel wie z. B. Fachverk\u00e4uferin\/Fachverk\u00e4ufer \u00fcbertragen werden. Die Teilnahme am Spezialmodul","og_url":"http:\/\/kommunikation.gaertnerhkk.de\/?page_id=1674","og_site_name":"gaertner hkk","article_publisher":"https:\/\/www.facebook.com\/gaertnerhkk.de","article_modified_time":"2022-02-03T11:16:46+00:00","og_image":[{"width":1920,"height":1280,"url":"http:\/\/kommunikation.gaertnerhkk.de\/wp-content\/uploads\/2018\/02\/shopping-2614150_1920-2.jpg","type":"image\/jpeg"}],"twitter_card":"summary_large_image","twitter_misc":{"Gesch\u00e4tzte Lesezeit":"2 Minuten"},"schema":{"@context":"https:\/\/schema.org","@graph":[{"@type":"WebPage","@id":"http:\/\/kommunikation.gaertnerhkk.de\/?page_id=1674","url":"http:\/\/kommunikation.gaertnerhkk.de\/?page_id=1674","name":"Spezialmodul Einzelhandel\/Handel . Berufsbezogene Sprachf\u00f6rderung gem. \u00a7 45a AufenthG - gaertner hkk","isPartOf":{"@id":"http:\/\/kommunikation.gaertnerhkk.de\/#website"},"primaryImageOfPage":{"@id":"http:\/\/kommunikation.gaertnerhkk.de\/?page_id=1674#primaryimage"},"image":{"@id":"http:\/\/kommunikation.gaertnerhkk.de\/?page_id=1674#primaryimage"},"thumbnailUrl":"http:\/\/kommunikation.gaertnerhkk.de\/wp-content\/uploads\/2018\/02\/shopping-2614150_1920-2.jpg","datePublished":"2018-02-12T13:27:24+00:00","dateModified":"2022-02-03T11:16:46+00:00","breadcrumb":{"@id":"http:\/\/kommunikation.gaertnerhkk.de\/?page_id=1674#breadcrumb"},"inLanguage":"de-DE","potentialAction":[{"@type":"ReadAction","target":["http:\/\/kommunikation.gaertnerhkk.de\/?page_id=1674"]}]},{"@type":"ImageObject","inLanguage":"de-DE","@id":"http:\/\/kommunikation.gaertnerhkk.de\/?page_id=1674#primaryimage","url":"http:\/\/kommunikation.gaertnerhkk.de\/wp-content\/uploads\/2018\/02\/shopping-2614150_1920-2.jpg","contentUrl":"http:\/\/kommunikation.gaertnerhkk.de\/wp-content\/uploads\/2018\/02\/shopping-2614150_1920-2.jpg","width":1920,"height":1280},{"@type":"BreadcrumbList","@id":"http:\/\/kommunikation.gaertnerhkk.de\/?page_id=1674#breadcrumb","itemListElement":[{"@type":"ListItem","position":1,"name":"Home","item":"http:\/\/kommunikation.gaertnerhkk.de\/"},{"@type":"ListItem","position":2,"name":"Angebot","item":"http:\/\/kommunikation.gaertnerhkk.de\/?page_id=41"},{"@type":"ListItem","position":3,"name":"Deutsch im Beruf","item":"http:\/\/kommunikation.gaertnerhkk.de\/?page_id=354"},{"@type":"ListItem","position":4,"name":"Spezialmodul Einzelhandel\/Handel . Berufsbezogene Sprachf\u00f6rderung gem. \u00a7 45a AufenthG"}]},{"@type":"WebSite","@id":"http:\/\/kommunikation.gaertnerhkk.de\/#website","url":"http:\/\/kommunikation.gaertnerhkk.de\/","name":"gaertner hkk","description":"Bildungsmanufaktur","potentialAction":[{"@type":"SearchAction","target":{"@type":"EntryPoint","urlTemplate":"http:\/\/kommunikation.gaertnerhkk.de\/?s={search_term_string}"},"query-input":"required name=search_term_string"}],"inLanguage":"de-DE"}]}},"_links":{"self":[{"href":"http:\/\/kommunikation.gaertnerhkk.de\/index.php?rest_route=\/wp\/v2\/pages\/1674"}],"collection":[{"href":"http:\/\/kommunikation.gaertnerhkk.de\/index.php?rest_route=\/wp\/v2\/pages"}],"about":[{"href":"http:\/\/kommunikation.gaertnerhkk.de\/index.php?rest_route=\/wp\/v2\/types\/page"}],"author":[{"embeddable":true,"href":"http:\/\/kommunikation.gaertnerhkk.de\/index.php?rest_route=\/wp\/v2\/users\/1"}],"replies":[{"embeddable":true,"href":"http:\/\/kommunikation.gaertnerhkk.de\/index.php?rest_route=%2Fwp%2Fv2%2Fcomments&post=1674"}],"version-history":[{"count":5,"href":"http:\/\/kommunikation.gaertnerhkk.de\/index.php?rest_route=\/wp\/v2\/pages\/1674\/revisions"}],"predecessor-version":[{"id":2051,"href":"http:\/\/kommunikation.gaertnerhkk.de\/index.php?rest_route=\/wp\/v2\/pages\/1674\/revisions\/2051"}],"up":[{"embeddable":true,"href":"http:\/\/kommunikation.gaertnerhkk.de\/index.php?rest_route=\/wp\/v2\/pages\/354"}],"wp:featuredmedia":[{"embeddable":true,"href":"http:\/\/kommunikation.gaertnerhkk.de\/index.php?rest_route=\/wp\/v2\/media\/1676"}],"wp:attachment":[{"href":"http:\/\/kommunikation.gaertnerhkk.de\/index.php?rest_route=%2Fwp%2Fv2%2Fmedia&parent=1674"}],"curies":[{"name":"wp","href":"https:\/\/api.w.org\/{rel}","templated":true}]}}