{"id":439,"date":"2015-06-30T13:11:44","date_gmt":"2015-06-30T13:11:44","guid":{"rendered":"http:\/\/kommunikation.gaertnerhkk.de\/?page_id=439"},"modified":"2016-07-27T11:09:16","modified_gmt":"2016-07-27T11:09:16","slug":"ihre-persoenlichen-arbeitsvermittler-personalberatung","status":"publish","type":"page","link":"http:\/\/kommunikation.gaertnerhkk.de\/?page_id=439","title":{"rendered":"Ihre pers\u00f6nlichen Arbeitsvermittler &#8211; Personalberatung"},"content":{"rendered":"<table border=\"0\" width=\"100%\" cellspacing=\"0\" cellpadding=\"5\">\n<tbody>\n<tr>\n<td align=\"left\" valign=\"top\"><\/td>\n<td><\/td>\n<\/tr>\n<tr>\n<td><b><br \/>\n<\/b><\/td>\n<td>Als zertifizierte Arbeitsvermittler bieten wir professionelle Hilfe f\u00fcr <b>Arbeitgeber und Arbeitsuchende. <\/b>Und dabei bieten wir Ihnen weit mehr als nur eine umfassende Datenbank. Wir vermittlen Bewerber, die auch zu Ihnen und den Erfordernissen Ihrer Unternehmung passen und helfen Arbeitsuchenden den richtigen Arbeitsplatz in der f\u00fcr sie richtigen Branche\/Unternehmung zu finden.<\/p>\n<hr \/>\n<\/td>\n<td><\/td>\n<\/tr>\n<tr>\n<td valign=\"top\" bgcolor=\"#A8A79F\"><\/td>\n<td valign=\"top\"><\/td>\n<td valign=\"top\"><\/td>\n<\/tr>\n<tr>\n<td valign=\"top\"><\/td>\n<td align=\"left\" valign=\"top\">F\u00fcr <b>Arbeitsuchende<\/b>:<\/p>\n<p>aus unserer langj\u00e4hrigen und erfolgreichen Arbeit bei der Entwicklung von Arbeitsstellen und beruflichen Perspektiven verf\u00fcgen wir \u00fcber gut vernetzte<br \/>\nKontakte zur Wirtschaft. &#8211; Sie k\u00f6nnen unsere Dienste sowohl mit einem <strong>Vermittlungsgutschein<\/strong> als auch als <strong>Privatzahler<\/strong> in Anspruch nehmen.<\/p>\n<hr \/>\n<p>Als<b> Arbeitgeber<\/b>:<\/p>\n<p>verf\u00fcgen Sie \u00fcber offene Stellen und ben\u00f6tigen qualifiziertes Personal, sprechen Sie mit uns. Sie wollen eine Umbesetzung im Unternehmen vornehmen und m\u00f6chten Ihr vorhandes Personal zielgerichtet f\u00fcr diese Stelle vorbereiten, nehmen Sie Kontakt mit uns auf.<\/p>\n<hr \/>\n<\/td>\n<td valign=\"top\"><\/td>\n<\/tr>\n<tr>\n<td valign=\"top\" bgcolor=\"#A8A79F\"><\/td>\n<td valign=\"top\"><strong>Termine:<\/strong><\/p>\n<p>Rufen Sie uns an: <strong>0 68 31 \u2013 5 00 37 56<\/strong> oder hinterlassen Sie uns eine Nachricht \u00fcber das<\/p>\n<p><a href=\"http:\/\/kommunikation.gaertnerhkk.de\/?page_id=464\" target=\"_blank\">Kontaktformular<\/a><\/td>\n<td valign=\"top\" bgcolor=\"#AA0000\"><\/td>\n<\/tr>\n<tr>\n<td valign=\"top\"><\/td>\n<td align=\"left\" valign=\"top\">Wir begleiten Sie w\u00e4hrend des Bewerbungs- und Auswahlprozesses und der Besch\u00e4ftigungsaufnahme mit effizienter Stellenbesetzung, Einarbeitungsplan und Coaching !<\/td>\n<\/tr>\n<\/tbody>\n<\/table>\n","protected":false},"excerpt":{"rendered":"Als zertifizierte Arbeitsvermittler bieten wir professionelle Hilfe f\u00fcr Arbeitgeber und Arbeitsuchende. Und dabei bieten wir Ihnen weit mehr als nur eine umfassende Datenbank. Wir vermittlen Bewerber, die auch zu Ihnen und den Erfordernissen Ihrer Unternehmung passen und helfen Arbeitsuchenden den richtigen Arbeitsplatz in der f\u00fcr sie richtigen Branche\/Unternehmung zu finden. F\u00fcr Arbeitsuchende: aus unserer langj\u00e4hrigen ","protected":false},"author":1,"featured_media":440,"parent":41,"menu_order":8,"comment_status":"open","ping_status":"open","template":"","meta":{"footnotes":""},"class_list":["post-439","page","type-page","status-publish","has-post-thumbnail","hentry"],"yoast_head":"<!-- This site is optimized with the Yoast SEO plugin v23.1 - https:\/\/yoast.com\/wordpress\/plugins\/seo\/ -->\n<title>Ihre pers\u00f6nlichen Arbeitsvermittler - Personalberatung - gaertner hkk<\/title>\n<meta name=\"robots\" content=\"index, follow, max-snippet:-1, max-image-preview:large, max-video-preview:-1\" \/>\n<link rel=\"canonical\" href=\"http:\/\/kommunikation.gaertnerhkk.de\/?page_id=439\" \/>\n<meta property=\"og:locale\" content=\"de_DE\" \/>\n<meta property=\"og:type\" content=\"article\" \/>\n<meta property=\"og:title\" content=\"Ihre pers\u00f6nlichen Arbeitsvermittler - Personalberatung - gaertner hkk\" \/>\n<meta property=\"og:description\" content=\"Als zertifizierte Arbeitsvermittler bieten wir professionelle Hilfe f\u00fcr Arbeitgeber und Arbeitsuchende. Und dabei bieten wir Ihnen weit mehr als nur eine umfassende Datenbank. Wir vermittlen Bewerber, die auch zu Ihnen und den Erfordernissen Ihrer Unternehmung passen und helfen Arbeitsuchenden den richtigen Arbeitsplatz in der f\u00fcr sie richtigen Branche\/Unternehmung zu finden. F\u00fcr Arbeitsuchende: aus unserer langj\u00e4hrigen\" \/>\n<meta property=\"og:url\" content=\"http:\/\/kommunikation.gaertnerhkk.de\/?page_id=439\" \/>\n<meta property=\"og:site_name\" content=\"gaertner hkk\" \/>\n<meta property=\"article:publisher\" content=\"https:\/\/www.facebook.com\/gaertnerhkk.de\" \/>\n<meta property=\"article:modified_time\" content=\"2016-07-27T11:09:16+00:00\" \/>\n<meta property=\"og:image\" content=\"http:\/\/kommunikation.gaertnerhkk.de\/wp-content\/uploads\/2015\/06\/DSCN1004.jpg\" \/>\n\t<meta property=\"og:image:width\" content=\"3264\" \/>\n\t<meta property=\"og:image:height\" content=\"2448\" \/>\n\t<meta property=\"og:image:type\" content=\"image\/jpeg\" \/>\n<meta name=\"twitter:card\" content=\"summary_large_image\" \/>\n<meta name=\"twitter:label1\" content=\"Gesch\u00e4tzte Lesezeit\" \/>\n\t<meta name=\"twitter:data1\" content=\"1 Minute\" \/>\n<script type=\"application\/ld+json\" class=\"yoast-schema-graph\">{\"@context\":\"https:\/\/schema.org\",\"@graph\":[{\"@type\":\"WebPage\",\"@id\":\"http:\/\/kommunikation.gaertnerhkk.de\/?page_id=439\",\"url\":\"http:\/\/kommunikation.gaertnerhkk.de\/?page_id=439\",\"name\":\"Ihre pers\u00f6nlichen Arbeitsvermittler - Personalberatung - gaertner hkk\",\"isPartOf\":{\"@id\":\"http:\/\/kommunikation.gaertnerhkk.de\/#website\"},\"primaryImageOfPage\":{\"@id\":\"http:\/\/kommunikation.gaertnerhkk.de\/?page_id=439#primaryimage\"},\"image\":{\"@id\":\"http:\/\/kommunikation.gaertnerhkk.de\/?page_id=439#primaryimage\"},\"thumbnailUrl\":\"http:\/\/kommunikation.gaertnerhkk.de\/wp-content\/uploads\/2015\/06\/DSCN1004.jpg\",\"datePublished\":\"2015-06-30T13:11:44+00:00\",\"dateModified\":\"2016-07-27T11:09:16+00:00\",\"breadcrumb\":{\"@id\":\"http:\/\/kommunikation.gaertnerhkk.de\/?page_id=439#breadcrumb\"},\"inLanguage\":\"de-DE\",\"potentialAction\":[{\"@type\":\"ReadAction\",\"target\":[\"http:\/\/kommunikation.gaertnerhkk.de\/?page_id=439\"]}]},{\"@type\":\"ImageObject\",\"inLanguage\":\"de-DE\",\"@id\":\"http:\/\/kommunikation.gaertnerhkk.de\/?page_id=439#primaryimage\",\"url\":\"http:\/\/kommunikation.gaertnerhkk.de\/wp-content\/uploads\/2015\/06\/DSCN1004.jpg\",\"contentUrl\":\"http:\/\/kommunikation.gaertnerhkk.de\/wp-content\/uploads\/2015\/06\/DSCN1004.jpg\",\"width\":3264,\"height\":2448},{\"@type\":\"BreadcrumbList\",\"@id\":\"http:\/\/kommunikation.gaertnerhkk.de\/?page_id=439#breadcrumb\",\"itemListElement\":[{\"@type\":\"ListItem\",\"position\":1,\"name\":\"Home\",\"item\":\"http:\/\/kommunikation.gaertnerhkk.de\/\"},{\"@type\":\"ListItem\",\"position\":2,\"name\":\"Angebot\",\"item\":\"http:\/\/kommunikation.gaertnerhkk.de\/?page_id=41\"},{\"@type\":\"ListItem\",\"position\":3,\"name\":\"Ihre pers\u00f6nlichen Arbeitsvermittler &#8211; Personalberatung\"}]},{\"@type\":\"WebSite\",\"@id\":\"http:\/\/kommunikation.gaertnerhkk.de\/#website\",\"url\":\"http:\/\/kommunikation.gaertnerhkk.de\/\",\"name\":\"gaertner hkk\",\"description\":\"Bildungsmanufaktur\",\"potentialAction\":[{\"@type\":\"SearchAction\",\"target\":{\"@type\":\"EntryPoint\",\"urlTemplate\":\"http:\/\/kommunikation.gaertnerhkk.de\/?s={search_term_string}\"},\"query-input\":\"required name=search_term_string\"}],\"inLanguage\":\"de-DE\"}]}<\/script>\n<!-- \/ Yoast SEO plugin. -->","yoast_head_json":{"title":"Ihre pers\u00f6nlichen Arbeitsvermittler - Personalberatung - gaertner hkk","robots":{"index":"index","follow":"follow","max-snippet":"max-snippet:-1","max-image-preview":"max-image-preview:large","max-video-preview":"max-video-preview:-1"},"canonical":"http:\/\/kommunikation.gaertnerhkk.de\/?page_id=439","og_locale":"de_DE","og_type":"article","og_title":"Ihre pers\u00f6nlichen Arbeitsvermittler - Personalberatung - gaertner hkk","og_description":"Als zertifizierte Arbeitsvermittler bieten wir professionelle Hilfe f\u00fcr Arbeitgeber und Arbeitsuchende. Und dabei bieten wir Ihnen weit mehr als nur eine umfassende Datenbank. Wir vermittlen Bewerber, die auch zu Ihnen und den Erfordernissen Ihrer Unternehmung passen und helfen Arbeitsuchenden den richtigen Arbeitsplatz in der f\u00fcr sie richtigen Branche\/Unternehmung zu finden. F\u00fcr Arbeitsuchende: aus unserer langj\u00e4hrigen","og_url":"http:\/\/kommunikation.gaertnerhkk.de\/?page_id=439","og_site_name":"gaertner hkk","article_publisher":"https:\/\/www.facebook.com\/gaertnerhkk.de","article_modified_time":"2016-07-27T11:09:16+00:00","og_image":[{"width":3264,"height":2448,"url":"http:\/\/kommunikation.gaertnerhkk.de\/wp-content\/uploads\/2015\/06\/DSCN1004.jpg","type":"image\/jpeg"}],"twitter_card":"summary_large_image","twitter_misc":{"Gesch\u00e4tzte Lesezeit":"1 Minute"},"schema":{"@context":"https:\/\/schema.org","@graph":[{"@type":"WebPage","@id":"http:\/\/kommunikation.gaertnerhkk.de\/?page_id=439","url":"http:\/\/kommunikation.gaertnerhkk.de\/?page_id=439","name":"Ihre pers\u00f6nlichen Arbeitsvermittler - Personalberatung - gaertner hkk","isPartOf":{"@id":"http:\/\/kommunikation.gaertnerhkk.de\/#website"},"primaryImageOfPage":{"@id":"http:\/\/kommunikation.gaertnerhkk.de\/?page_id=439#primaryimage"},"image":{"@id":"http:\/\/kommunikation.gaertnerhkk.de\/?page_id=439#primaryimage"},"thumbnailUrl":"http:\/\/kommunikation.gaertnerhkk.de\/wp-content\/uploads\/2015\/06\/DSCN1004.jpg","datePublished":"2015-06-30T13:11:44+00:00","dateModified":"2016-07-27T11:09:16+00:00","breadcrumb":{"@id":"http:\/\/kommunikation.gaertnerhkk.de\/?page_id=439#breadcrumb"},"inLanguage":"de-DE","potentialAction":[{"@type":"ReadAction","target":["http:\/\/kommunikation.gaertnerhkk.de\/?page_id=439"]}]},{"@type":"ImageObject","inLanguage":"de-DE","@id":"http:\/\/kommunikation.gaertnerhkk.de\/?page_id=439#primaryimage","url":"http:\/\/kommunikation.gaertnerhkk.de\/wp-content\/uploads\/2015\/06\/DSCN1004.jpg","contentUrl":"http:\/\/kommunikation.gaertnerhkk.de\/wp-content\/uploads\/2015\/06\/DSCN1004.jpg","width":3264,"height":2448},{"@type":"BreadcrumbList","@id":"http:\/\/kommunikation.gaertnerhkk.de\/?page_id=439#breadcrumb","itemListElement":[{"@type":"ListItem","position":1,"name":"Home","item":"http:\/\/kommunikation.gaertnerhkk.de\/"},{"@type":"ListItem","position":2,"name":"Angebot","item":"http:\/\/kommunikation.gaertnerhkk.de\/?page_id=41"},{"@type":"ListItem","position":3,"name":"Ihre pers\u00f6nlichen Arbeitsvermittler &#8211; Personalberatung"}]},{"@type":"WebSite","@id":"http:\/\/kommunikation.gaertnerhkk.de\/#website","url":"http:\/\/kommunikation.gaertnerhkk.de\/","name":"gaertner hkk","description":"Bildungsmanufaktur","potentialAction":[{"@type":"SearchAction","target":{"@type":"EntryPoint","urlTemplate":"http:\/\/kommunikation.gaertnerhkk.de\/?s={search_term_string}"},"query-input":"required name=search_term_string"}],"inLanguage":"de-DE"}]}},"_links":{"self":[{"href":"http:\/\/kommunikation.gaertnerhkk.de\/index.php?rest_route=\/wp\/v2\/pages\/439"}],"collection":[{"href":"http:\/\/kommunikation.gaertnerhkk.de\/index.php?rest_route=\/wp\/v2\/pages"}],"about":[{"href":"http:\/\/kommunikation.gaertnerhkk.de\/index.php?rest_route=\/wp\/v2\/types\/page"}],"author":[{"embeddable":true,"href":"http:\/\/kommunikation.gaertnerhkk.de\/index.php?rest_route=\/wp\/v2\/users\/1"}],"replies":[{"embeddable":true,"href":"http:\/\/kommunikation.gaertnerhkk.de\/index.php?rest_route=%2Fwp%2Fv2%2Fcomments&post=439"}],"version-history":[{"count":7,"href":"http:\/\/kommunikation.gaertnerhkk.de\/index.php?rest_route=\/wp\/v2\/pages\/439\/revisions"}],"predecessor-version":[{"id":1416,"href":"http:\/\/kommunikation.gaertnerhkk.de\/index.php?rest_route=\/wp\/v2\/pages\/439\/revisions\/1416"}],"up":[{"embeddable":true,"href":"http:\/\/kommunikation.gaertnerhkk.de\/index.php?rest_route=\/wp\/v2\/pages\/41"}],"wp:featuredmedia":[{"embeddable":true,"href":"http:\/\/kommunikation.gaertnerhkk.de\/index.php?rest_route=\/wp\/v2\/media\/440"}],"wp:attachment":[{"href":"http:\/\/kommunikation.gaertnerhkk.de\/index.php?rest_route=%2Fwp%2Fv2%2Fmedia&parent=439"}],"curies":[{"name":"wp","href":"https:\/\/api.w.org\/{rel}","templated":true}]}}

Ihre persönlichen Arbeitsvermittler &#8211; Personalberatung

<table border="0" width="100%" cellspacing="0" cellpadding="5">
<tbody>
<tr>
<td align="left" valign="top"></td>
<td></td>
</tr>
<tr>
<td><b><br />
</b></td>
<td>Als zertifizierte Arbeitsvermittler bieten wir professionelle Hilfe für <b>Arbeitgeber und Arbeitsuchende. </b>Und dabei bieten wir Ihnen weit mehr als nur eine umfassende Datenbank. Wir vermittlen Bewerber, die auch zu Ihnen und den Erfordernissen Ihrer Unternehmung passen und helfen Arbeitsuchenden den richtigen Arbeitsplatz in der für sie richtigen Branche/Unternehmung zu finden.</p>
<hr />
</td>
<td></td>
</tr>
<tr>
<td valign="top" bgcolor="#A8A79F"></td>
<td valign="top"></td>
<td valign="top"></td>
</tr>
<tr>
<td valign="top"></td>
<td align="left" valign="top">Für <b>Arbeitsuchende</b>:</p>
<p>aus unserer langjährigen und erfolgreichen Arbeit bei der Entwicklung von Arbeitsstellen und beruflichen Perspektiven verfügen wir über gut vernetzte<br />
Kontakte zur Wirtschaft. &#8211; Sie können unsere Dienste sowohl mit einem <strong>Vermittlungsgutschein</strong> als auch als <strong>Privatzahler</strong> in Anspruch nehmen.</p>
<hr />
<p>Als<b> Arbeitgeber</b>:</p>
<p>verfügen Sie über offene Stellen und benötigen qualifiziertes Personal, sprechen Sie mit uns. Sie wollen eine Umbesetzung im Unternehmen vornehmen und möchten Ihr vorhandes Personal zielgerichtet für diese Stelle vorbereiten, nehmen Sie Kontakt mit uns auf.</p>
<hr />
</td>
<td valign="top"></td>
</tr>
<tr>
<td valign="top" bgcolor="#A8A79F"></td>
<td valign="top"><strong>Termine:</strong></p>
<p>Rufen Sie uns an: <strong>0 68 31 – 5 00 37 56</strong> oder hinterlassen Sie uns eine Nachricht über das</p>
<p><a href="http://kommunikation.gaertnerhkk.de/?page_id=464" target="_blank">Kontaktformular</a></td>
<td valign="top" bgcolor="#AA0000"></td>
</tr>
<tr>
<td valign="top"></td>
<td align="left" valign="top">Wir begleiten Sie während des Bewerbungs- und Auswahlprozesses und der Beschäftigungsaufnahme mit effizienter Stellenbesetzung, Einarbeitungsplan und Coaching !</td>
</tr>
</tbody>
</table>

Als zertifizierte Arbeitsvermittler bieten wir professionelle Hilfe für Arbeitgeber und Arbeitsuchende. Und dabei bieten wir Ihnen weit mehr als nur eine umfassende Datenbank. Wir vermittlen Bewerber, die auch zu Ihnen und den Erfordernissen Ihrer Unternehmung passen und helfen Arbeitsuchenden den richtigen Arbeitsplatz in der für sie richtigen Branche/Unternehmung zu finden. Für Arbeitsuchende: aus unserer langjährigen

<!-- This site is optimized with the Yoast SEO plugin v23.1 - https://yoast.com/wordpress/plugins/seo/ -->
<title>Ihre persönlichen Arbeitsvermittler - Personalberatung - gaertner hkk</title>
<meta name="robots" content="index, follow, max-snippet:-1, max-image-preview:large, max-video-preview:-1" />
<link rel="canonical" href="http://kommunikation.gaertnerhkk.de/?page_id=439" />
<meta property="og:locale" content="de_DE" />
<meta property="og:type" content="article" />
<meta property="og:title" content="Ihre persönlichen Arbeitsvermittler - Personalberatung - gaertner hkk" />
<meta property="og:description" content="Als zertifizierte Arbeitsvermittler bieten wir professionelle Hilfe für Arbeitgeber und Arbeitsuchende. Und dabei bieten wir Ihnen weit mehr als nur eine umfassende Datenbank. Wir vermittlen Bewerber, die auch zu Ihnen und den Erfordernissen Ihrer Unternehmung passen und helfen Arbeitsuchenden den richtigen Arbeitsplatz in der für sie richtigen Branche/Unternehmung zu finden. Für Arbeitsuchende: aus unserer langjährigen" />
<meta property="og:url" content="http://kommunikation.gaertnerhkk.de/?page_id=439" />
<meta property="og:site_name" content="gaertner hkk" />
<meta property="article:publisher" content="https://www.facebook.com/gaertnerhkk.de" />
<meta property="article:modified_time" content="2016-07-27T11:09:16+00:00" />
<meta property="og:image" content="http://kommunikation.gaertnerhkk.de/wp-content/uploads/2015/06/DSCN1004.jpg" />
	<meta property="og:image:width" content="3264" />
	<meta property="og:image:height" content="2448" />
	<meta property="og:image:type" content="image/jpeg" />
<meta name="twitter:card" content="summary_large_image" />
<meta name="twitter:label1" content="Geschätzte Lesezeit" />
	<meta name="twitter:data1" content="1 Minute" />
<script type="application/ld+json" class="yoast-schema-graph">{"@context":"https://schema.org","@graph":[{"@type":"WebPage","@id":"http://kommunikation.gaertnerhkk.de/?page_id=439","url":"http://kommunikation.gaertnerhkk.de/?page_id=439","name":"Ihre persönlichen Arbeitsvermittler - Personalberatung - gaertner hkk","isPartOf":{"@id":"http://kommunikation.gaertnerhkk.de/#website"},"primaryImageOfPage":{"@id":"http://kommunikation.gaertnerhkk.de/?page_id=439#primaryimage"},"image":{"@id":"http://kommunikation.gaertnerhkk.de/?page_id=439#primaryimage"},"thumbnailUrl":"http://kommunikation.gaertnerhkk.de/wp-content/uploads/2015/06/DSCN1004.jpg","datePublished":"2015-06-30T13:11:44+00:00","dateModified":"2016-07-27T11:09:16+00:00","breadcrumb":{"@id":"http://kommunikation.gaertnerhkk.de/?page_id=439#breadcrumb"},"inLanguage":"de-DE","potentialAction":[{"@type":"ReadAction","target":["http://kommunikation.gaertnerhkk.de/?page_id=439"]}]},{"@type":"ImageObject","inLanguage":"de-DE","@id":"http://kommunikation.gaertnerhkk.de/?page_id=439#primaryimage","url":"http://kommunikation.gaertnerhkk.de/wp-content/uploads/2015/06/DSCN1004.jpg","contentUrl":"http://kommunikation.gaertnerhkk.de/wp-content/uploads/2015/06/DSCN1004.jpg","width":3264,"height":2448},{"@type":"BreadcrumbList","@id":"http://kommunikation.gaertnerhkk.de/?page_id=439#breadcrumb","itemListElement":[{"@type":"ListItem","position":1,"name":"Home","item":"http://kommunikation.gaertnerhkk.de/"},{"@type":"ListItem","position":2,"name":"Angebot","item":"http://kommunikation.gaertnerhkk.de/?page_id=41"},{"@type":"ListItem","position":3,"name":"Ihre persönlichen Arbeitsvermittler &#8211; Personalberatung"}]},{"@type":"WebSite","@id":"http://kommunikation.gaertnerhkk.de/#website","url":"http://kommunikation.gaertnerhkk.de/","name":"gaertner hkk","description":"Bildungsmanufaktur","potentialAction":[{"@type":"SearchAction","target":{"@type":"EntryPoint","urlTemplate":"http://kommunikation.gaertnerhkk.de/?s={search_term_string}"},"query-input":"required name=search_term_string"}],"inLanguage":"de-DE"}]}</script>
<!-- / Yoast SEO plugin. -->

Ihre persönlichen Arbeitsvermittler - Personalberatung - gaertner hkk
