{"id":490,"date":"2015-07-02T10:24:57","date_gmt":"2015-07-02T10:24:57","guid":{"rendered":"http:\/\/kommunikation.gaertnerhkk.de\/?page_id=490"},"modified":"2020-03-02T13:09:29","modified_gmt":"2020-03-02T13:09:29","slug":"seit-1997","status":"publish","type":"page","link":"http:\/\/kommunikation.gaertnerhkk.de\/?page_id=490","title":{"rendered":"Seit 1997"},"content":{"rendered":"<p><strong>1997 &#8211; 2014<\/strong><\/p>\n<p><a id=\"set-post-thumbnail\" class=\"thickbox\" href=\"http:\/\/kommunikation.gaertnerhkk.de\/wp-admin\/media-upload.php?post_id=490&amp;type=image&amp;TB_iframe=1\"><img loading=\"lazy\" decoding=\"async\" class=\"attachment-266x266 size-266x266 alignright\" src=\"http:\/\/kommunikation.gaertnerhkk.de\/wp-content\/uploads\/2016\/06\/GAERTNER-HKK-Header160616_JPEG-768x269.jpg\" sizes=\"(max-width: 266px) 100vw, 266px\" srcset=\"http:\/\/kommunikation.gaertnerhkk.de\/wp-content\/uploads\/2016\/06\/GAERTNER-HKK-Header160616_JPEG-768x269.jpg 768w, http:\/\/kommunikation.gaertnerhkk.de\/wp-content\/uploads\/2016\/06\/GAERTNER-HKK-Header160616_JPEG-300x105.jpg 300w, http:\/\/kommunikation.gaertnerhkk.de\/wp-content\/uploads\/2016\/06\/GAERTNER-HKK-Header160616_JPEG-1024x358.jpg 1024w\" alt=\"GAERTNER HKK Header160616_JPEG\" width=\"266\" height=\"93\" \/><\/a><strong>MediaAgentur<\/strong><\/p>\n<ul>\n<li>Unternehmensberatung &#8211; Interne und Externe Unternehmemenskommunikation &#8211;<\/li>\n<li>Personalentwicklung &#8211;<\/li>\n<li>Coaching und Ausbildung von besonders f\u00f6rderungsbed\u00fcrftigen Jugendlichen<\/li>\n<li>Bildungsmanagement<\/li>\n<li>2003 bis 2008 Ehrenamt: Vizepr\u00e4sidentin im Bund der Selbstst\u00e4ndigen<br \/>\nRheinland-Pfalz und Saarland e.V.<\/li>\n<li>2012 &#8211; ProfilPass und ProfilPass f\u00fcr junge Menschen<\/li>\n<\/ul>\n<p><strong>2014<\/strong><\/p>\n<p>Umfirmierung in <strong>gaertner.human.kapital.konsulting<br \/>\n<\/strong><\/p>\n<p>Seit 2017 gaertner hkk e,K. &#8211; Bildungsmanufaktur<\/p>\n<ul>\n<li>AZAV ZERTIFIZIERUNG GZQ<\/li>\n<li>Zertifizierter Tr\u00e4ger nach dem Recht der Arbeitsf\u00f6rderung f\u00fcr die Fachbereiche<br \/>\n\u00a7 45 Absatz 1 Nummer 1 bis 5 SGB III<br \/>\n\u00a7 45 Absatz 4 Satz 3 Nummer 2 SGB III<br \/>\n\u00a7 81 ff \u2013 Ma\u00dfnahmenzertifikat Nr. A278031<\/li>\n<li>Anerkennung f\u00fcr die Freistellungsf\u00e4higkeit nach dem Saarl\u00e4ndischen<\/li>\n<li>ProfilPass Beratung &#8211; Jugendliche, Leichte Sprache, Erwachsene<\/li>\n<li>Deutsch am Arbeitsplatz 2016<\/li>\n<li>ZUGELASSENER TR\u00c4GER ZUR DURCHF\u00dcHRUNG VON<br \/>\nBERUFSBEZOGENER DEUTSCHSPRACHF\u00d6RDERUNG-\u00a0 &#8211; Tr\u00e4ger Nr. 66088<\/li>\n<li>Coaching, Tranining und Aktivierung<\/li>\n<li>Fort- und Weiterbildung im Bereich EDV, kfm. Berufe u.a. LagerLogistik, Handel, Gastronomie, Gesundheit<\/li>\n<li>Integrationscoaching: Migranten in den Beruf<\/li>\n<li>Firmenschulungen im Bereich Kommunikation, kaufm\u00e4nnische Qualifizierungen<\/li>\n<\/ul>\n","protected":false},"excerpt":{"rendered":"1997 &#8211; 2014 MediaAgentur Unternehmensberatung &#8211; Interne und Externe Unternehmemenskommunikation &#8211; Personalentwicklung &#8211; Coaching und Ausbildung von besonders f\u00f6rderungsbed\u00fcrftigen Jugendlichen Bildungsmanagement 2003 bis 2008 Ehrenamt: Vizepr\u00e4sidentin im Bund der Selbstst\u00e4ndigen Rheinland-Pfalz und Saarland e.V. 2012 &#8211; ProfilPass und ProfilPass f\u00fcr junge Menschen 2014 Umfirmierung in gaertner.human.kapital.konsulting Seit 2017 gaertner hkk e,K. &#8211; Bildungsmanufaktur AZAV ZERTIFIZIERUNG ","protected":false},"author":1,"featured_media":1202,"parent":0,"menu_order":0,"comment_status":"open","ping_status":"open","template":"","meta":{"footnotes":""},"class_list":["post-490","page","type-page","status-publish","has-post-thumbnail","hentry"],"yoast_head":"<!-- This site is optimized with the Yoast SEO plugin v23.1 - https:\/\/yoast.com\/wordpress\/plugins\/seo\/ -->\n<title>Seit 1997 - gaertner hkk<\/title>\n<meta name=\"robots\" content=\"index, follow, max-snippet:-1, max-image-preview:large, max-video-preview:-1\" \/>\n<link rel=\"canonical\" href=\"http:\/\/kommunikation.gaertnerhkk.de\/?page_id=490\" \/>\n<meta property=\"og:locale\" content=\"de_DE\" \/>\n<meta property=\"og:type\" content=\"article\" \/>\n<meta property=\"og:title\" content=\"Seit 1997 - gaertner hkk\" \/>\n<meta property=\"og:description\" content=\"1997 &#8211; 2014 MediaAgentur Unternehmensberatung &#8211; Interne und Externe Unternehmemenskommunikation &#8211; Personalentwicklung &#8211; Coaching und Ausbildung von besonders f\u00f6rderungsbed\u00fcrftigen Jugendlichen Bildungsmanagement 2003 bis 2008 Ehrenamt: Vizepr\u00e4sidentin im Bund der Selbstst\u00e4ndigen Rheinland-Pfalz und Saarland e.V. 2012 &#8211; ProfilPass und ProfilPass f\u00fcr junge Menschen 2014 Umfirmierung in gaertner.human.kapital.konsulting Seit 2017 gaertner hkk e,K. &#8211; Bildungsmanufaktur AZAV ZERTIFIZIERUNG\" \/>\n<meta property=\"og:url\" content=\"http:\/\/kommunikation.gaertnerhkk.de\/?page_id=490\" \/>\n<meta property=\"og:site_name\" content=\"gaertner hkk\" \/>\n<meta property=\"article:publisher\" content=\"https:\/\/www.facebook.com\/gaertnerhkk.de\" \/>\n<meta property=\"article:modified_time\" content=\"2020-03-02T13:09:29+00:00\" \/>\n<meta property=\"og:image\" content=\"http:\/\/kommunikation.gaertnerhkk.de\/wp-content\/uploads\/2016\/06\/GAERTNER-HKK-Header160616_JPEG-e1466087309750.jpg\" \/>\n\t<meta property=\"og:image:width\" content=\"2657\" \/>\n\t<meta property=\"og:image:height\" content=\"930\" \/>\n\t<meta property=\"og:image:type\" content=\"image\/jpeg\" \/>\n<meta name=\"twitter:card\" content=\"summary_large_image\" \/>\n<meta name=\"twitter:label1\" content=\"Gesch\u00e4tzte Lesezeit\" \/>\n\t<meta name=\"twitter:data1\" content=\"1 Minute\" \/>\n<script type=\"application\/ld+json\" class=\"yoast-schema-graph\">{\"@context\":\"https:\/\/schema.org\",\"@graph\":[{\"@type\":\"WebPage\",\"@id\":\"http:\/\/kommunikation.gaertnerhkk.de\/?page_id=490\",\"url\":\"http:\/\/kommunikation.gaertnerhkk.de\/?page_id=490\",\"name\":\"Seit 1997 - gaertner hkk\",\"isPartOf\":{\"@id\":\"http:\/\/kommunikation.gaertnerhkk.de\/#website\"},\"primaryImageOfPage\":{\"@id\":\"http:\/\/kommunikation.gaertnerhkk.de\/?page_id=490#primaryimage\"},\"image\":{\"@id\":\"http:\/\/kommunikation.gaertnerhkk.de\/?page_id=490#primaryimage\"},\"thumbnailUrl\":\"http:\/\/kommunikation.gaertnerhkk.de\/wp-content\/uploads\/2016\/06\/GAERTNER-HKK-Header160616_JPEG-e1466087309750.jpg\",\"datePublished\":\"2015-07-02T10:24:57+00:00\",\"dateModified\":\"2020-03-02T13:09:29+00:00\",\"breadcrumb\":{\"@id\":\"http:\/\/kommunikation.gaertnerhkk.de\/?page_id=490#breadcrumb\"},\"inLanguage\":\"de-DE\",\"potentialAction\":[{\"@type\":\"ReadAction\",\"target\":[\"http:\/\/kommunikation.gaertnerhkk.de\/?page_id=490\"]}]},{\"@type\":\"ImageObject\",\"inLanguage\":\"de-DE\",\"@id\":\"http:\/\/kommunikation.gaertnerhkk.de\/?page_id=490#primaryimage\",\"url\":\"http:\/\/kommunikation.gaertnerhkk.de\/wp-content\/uploads\/2016\/06\/GAERTNER-HKK-Header160616_JPEG-e1466087309750.jpg\",\"contentUrl\":\"http:\/\/kommunikation.gaertnerhkk.de\/wp-content\/uploads\/2016\/06\/GAERTNER-HKK-Header160616_JPEG-e1466087309750.jpg\",\"width\":2657,\"height\":930},{\"@type\":\"BreadcrumbList\",\"@id\":\"http:\/\/kommunikation.gaertnerhkk.de\/?page_id=490#breadcrumb\",\"itemListElement\":[{\"@type\":\"ListItem\",\"position\":1,\"name\":\"Home\",\"item\":\"http:\/\/kommunikation.gaertnerhkk.de\/\"},{\"@type\":\"ListItem\",\"position\":2,\"name\":\"Seit 1997\"}]},{\"@type\":\"WebSite\",\"@id\":\"http:\/\/kommunikation.gaertnerhkk.de\/#website\",\"url\":\"http:\/\/kommunikation.gaertnerhkk.de\/\",\"name\":\"gaertner hkk\",\"description\":\"Bildungsmanufaktur\",\"potentialAction\":[{\"@type\":\"SearchAction\",\"target\":{\"@type\":\"EntryPoint\",\"urlTemplate\":\"http:\/\/kommunikation.gaertnerhkk.de\/?s={search_term_string}\"},\"query-input\":\"required name=search_term_string\"}],\"inLanguage\":\"de-DE\"}]}<\/script>\n<!-- \/ Yoast SEO plugin. -->","yoast_head_json":{"title":"Seit 1997 - gaertner hkk","robots":{"index":"index","follow":"follow","max-snippet":"max-snippet:-1","max-image-preview":"max-image-preview:large","max-video-preview":"max-video-preview:-1"},"canonical":"http:\/\/kommunikation.gaertnerhkk.de\/?page_id=490","og_locale":"de_DE","og_type":"article","og_title":"Seit 1997 - gaertner hkk","og_description":"1997 &#8211; 2014 MediaAgentur Unternehmensberatung &#8211; Interne und Externe Unternehmemenskommunikation &#8211; Personalentwicklung &#8211; Coaching und Ausbildung von besonders f\u00f6rderungsbed\u00fcrftigen Jugendlichen Bildungsmanagement 2003 bis 2008 Ehrenamt: Vizepr\u00e4sidentin im Bund der Selbstst\u00e4ndigen Rheinland-Pfalz und Saarland e.V. 2012 &#8211; ProfilPass und ProfilPass f\u00fcr junge Menschen 2014 Umfirmierung in gaertner.human.kapital.konsulting Seit 2017 gaertner hkk e,K. &#8211; Bildungsmanufaktur AZAV ZERTIFIZIERUNG","og_url":"http:\/\/kommunikation.gaertnerhkk.de\/?page_id=490","og_site_name":"gaertner hkk","article_publisher":"https:\/\/www.facebook.com\/gaertnerhkk.de","article_modified_time":"2020-03-02T13:09:29+00:00","og_image":[{"width":2657,"height":930,"url":"http:\/\/kommunikation.gaertnerhkk.de\/wp-content\/uploads\/2016\/06\/GAERTNER-HKK-Header160616_JPEG-e1466087309750.jpg","type":"image\/jpeg"}],"twitter_card":"summary_large_image","twitter_misc":{"Gesch\u00e4tzte Lesezeit":"1 Minute"},"schema":{"@context":"https:\/\/schema.org","@graph":[{"@type":"WebPage","@id":"http:\/\/kommunikation.gaertnerhkk.de\/?page_id=490","url":"http:\/\/kommunikation.gaertnerhkk.de\/?page_id=490","name":"Seit 1997 - gaertner hkk","isPartOf":{"@id":"http:\/\/kommunikation.gaertnerhkk.de\/#website"},"primaryImageOfPage":{"@id":"http:\/\/kommunikation.gaertnerhkk.de\/?page_id=490#primaryimage"},"image":{"@id":"http:\/\/kommunikation.gaertnerhkk.de\/?page_id=490#primaryimage"},"thumbnailUrl":"http:\/\/kommunikation.gaertnerhkk.de\/wp-content\/uploads\/2016\/06\/GAERTNER-HKK-Header160616_JPEG-e1466087309750.jpg","datePublished":"2015-07-02T10:24:57+00:00","dateModified":"2020-03-02T13:09:29+00:00","breadcrumb":{"@id":"http:\/\/kommunikation.gaertnerhkk.de\/?page_id=490#breadcrumb"},"inLanguage":"de-DE","potentialAction":[{"@type":"ReadAction","target":["http:\/\/kommunikation.gaertnerhkk.de\/?page_id=490"]}]},{"@type":"ImageObject","inLanguage":"de-DE","@id":"http:\/\/kommunikation.gaertnerhkk.de\/?page_id=490#primaryimage","url":"http:\/\/kommunikation.gaertnerhkk.de\/wp-content\/uploads\/2016\/06\/GAERTNER-HKK-Header160616_JPEG-e1466087309750.jpg","contentUrl":"http:\/\/kommunikation.gaertnerhkk.de\/wp-content\/uploads\/2016\/06\/GAERTNER-HKK-Header160616_JPEG-e1466087309750.jpg","width":2657,"height":930},{"@type":"BreadcrumbList","@id":"http:\/\/kommunikation.gaertnerhkk.de\/?page_id=490#breadcrumb","itemListElement":[{"@type":"ListItem","position":1,"name":"Home","item":"http:\/\/kommunikation.gaertnerhkk.de\/"},{"@type":"ListItem","position":2,"name":"Seit 1997"}]},{"@type":"WebSite","@id":"http:\/\/kommunikation.gaertnerhkk.de\/#website","url":"http:\/\/kommunikation.gaertnerhkk.de\/","name":"gaertner hkk","description":"Bildungsmanufaktur","potentialAction":[{"@type":"SearchAction","target":{"@type":"EntryPoint","urlTemplate":"http:\/\/kommunikation.gaertnerhkk.de\/?s={search_term_string}"},"query-input":"required name=search_term_string"}],"inLanguage":"de-DE"}]}},"_links":{"self":[{"href":"http:\/\/kommunikation.gaertnerhkk.de\/index.php?rest_route=\/wp\/v2\/pages\/490"}],"collection":[{"href":"http:\/\/kommunikation.gaertnerhkk.de\/index.php?rest_route=\/wp\/v2\/pages"}],"about":[{"href":"http:\/\/kommunikation.gaertnerhkk.de\/index.php?rest_route=\/wp\/v2\/types\/page"}],"author":[{"embeddable":true,"href":"http:\/\/kommunikation.gaertnerhkk.de\/index.php?rest_route=\/wp\/v2\/users\/1"}],"replies":[{"embeddable":true,"href":"http:\/\/kommunikation.gaertnerhkk.de\/index.php?rest_route=%2Fwp%2Fv2%2Fcomments&post=490"}],"version-history":[{"count":9,"href":"http:\/\/kommunikation.gaertnerhkk.de\/index.php?rest_route=\/wp\/v2\/pages\/490\/revisions"}],"predecessor-version":[{"id":1875,"href":"http:\/\/kommunikation.gaertnerhkk.de\/index.php?rest_route=\/wp\/v2\/pages\/490\/revisions\/1875"}],"wp:featuredmedia":[{"embeddable":true,"href":"http:\/\/kommunikation.gaertnerhkk.de\/index.php?rest_route=\/wp\/v2\/media\/1202"}],"wp:attachment":[{"href":"http:\/\/kommunikation.gaertnerhkk.de\/index.php?rest_route=%2Fwp%2Fv2%2Fmedia&parent=490"}],"curies":[{"name":"wp","href":"https:\/\/api.w.org\/{rel}","templated":true}]}}

<p><strong>1997 &#8211; 2014</strong></p>
<p><a id="set-post-thumbnail" class="thickbox" href="http://kommunikation.gaertnerhkk.de/wp-admin/media-upload.php?post_id=490&amp;type=image&amp;TB_iframe=1"><img loading="lazy" decoding="async" class="attachment-266x266 size-266x266 alignright" src="http://kommunikation.gaertnerhkk.de/wp-content/uploads/2016/06/GAERTNER-HKK-Header160616_JPEG-768x269.jpg" sizes="(max-width: 266px) 100vw, 266px" srcset="http://kommunikation.gaertnerhkk.de/wp-content/uploads/2016/06/GAERTNER-HKK-Header160616_JPEG-768x269.jpg 768w, http://kommunikation.gaertnerhkk.de/wp-content/uploads/2016/06/GAERTNER-HKK-Header160616_JPEG-300x105.jpg 300w, http://kommunikation.gaertnerhkk.de/wp-content/uploads/2016/06/GAERTNER-HKK-Header160616_JPEG-1024x358.jpg 1024w" alt="GAERTNER HKK Header160616_JPEG" width="266" height="93" /></a><strong>MediaAgentur</strong></p>
<ul>
<li>Unternehmensberatung &#8211; Interne und Externe Unternehmemenskommunikation &#8211;</li>
<li>Personalentwicklung &#8211;</li>
<li>Coaching und Ausbildung von besonders förderungsbedürftigen Jugendlichen</li>
<li>Bildungsmanagement</li>
<li>2003 bis 2008 Ehrenamt: Vizepräsidentin im Bund der Selbstständigen<br />
Rheinland-Pfalz und Saarland e.V.</li>
<li>2012 &#8211; ProfilPass und ProfilPass für junge Menschen</li>
</ul>
<p><strong>2014</strong></p>
<p>Umfirmierung in <strong>gaertner.human.kapital.konsulting<br />
</strong></p>
<p>Seit 2017 gaertner hkk e,K. &#8211; Bildungsmanufaktur</p>
<ul>
<li>AZAV ZERTIFIZIERUNG GZQ</li>
<li>Zertifizierter Träger nach dem Recht der Arbeitsförderung für die Fachbereiche<br />
§ 45 Absatz 1 Nummer 1 bis 5 SGB III<br />
§ 45 Absatz 4 Satz 3 Nummer 2 SGB III<br />
§ 81 ff – Maßnahmenzertifikat Nr. A278031</li>
<li>Anerkennung für die Freistellungsfähigkeit nach dem Saarländischen</li>
<li>ProfilPass Beratung &#8211; Jugendliche, Leichte Sprache, Erwachsene</li>
<li>Deutsch am Arbeitsplatz 2016</li>
<li>ZUGELASSENER TRÄGER ZUR DURCHFÜHRUNG VON<br />
BERUFSBEZOGENER DEUTSCHSPRACHFÖRDERUNG-  &#8211; Träger Nr. 66088</li>
<li>Coaching, Tranining und Aktivierung</li>
<li>Fort- und Weiterbildung im Bereich EDV, kfm. Berufe u.a. LagerLogistik, Handel, Gastronomie, Gesundheit</li>
<li>Integrationscoaching: Migranten in den Beruf</li>
<li>Firmenschulungen im Bereich Kommunikation, kaufmännische Qualifizierungen</li>
</ul>

1997 &#8211; 2014 MediaAgentur Unternehmensberatung &#8211; Interne und Externe Unternehmemenskommunikation &#8211; Personalentwicklung &#8211; Coaching und Ausbildung von besonders förderungsbedürftigen Jugendlichen Bildungsmanagement 2003 bis 2008 Ehrenamt: Vizepräsidentin im Bund der Selbstständigen Rheinland-Pfalz und Saarland e.V. 2012 &#8211; ProfilPass und ProfilPass für junge Menschen 2014 Umfirmierung in gaertner.human.kapital.konsulting Seit 2017 gaertner hkk e,K. &#8211; Bildungsmanufaktur AZAV ZERTIFIZIERUNG

<!-- This site is optimized with the Yoast SEO plugin v23.1 - https://yoast.com/wordpress/plugins/seo/ -->
<title>Seit 1997 - gaertner hkk</title>
<meta name="robots" content="index, follow, max-snippet:-1, max-image-preview:large, max-video-preview:-1" />
<link rel="canonical" href="http://kommunikation.gaertnerhkk.de/?page_id=490" />
<meta property="og:locale" content="de_DE" />
<meta property="og:type" content="article" />
<meta property="og:title" content="Seit 1997 - gaertner hkk" />
<meta property="og:description" content="1997 &#8211; 2014 MediaAgentur Unternehmensberatung &#8211; Interne und Externe Unternehmemenskommunikation &#8211; Personalentwicklung &#8211; Coaching und Ausbildung von besonders förderungsbedürftigen Jugendlichen Bildungsmanagement 2003 bis 2008 Ehrenamt: Vizepräsidentin im Bund der Selbstständigen Rheinland-Pfalz und Saarland e.V. 2012 &#8211; ProfilPass und ProfilPass für junge Menschen 2014 Umfirmierung in gaertner.human.kapital.konsulting Seit 2017 gaertner hkk e,K. &#8211; Bildungsmanufaktur AZAV ZERTIFIZIERUNG" />
<meta property="og:url" content="http://kommunikation.gaertnerhkk.de/?page_id=490" />
<meta property="og:site_name" content="gaertner hkk" />
<meta property="article:publisher" content="https://www.facebook.com/gaertnerhkk.de" />
<meta property="article:modified_time" content="2020-03-02T13:09:29+00:00" />
<meta property="og:image" content="http://kommunikation.gaertnerhkk.de/wp-content/uploads/2016/06/GAERTNER-HKK-Header160616_JPEG-e1466087309750.jpg" />
	<meta property="og:image:width" content="2657" />
	<meta property="og:image:height" content="930" />
	<meta property="og:image:type" content="image/jpeg" />
<meta name="twitter:card" content="summary_large_image" />
<meta name="twitter:label1" content="Geschätzte Lesezeit" />
	<meta name="twitter:data1" content="1 Minute" />
<script type="application/ld+json" class="yoast-schema-graph">{"@context":"https://schema.org","@graph":[{"@type":"WebPage","@id":"http://kommunikation.gaertnerhkk.de/?page_id=490","url":"http://kommunikation.gaertnerhkk.de/?page_id=490","name":"Seit 1997 - gaertner hkk","isPartOf":{"@id":"http://kommunikation.gaertnerhkk.de/#website"},"primaryImageOfPage":{"@id":"http://kommunikation.gaertnerhkk.de/?page_id=490#primaryimage"},"image":{"@id":"http://kommunikation.gaertnerhkk.de/?page_id=490#primaryimage"},"thumbnailUrl":"http://kommunikation.gaertnerhkk.de/wp-content/uploads/2016/06/GAERTNER-HKK-Header160616_JPEG-e1466087309750.jpg","datePublished":"2015-07-02T10:24:57+00:00","dateModified":"2020-03-02T13:09:29+00:00","breadcrumb":{"@id":"http://kommunikation.gaertnerhkk.de/?page_id=490#breadcrumb"},"inLanguage":"de-DE","potentialAction":[{"@type":"ReadAction","target":["http://kommunikation.gaertnerhkk.de/?page_id=490"]}]},{"@type":"ImageObject","inLanguage":"de-DE","@id":"http://kommunikation.gaertnerhkk.de/?page_id=490#primaryimage","url":"http://kommunikation.gaertnerhkk.de/wp-content/uploads/2016/06/GAERTNER-HKK-Header160616_JPEG-e1466087309750.jpg","contentUrl":"http://kommunikation.gaertnerhkk.de/wp-content/uploads/2016/06/GAERTNER-HKK-Header160616_JPEG-e1466087309750.jpg","width":2657,"height":930},{"@type":"BreadcrumbList","@id":"http://kommunikation.gaertnerhkk.de/?page_id=490#breadcrumb","itemListElement":[{"@type":"ListItem","position":1,"name":"Home","item":"http://kommunikation.gaertnerhkk.de/"},{"@type":"ListItem","position":2,"name":"Seit 1997"}]},{"@type":"WebSite","@id":"http://kommunikation.gaertnerhkk.de/#website","url":"http://kommunikation.gaertnerhkk.de/","name":"gaertner hkk","description":"Bildungsmanufaktur","potentialAction":[{"@type":"SearchAction","target":{"@type":"EntryPoint","urlTemplate":"http://kommunikation.gaertnerhkk.de/?s={search_term_string}"},"query-input":"required name=search_term_string"}],"inLanguage":"de-DE"}]}</script>
<!-- / Yoast SEO plugin. -->
