{"id":646,"date":"2015-07-08T15:07:18","date_gmt":"2015-07-08T15:07:18","guid":{"rendered":"http:\/\/kommunikation.gaertnerhkk.de\/?page_id=646"},"modified":"2016-07-27T10:27:03","modified_gmt":"2016-07-27T10:27:03","slug":"profilpass-fuer-erwachsene","status":"publish","type":"page","link":"http:\/\/kommunikation.gaertnerhkk.de\/?page_id=646","title":{"rendered":"ProfilPASS f\u00fcr Erwachsene"},"content":{"rendered":"<p><strong>ProfilPASS f\u00fcr Erwachsene<a id=\"set-post-thumbnail\" class=\"thickbox\" href=\"http:\/\/kommunikation.gaertnerhkk.de\/wp-admin\/media-upload.php?post_id=646&amp;type=image&amp;TB_iframe=1\"><img loading=\"lazy\" decoding=\"async\" class=\"attachment-266x266 size-266x266 alignright\" src=\"http:\/\/kommunikation.gaertnerhkk.de\/wp-content\/uploads\/2016\/07\/Header-2a-1-768x269.jpg\" sizes=\"(max-width: 266px) 100vw, 266px\" srcset=\"http:\/\/kommunikation.gaertnerhkk.de\/wp-content\/uploads\/2016\/07\/Header-2a-1-768x269.jpg 768w, http:\/\/kommunikation.gaertnerhkk.de\/wp-content\/uploads\/2016\/07\/Header-2a-1-300x105.jpg 300w, http:\/\/kommunikation.gaertnerhkk.de\/wp-content\/uploads\/2016\/07\/Header-2a-1-1024x358.jpg 1024w, http:\/\/kommunikation.gaertnerhkk.de\/wp-content\/uploads\/2016\/07\/Header-2a-1-e1469528943593.jpg 1332w\" alt=\"Header 2a\" width=\"266\" height=\"93\" \/><\/a><\/strong><\/p>\n<p>&nbsp;<\/p>\n<p>Sich mit der eigenen Biografie frei von Zw\u00e4ngen und Erwartungen zu besch\u00e4ftigen &#8211; das ist die Besonderheit des ProfilPASS. Dieser biografische Ansatz erm\u00f6glicht eine besondere Beratungsqualit\u00e4t, die die pers\u00f6nlichen Erfahrungen und Kompetenzen des Menschen in den Fokus r\u00fcckt.<\/p>\n<p>Der ProfilPASS richtet sich an Menschen aller Altersstufen und Bildungsniveaus und bezieht s\u00e4mtliche Formen des Lernens mit ein. Er f\u00f6rdert mit Unterst\u00fctzung des Beraters die Ermittlung und Bilanzierung von<\/p>\n<p class=\"hide-if-no-js\">\n<p>F\u00e4higkeiten und Kompetenzen sowie die Formulierung individueller Ziele.<\/p>\n<p>Der ProfilPASS f\u00f6rdert die Anerkennung non-formal und informell erworbener Kompetenzen.<\/p>\n<p><strong>Beratung und Unterst\u00fctzung<\/strong><\/p>\n<p>Gerne begleiten wir Sie als Berater bei der KompetenzErmittlung und KompetenzBilanzierung. <strong>Settings <\/strong>finden als EinzelBeratung oder in Gruppen statt.<\/p>\n<p><strong>Termine:<a title=\"ProfilPASS\" href=\"http:\/\/www.profilpass.de\/\" target=\"_blank\"><img decoding=\"async\" class=\" alignright\" title=\"ProfilPASS - Ordner Erwachsene\" src=\"http:\/\/www.1a-kompetenzbilanz.at\/sites\/default\/files\/bilder\/blauPPOrdner_marginal.gif\" alt=\"ProfilPASS- Ordner Erwachsene\" \/><\/a><\/strong><\/p>\n<p>Rufen Sie uns an: <strong>0 68 31 \u2013 5 00 37 56<\/strong> oder hinterlassen Sie uns eine Nachricht \u00fcber das <a href=\"http:\/\/kommunikation.gaertnerhkk.de\/?page_id=464\" target=\"_blank\">Kontaktformular<\/a><\/p>\n<p><strong>F\u00f6rderung durch Agentur f\u00fcr Arbeit, Jobcenter, etc. m\u00f6glich.<\/strong><\/p>\n","protected":false},"excerpt":{"rendered":"ProfilPASS f\u00fcr Erwachsene &nbsp; Sich mit der eigenen Biografie frei von Zw\u00e4ngen und Erwartungen zu besch\u00e4ftigen &#8211; das ist die Besonderheit des ProfilPASS. Dieser biografische Ansatz erm\u00f6glicht eine besondere Beratungsqualit\u00e4t, die die pers\u00f6nlichen Erfahrungen und Kompetenzen des Menschen in den Fokus r\u00fcckt. Der ProfilPASS richtet sich an Menschen aller Altersstufen und Bildungsniveaus und bezieht s\u00e4mtliche ","protected":false},"author":1,"featured_media":1306,"parent":41,"menu_order":0,"comment_status":"open","ping_status":"open","template":"","meta":{"footnotes":""},"class_list":["post-646","page","type-page","status-publish","has-post-thumbnail","hentry"],"yoast_head":"<!-- This site is optimized with the Yoast SEO plugin v23.1 - https:\/\/yoast.com\/wordpress\/plugins\/seo\/ -->\n<title>ProfilPASS f\u00fcr Erwachsene - gaertner hkk<\/title>\n<meta name=\"robots\" content=\"index, follow, max-snippet:-1, max-image-preview:large, max-video-preview:-1\" \/>\n<link rel=\"canonical\" href=\"http:\/\/kommunikation.gaertnerhkk.de\/?page_id=646\" \/>\n<meta property=\"og:locale\" content=\"de_DE\" \/>\n<meta property=\"og:type\" content=\"article\" \/>\n<meta property=\"og:title\" content=\"ProfilPASS f\u00fcr Erwachsene - gaertner hkk\" \/>\n<meta property=\"og:description\" content=\"ProfilPASS f\u00fcr Erwachsene &nbsp; Sich mit der eigenen Biografie frei von Zw\u00e4ngen und Erwartungen zu besch\u00e4ftigen &#8211; das ist die Besonderheit des ProfilPASS. Dieser biografische Ansatz erm\u00f6glicht eine besondere Beratungsqualit\u00e4t, die die pers\u00f6nlichen Erfahrungen und Kompetenzen des Menschen in den Fokus r\u00fcckt. Der ProfilPASS richtet sich an Menschen aller Altersstufen und Bildungsniveaus und bezieht s\u00e4mtliche\" \/>\n<meta property=\"og:url\" content=\"http:\/\/kommunikation.gaertnerhkk.de\/?page_id=646\" \/>\n<meta property=\"og:site_name\" content=\"gaertner hkk\" \/>\n<meta property=\"article:publisher\" content=\"https:\/\/www.facebook.com\/gaertnerhkk.de\" \/>\n<meta property=\"article:modified_time\" content=\"2016-07-27T10:27:03+00:00\" \/>\n<meta property=\"og:image\" content=\"http:\/\/kommunikation.gaertnerhkk.de\/wp-content\/uploads\/2016\/07\/Header-2a-1-e1469528943593.jpg\" \/>\n\t<meta property=\"og:image:width\" content=\"1332\" \/>\n\t<meta property=\"og:image:height\" content=\"466\" \/>\n\t<meta property=\"og:image:type\" content=\"image\/jpeg\" \/>\n<meta name=\"twitter:card\" content=\"summary_large_image\" \/>\n<meta name=\"twitter:label1\" content=\"Gesch\u00e4tzte Lesezeit\" \/>\n\t<meta name=\"twitter:data1\" content=\"1 Minute\" \/>\n<script type=\"application\/ld+json\" class=\"yoast-schema-graph\">{\"@context\":\"https:\/\/schema.org\",\"@graph\":[{\"@type\":\"WebPage\",\"@id\":\"http:\/\/kommunikation.gaertnerhkk.de\/?page_id=646\",\"url\":\"http:\/\/kommunikation.gaertnerhkk.de\/?page_id=646\",\"name\":\"ProfilPASS f\u00fcr Erwachsene - gaertner hkk\",\"isPartOf\":{\"@id\":\"http:\/\/kommunikation.gaertnerhkk.de\/#website\"},\"primaryImageOfPage\":{\"@id\":\"http:\/\/kommunikation.gaertnerhkk.de\/?page_id=646#primaryimage\"},\"image\":{\"@id\":\"http:\/\/kommunikation.gaertnerhkk.de\/?page_id=646#primaryimage\"},\"thumbnailUrl\":\"http:\/\/kommunikation.gaertnerhkk.de\/wp-content\/uploads\/2016\/07\/Header-2a-1-e1469528943593.jpg\",\"datePublished\":\"2015-07-08T15:07:18+00:00\",\"dateModified\":\"2016-07-27T10:27:03+00:00\",\"breadcrumb\":{\"@id\":\"http:\/\/kommunikation.gaertnerhkk.de\/?page_id=646#breadcrumb\"},\"inLanguage\":\"de-DE\",\"potentialAction\":[{\"@type\":\"ReadAction\",\"target\":[\"http:\/\/kommunikation.gaertnerhkk.de\/?page_id=646\"]}]},{\"@type\":\"ImageObject\",\"inLanguage\":\"de-DE\",\"@id\":\"http:\/\/kommunikation.gaertnerhkk.de\/?page_id=646#primaryimage\",\"url\":\"http:\/\/kommunikation.gaertnerhkk.de\/wp-content\/uploads\/2016\/07\/Header-2a-1-e1469528943593.jpg\",\"contentUrl\":\"http:\/\/kommunikation.gaertnerhkk.de\/wp-content\/uploads\/2016\/07\/Header-2a-1-e1469528943593.jpg\",\"width\":1332,\"height\":466},{\"@type\":\"BreadcrumbList\",\"@id\":\"http:\/\/kommunikation.gaertnerhkk.de\/?page_id=646#breadcrumb\",\"itemListElement\":[{\"@type\":\"ListItem\",\"position\":1,\"name\":\"Home\",\"item\":\"http:\/\/kommunikation.gaertnerhkk.de\/\"},{\"@type\":\"ListItem\",\"position\":2,\"name\":\"Angebot\",\"item\":\"http:\/\/kommunikation.gaertnerhkk.de\/?page_id=41\"},{\"@type\":\"ListItem\",\"position\":3,\"name\":\"ProfilPASS f\u00fcr Erwachsene\"}]},{\"@type\":\"WebSite\",\"@id\":\"http:\/\/kommunikation.gaertnerhkk.de\/#website\",\"url\":\"http:\/\/kommunikation.gaertnerhkk.de\/\",\"name\":\"gaertner hkk\",\"description\":\"Bildungsmanufaktur\",\"potentialAction\":[{\"@type\":\"SearchAction\",\"target\":{\"@type\":\"EntryPoint\",\"urlTemplate\":\"http:\/\/kommunikation.gaertnerhkk.de\/?s={search_term_string}\"},\"query-input\":\"required name=search_term_string\"}],\"inLanguage\":\"de-DE\"}]}<\/script>\n<!-- \/ Yoast SEO plugin. -->","yoast_head_json":{"title":"ProfilPASS f\u00fcr Erwachsene - gaertner hkk","robots":{"index":"index","follow":"follow","max-snippet":"max-snippet:-1","max-image-preview":"max-image-preview:large","max-video-preview":"max-video-preview:-1"},"canonical":"http:\/\/kommunikation.gaertnerhkk.de\/?page_id=646","og_locale":"de_DE","og_type":"article","og_title":"ProfilPASS f\u00fcr Erwachsene - gaertner hkk","og_description":"ProfilPASS f\u00fcr Erwachsene &nbsp; Sich mit der eigenen Biografie frei von Zw\u00e4ngen und Erwartungen zu besch\u00e4ftigen &#8211; das ist die Besonderheit des ProfilPASS. Dieser biografische Ansatz erm\u00f6glicht eine besondere Beratungsqualit\u00e4t, die die pers\u00f6nlichen Erfahrungen und Kompetenzen des Menschen in den Fokus r\u00fcckt. Der ProfilPASS richtet sich an Menschen aller Altersstufen und Bildungsniveaus und bezieht s\u00e4mtliche","og_url":"http:\/\/kommunikation.gaertnerhkk.de\/?page_id=646","og_site_name":"gaertner hkk","article_publisher":"https:\/\/www.facebook.com\/gaertnerhkk.de","article_modified_time":"2016-07-27T10:27:03+00:00","og_image":[{"width":1332,"height":466,"url":"http:\/\/kommunikation.gaertnerhkk.de\/wp-content\/uploads\/2016\/07\/Header-2a-1-e1469528943593.jpg","type":"image\/jpeg"}],"twitter_card":"summary_large_image","twitter_misc":{"Gesch\u00e4tzte Lesezeit":"1 Minute"},"schema":{"@context":"https:\/\/schema.org","@graph":[{"@type":"WebPage","@id":"http:\/\/kommunikation.gaertnerhkk.de\/?page_id=646","url":"http:\/\/kommunikation.gaertnerhkk.de\/?page_id=646","name":"ProfilPASS f\u00fcr Erwachsene - gaertner hkk","isPartOf":{"@id":"http:\/\/kommunikation.gaertnerhkk.de\/#website"},"primaryImageOfPage":{"@id":"http:\/\/kommunikation.gaertnerhkk.de\/?page_id=646#primaryimage"},"image":{"@id":"http:\/\/kommunikation.gaertnerhkk.de\/?page_id=646#primaryimage"},"thumbnailUrl":"http:\/\/kommunikation.gaertnerhkk.de\/wp-content\/uploads\/2016\/07\/Header-2a-1-e1469528943593.jpg","datePublished":"2015-07-08T15:07:18+00:00","dateModified":"2016-07-27T10:27:03+00:00","breadcrumb":{"@id":"http:\/\/kommunikation.gaertnerhkk.de\/?page_id=646#breadcrumb"},"inLanguage":"de-DE","potentialAction":[{"@type":"ReadAction","target":["http:\/\/kommunikation.gaertnerhkk.de\/?page_id=646"]}]},{"@type":"ImageObject","inLanguage":"de-DE","@id":"http:\/\/kommunikation.gaertnerhkk.de\/?page_id=646#primaryimage","url":"http:\/\/kommunikation.gaertnerhkk.de\/wp-content\/uploads\/2016\/07\/Header-2a-1-e1469528943593.jpg","contentUrl":"http:\/\/kommunikation.gaertnerhkk.de\/wp-content\/uploads\/2016\/07\/Header-2a-1-e1469528943593.jpg","width":1332,"height":466},{"@type":"BreadcrumbList","@id":"http:\/\/kommunikation.gaertnerhkk.de\/?page_id=646#breadcrumb","itemListElement":[{"@type":"ListItem","position":1,"name":"Home","item":"http:\/\/kommunikation.gaertnerhkk.de\/"},{"@type":"ListItem","position":2,"name":"Angebot","item":"http:\/\/kommunikation.gaertnerhkk.de\/?page_id=41"},{"@type":"ListItem","position":3,"name":"ProfilPASS f\u00fcr Erwachsene"}]},{"@type":"WebSite","@id":"http:\/\/kommunikation.gaertnerhkk.de\/#website","url":"http:\/\/kommunikation.gaertnerhkk.de\/","name":"gaertner hkk","description":"Bildungsmanufaktur","potentialAction":[{"@type":"SearchAction","target":{"@type":"EntryPoint","urlTemplate":"http:\/\/kommunikation.gaertnerhkk.de\/?s={search_term_string}"},"query-input":"required name=search_term_string"}],"inLanguage":"de-DE"}]}},"_links":{"self":[{"href":"http:\/\/kommunikation.gaertnerhkk.de\/index.php?rest_route=\/wp\/v2\/pages\/646"}],"collection":[{"href":"http:\/\/kommunikation.gaertnerhkk.de\/index.php?rest_route=\/wp\/v2\/pages"}],"about":[{"href":"http:\/\/kommunikation.gaertnerhkk.de\/index.php?rest_route=\/wp\/v2\/types\/page"}],"author":[{"embeddable":true,"href":"http:\/\/kommunikation.gaertnerhkk.de\/index.php?rest_route=\/wp\/v2\/users\/1"}],"replies":[{"embeddable":true,"href":"http:\/\/kommunikation.gaertnerhkk.de\/index.php?rest_route=%2Fwp%2Fv2%2Fcomments&post=646"}],"version-history":[{"count":4,"href":"http:\/\/kommunikation.gaertnerhkk.de\/index.php?rest_route=\/wp\/v2\/pages\/646\/revisions"}],"predecessor-version":[{"id":1374,"href":"http:\/\/kommunikation.gaertnerhkk.de\/index.php?rest_route=\/wp\/v2\/pages\/646\/revisions\/1374"}],"up":[{"embeddable":true,"href":"http:\/\/kommunikation.gaertnerhkk.de\/index.php?rest_route=\/wp\/v2\/pages\/41"}],"wp:featuredmedia":[{"embeddable":true,"href":"http:\/\/kommunikation.gaertnerhkk.de\/index.php?rest_route=\/wp\/v2\/media\/1306"}],"wp:attachment":[{"href":"http:\/\/kommunikation.gaertnerhkk.de\/index.php?rest_route=%2Fwp%2Fv2%2Fmedia&parent=646"}],"curies":[{"name":"wp","href":"https:\/\/api.w.org\/{rel}","templated":true}]}}

ProfilPASS für Erwachsene

<p><strong>ProfilPASS für Erwachsene<a id="set-post-thumbnail" class="thickbox" href="http://kommunikation.gaertnerhkk.de/wp-admin/media-upload.php?post_id=646&amp;type=image&amp;TB_iframe=1"><img loading="lazy" decoding="async" class="attachment-266x266 size-266x266 alignright" src="http://kommunikation.gaertnerhkk.de/wp-content/uploads/2016/07/Header-2a-1-768x269.jpg" sizes="(max-width: 266px) 100vw, 266px" srcset="http://kommunikation.gaertnerhkk.de/wp-content/uploads/2016/07/Header-2a-1-768x269.jpg 768w, http://kommunikation.gaertnerhkk.de/wp-content/uploads/2016/07/Header-2a-1-300x105.jpg 300w, http://kommunikation.gaertnerhkk.de/wp-content/uploads/2016/07/Header-2a-1-1024x358.jpg 1024w, http://kommunikation.gaertnerhkk.de/wp-content/uploads/2016/07/Header-2a-1-e1469528943593.jpg 1332w" alt="Header 2a" width="266" height="93" /></a></strong></p>
<p>&nbsp;</p>
<p>Sich mit der eigenen Biografie frei von Zwängen und Erwartungen zu beschäftigen &#8211; das ist die Besonderheit des ProfilPASS. Dieser biografische Ansatz ermöglicht eine besondere Beratungsqualität, die die persönlichen Erfahrungen und Kompetenzen des Menschen in den Fokus rückt.</p>
<p>Der ProfilPASS richtet sich an Menschen aller Altersstufen und Bildungsniveaus und bezieht sämtliche Formen des Lernens mit ein. Er fördert mit Unterstützung des Beraters die Ermittlung und Bilanzierung von</p>
<p class="hide-if-no-js">
<p>Fähigkeiten und Kompetenzen sowie die Formulierung individueller Ziele.</p>
<p>Der ProfilPASS fördert die Anerkennung non-formal und informell erworbener Kompetenzen.</p>
<p><strong>Beratung und Unterstützung</strong></p>
<p>Gerne begleiten wir Sie als Berater bei der KompetenzErmittlung und KompetenzBilanzierung. <strong>Settings </strong>finden als EinzelBeratung oder in Gruppen statt.</p>
<p><strong>Termine:<a title="ProfilPASS" href="http://www.profilpass.de/" target="_blank"><img decoding="async" class=" alignright" title="ProfilPASS - Ordner Erwachsene" src="http://www.1a-kompetenzbilanz.at/sites/default/files/bilder/blauPPOrdner_marginal.gif" alt="ProfilPASS- Ordner Erwachsene" /></a></strong></p>
<p>Rufen Sie uns an: <strong>0 68 31 – 5 00 37 56</strong> oder hinterlassen Sie uns eine Nachricht über das <a href="http://kommunikation.gaertnerhkk.de/?page_id=464" target="_blank">Kontaktformular</a></p>
<p><strong>Förderung durch Agentur für Arbeit, Jobcenter, etc. möglich.</strong></p>

ProfilPASS für Erwachsene &nbsp; Sich mit der eigenen Biografie frei von Zwängen und Erwartungen zu beschäftigen &#8211; das ist die Besonderheit des ProfilPASS. Dieser biografische Ansatz ermöglicht eine besondere Beratungsqualität, die die persönlichen Erfahrungen und Kompetenzen des Menschen in den Fokus rückt. Der ProfilPASS richtet sich an Menschen aller Altersstufen und Bildungsniveaus und bezieht sämtliche

<!-- This site is optimized with the Yoast SEO plugin v23.1 - https://yoast.com/wordpress/plugins/seo/ -->
<title>ProfilPASS für Erwachsene - gaertner hkk</title>
<meta name="robots" content="index, follow, max-snippet:-1, max-image-preview:large, max-video-preview:-1" />
<link rel="canonical" href="http://kommunikation.gaertnerhkk.de/?page_id=646" />
<meta property="og:locale" content="de_DE" />
<meta property="og:type" content="article" />
<meta property="og:title" content="ProfilPASS für Erwachsene - gaertner hkk" />
<meta property="og:description" content="ProfilPASS für Erwachsene &nbsp; Sich mit der eigenen Biografie frei von Zwängen und Erwartungen zu beschäftigen &#8211; das ist die Besonderheit des ProfilPASS. Dieser biografische Ansatz ermöglicht eine besondere Beratungsqualität, die die persönlichen Erfahrungen und Kompetenzen des Menschen in den Fokus rückt. Der ProfilPASS richtet sich an Menschen aller Altersstufen und Bildungsniveaus und bezieht sämtliche" />
<meta property="og:url" content="http://kommunikation.gaertnerhkk.de/?page_id=646" />
<meta property="og:site_name" content="gaertner hkk" />
<meta property="article:publisher" content="https://www.facebook.com/gaertnerhkk.de" />
<meta property="article:modified_time" content="2016-07-27T10:27:03+00:00" />
<meta property="og:image" content="http://kommunikation.gaertnerhkk.de/wp-content/uploads/2016/07/Header-2a-1-e1469528943593.jpg" />
	<meta property="og:image:width" content="1332" />
	<meta property="og:image:height" content="466" />
	<meta property="og:image:type" content="image/jpeg" />
<meta name="twitter:card" content="summary_large_image" />
<meta name="twitter:label1" content="Geschätzte Lesezeit" />
	<meta name="twitter:data1" content="1 Minute" />
<script type="application/ld+json" class="yoast-schema-graph">{"@context":"https://schema.org","@graph":[{"@type":"WebPage","@id":"http://kommunikation.gaertnerhkk.de/?page_id=646","url":"http://kommunikation.gaertnerhkk.de/?page_id=646","name":"ProfilPASS für Erwachsene - gaertner hkk","isPartOf":{"@id":"http://kommunikation.gaertnerhkk.de/#website"},"primaryImageOfPage":{"@id":"http://kommunikation.gaertnerhkk.de/?page_id=646#primaryimage"},"image":{"@id":"http://kommunikation.gaertnerhkk.de/?page_id=646#primaryimage"},"thumbnailUrl":"http://kommunikation.gaertnerhkk.de/wp-content/uploads/2016/07/Header-2a-1-e1469528943593.jpg","datePublished":"2015-07-08T15:07:18+00:00","dateModified":"2016-07-27T10:27:03+00:00","breadcrumb":{"@id":"http://kommunikation.gaertnerhkk.de/?page_id=646#breadcrumb"},"inLanguage":"de-DE","potentialAction":[{"@type":"ReadAction","target":["http://kommunikation.gaertnerhkk.de/?page_id=646"]}]},{"@type":"ImageObject","inLanguage":"de-DE","@id":"http://kommunikation.gaertnerhkk.de/?page_id=646#primaryimage","url":"http://kommunikation.gaertnerhkk.de/wp-content/uploads/2016/07/Header-2a-1-e1469528943593.jpg","contentUrl":"http://kommunikation.gaertnerhkk.de/wp-content/uploads/2016/07/Header-2a-1-e1469528943593.jpg","width":1332,"height":466},{"@type":"BreadcrumbList","@id":"http://kommunikation.gaertnerhkk.de/?page_id=646#breadcrumb","itemListElement":[{"@type":"ListItem","position":1,"name":"Home","item":"http://kommunikation.gaertnerhkk.de/"},{"@type":"ListItem","position":2,"name":"Angebot","item":"http://kommunikation.gaertnerhkk.de/?page_id=41"},{"@type":"ListItem","position":3,"name":"ProfilPASS für Erwachsene"}]},{"@type":"WebSite","@id":"http://kommunikation.gaertnerhkk.de/#website","url":"http://kommunikation.gaertnerhkk.de/","name":"gaertner hkk","description":"Bildungsmanufaktur","potentialAction":[{"@type":"SearchAction","target":{"@type":"EntryPoint","urlTemplate":"http://kommunikation.gaertnerhkk.de/?s={search_term_string}"},"query-input":"required name=search_term_string"}],"inLanguage":"de-DE"}]}</script>
<!-- / Yoast SEO plugin. -->

ProfilPASS für Erwachsene - gaertner hkk
