{"id":652,"date":"2015-07-09T09:39:38","date_gmt":"2015-07-09T09:39:38","guid":{"rendered":"http:\/\/kommunikation.gaertnerhkk.de\/?page_id=652"},"modified":"2015-07-09T10:12:14","modified_gmt":"2015-07-09T10:12:14","slug":"unsere-dienstleistung","status":"publish","type":"page","link":"http:\/\/kommunikation.gaertnerhkk.de\/?page_id=652","title":{"rendered":"Unsere Dienstleistung"},"content":{"rendered":"<p><a id=\"set-post-thumbnail\" class=\"thickbox\" title=\"Beitragsbild festlegen\" href=\"http:\/\/kommunikation.gaertnerhkk.de\/wp-admin\/media-upload.php?post_id=652&amp;type=image&amp;TB_iframe=1\"><img loading=\"lazy\" decoding=\"async\" class=\"attachment-266x266 alignright\" src=\"http:\/\/kommunikation.gaertnerhkk.de\/wp-content\/uploads\/2015\/06\/M%C3%A4nneken-klein-300x34.png\" alt=\"M\u00e4nneken klein\" width=\"266\" height=\"30\" \/><\/a><b>Verbindet und verst\u00e4rkt Ihre festgelegten Ziele der Fallsteuerung innerhalb der Personalentwicklung<br \/>\n<\/b><\/p>\n<p class=\"hide-if-no-js\"><b>\u00a0<\/b><\/p>\n<hr \/>\n<ul>\n<li>Durch St\u00e4rkung und Entwicklung der Kundenressourcen<\/li>\n<li>Fokussierung auf seine St\u00e4rken<\/li>\n<li>Arbeitsmarktnahe und personenbezogene berufliche Qualifizierung<\/li>\n<li>St\u00e4rkung des Regulierungskreises Arbeitsmarktverhalten<\/li>\n<\/ul>\n<p>&nbsp;<\/p>\n<p class=\"hide-if-no-js\"><b>Bedarfsgerechte Ausgestaltung der Ma\u00dfnahme:<\/b><a id=\"set-post-thumbnail\" class=\"thickbox\" title=\"Beitragsbild festlegen\" href=\"http:\/\/kommunikation.gaertnerhkk.de\/wp-admin\/media-upload.php?post_id=652&amp;type=image&amp;TB_iframe=1\"><img loading=\"lazy\" decoding=\"async\" class=\"attachment-266x266 alignright\" src=\"http:\/\/kommunikation.gaertnerhkk.de\/wp-content\/uploads\/2015\/06\/M%C3%A4nneken-klein-300x34.png\" alt=\"M\u00e4nneken klein\" width=\"266\" height=\"30\" \/><\/a><\/p>\n<hr \/>\n<p>&nbsp;<\/p>\n<ul>\n<li>Durch begleitende Nachsteuerung Ihrer festgelegten F\u00f6rderziele<\/li>\n<li>Pr\u00e4zisierung durch Feinabstimmung durch aktive Kommunikation mit<br \/>\nden am Integrationsprozess beteiligten Akteuren<\/li>\n<\/ul>\n<p>&nbsp;<\/p>\n<p><b>Kernelemente unserer Arbeit:<\/b><a id=\"set-post-thumbnail\" class=\"thickbox\" title=\"Beitragsbild festlegen\" href=\"http:\/\/kommunikation.gaertnerhkk.de\/wp-admin\/media-upload.php?post_id=652&amp;type=image&amp;TB_iframe=1\"><img loading=\"lazy\" decoding=\"async\" class=\"attachment-266x266 alignright\" src=\"http:\/\/kommunikation.gaertnerhkk.de\/wp-content\/uploads\/2015\/06\/M%C3%A4nneken-klein-300x34.png\" alt=\"M\u00e4nneken klein\" width=\"266\" height=\"30\" \/><\/a><\/p>\n<hr \/>\n<p>&nbsp;<\/p>\n<ul>\n<li>Ressourcen und Ziele des Mandanten\u00a0 stehen im Mittelpunkt<\/li>\n<li>Fokussierung auf die F\u00f6rderung der Ressourcen, die unser Mandant konkret zur<br \/>\nUmsetzung seiner beruflichen und privaten Lebensziele ben\u00f6tigt<\/li>\n<li>Budgetorientierung und systematischer Ressourceneinsatz, der sich in<br \/>\nder Umsetzung und Kundenberatung wiederfindet<\/li>\n<li>Aktive und individuelle Ber\u00fccksichtigung Ihrer Fallarbeit in der personalentwicklung<\/li>\n<li>Transparenz durch aktive Kommunikation mit den am<br \/>\nEntwicklungsprozess beteiligten Akteuren<\/li>\n<li>Ausrichtung der ganzheitlichen Ressourcenentwicklung und \u2013festigung\n<p class=\"hide-if-no-js\"><a id=\"set-post-thumbnail\" class=\"thickbox\" title=\"Beitragsbild festlegen\" href=\"http:\/\/kommunikation.gaertnerhkk.de\/wp-admin\/media-upload.php?post_id=652&amp;type=image&amp;TB_iframe=1\"><img loading=\"lazy\" decoding=\"async\" class=\"attachment-266x266\" src=\"http:\/\/kommunikation.gaertnerhkk.de\/wp-content\/uploads\/2015\/06\/M%C3%A4nneken-klein-300x34.png\" alt=\"M\u00e4nneken klein\" width=\"266\" height=\"30\" \/><\/a><\/p>\n<\/li>\n<\/ul>\n","protected":false},"excerpt":{"rendered":"Verbindet und verst\u00e4rkt Ihre festgelegten Ziele der Fallsteuerung innerhalb der Personalentwicklung \u00a0 Durch St\u00e4rkung und Entwicklung der Kundenressourcen Fokussierung auf seine St\u00e4rken Arbeitsmarktnahe und personenbezogene berufliche Qualifizierung St\u00e4rkung des Regulierungskreises Arbeitsmarktverhalten &nbsp; Bedarfsgerechte Ausgestaltung der Ma\u00dfnahme: &nbsp; Durch begleitende Nachsteuerung Ihrer festgelegten F\u00f6rderziele Pr\u00e4zisierung durch Feinabstimmung durch aktive Kommunikation mit den am Integrationsprozess beteiligten Akteuren ","protected":false},"author":1,"featured_media":286,"parent":0,"menu_order":0,"comment_status":"open","ping_status":"open","template":"","meta":{"footnotes":""},"class_list":["post-652","page","type-page","status-publish","has-post-thumbnail","hentry"],"yoast_head":"<!-- This site is optimized with the Yoast SEO plugin v23.1 - https:\/\/yoast.com\/wordpress\/plugins\/seo\/ -->\n<title>Unsere Dienstleistung - gaertner hkk<\/title>\n<meta name=\"robots\" content=\"index, follow, max-snippet:-1, max-image-preview:large, max-video-preview:-1\" \/>\n<link rel=\"canonical\" href=\"http:\/\/kommunikation.gaertnerhkk.de\/?page_id=652\" \/>\n<meta property=\"og:locale\" content=\"de_DE\" \/>\n<meta property=\"og:type\" content=\"article\" \/>\n<meta property=\"og:title\" content=\"Unsere Dienstleistung - gaertner hkk\" \/>\n<meta property=\"og:description\" content=\"Verbindet und verst\u00e4rkt Ihre festgelegten Ziele der Fallsteuerung innerhalb der Personalentwicklung \u00a0 Durch St\u00e4rkung und Entwicklung der Kundenressourcen Fokussierung auf seine St\u00e4rken Arbeitsmarktnahe und personenbezogene berufliche Qualifizierung St\u00e4rkung des Regulierungskreises Arbeitsmarktverhalten &nbsp; Bedarfsgerechte Ausgestaltung der Ma\u00dfnahme: &nbsp; Durch begleitende Nachsteuerung Ihrer festgelegten F\u00f6rderziele Pr\u00e4zisierung durch Feinabstimmung durch aktive Kommunikation mit den am Integrationsprozess beteiligten Akteuren\" \/>\n<meta property=\"og:url\" content=\"http:\/\/kommunikation.gaertnerhkk.de\/?page_id=652\" \/>\n<meta property=\"og:site_name\" content=\"gaertner hkk\" \/>\n<meta property=\"article:publisher\" content=\"https:\/\/www.facebook.com\/gaertnerhkk.de\" \/>\n<meta property=\"article:modified_time\" content=\"2015-07-09T10:12:14+00:00\" \/>\n<meta property=\"og:image\" content=\"http:\/\/kommunikation.gaertnerhkk.de\/wp-content\/uploads\/2015\/06\/M\u00e4nneken-klein.png\" \/>\n\t<meta property=\"og:image:width\" content=\"1277\" \/>\n\t<meta property=\"og:image:height\" content=\"144\" \/>\n\t<meta property=\"og:image:type\" content=\"image\/png\" \/>\n<meta name=\"twitter:card\" content=\"summary_large_image\" \/>\n<meta name=\"twitter:label1\" content=\"Gesch\u00e4tzte Lesezeit\" \/>\n\t<meta name=\"twitter:data1\" content=\"1 Minute\" \/>\n<script type=\"application\/ld+json\" class=\"yoast-schema-graph\">{\"@context\":\"https:\/\/schema.org\",\"@graph\":[{\"@type\":\"WebPage\",\"@id\":\"http:\/\/kommunikation.gaertnerhkk.de\/?page_id=652\",\"url\":\"http:\/\/kommunikation.gaertnerhkk.de\/?page_id=652\",\"name\":\"Unsere Dienstleistung - gaertner hkk\",\"isPartOf\":{\"@id\":\"http:\/\/kommunikation.gaertnerhkk.de\/#website\"},\"primaryImageOfPage\":{\"@id\":\"http:\/\/kommunikation.gaertnerhkk.de\/?page_id=652#primaryimage\"},\"image\":{\"@id\":\"http:\/\/kommunikation.gaertnerhkk.de\/?page_id=652#primaryimage\"},\"thumbnailUrl\":\"http:\/\/kommunikation.gaertnerhkk.de\/wp-content\/uploads\/2015\/06\/M\u00e4nneken-klein.png\",\"datePublished\":\"2015-07-09T09:39:38+00:00\",\"dateModified\":\"2015-07-09T10:12:14+00:00\",\"breadcrumb\":{\"@id\":\"http:\/\/kommunikation.gaertnerhkk.de\/?page_id=652#breadcrumb\"},\"inLanguage\":\"de-DE\",\"potentialAction\":[{\"@type\":\"ReadAction\",\"target\":[\"http:\/\/kommunikation.gaertnerhkk.de\/?page_id=652\"]}]},{\"@type\":\"ImageObject\",\"inLanguage\":\"de-DE\",\"@id\":\"http:\/\/kommunikation.gaertnerhkk.de\/?page_id=652#primaryimage\",\"url\":\"http:\/\/kommunikation.gaertnerhkk.de\/wp-content\/uploads\/2015\/06\/M\u00e4nneken-klein.png\",\"contentUrl\":\"http:\/\/kommunikation.gaertnerhkk.de\/wp-content\/uploads\/2015\/06\/M\u00e4nneken-klein.png\",\"width\":1277,\"height\":144},{\"@type\":\"BreadcrumbList\",\"@id\":\"http:\/\/kommunikation.gaertnerhkk.de\/?page_id=652#breadcrumb\",\"itemListElement\":[{\"@type\":\"ListItem\",\"position\":1,\"name\":\"Home\",\"item\":\"http:\/\/kommunikation.gaertnerhkk.de\/\"},{\"@type\":\"ListItem\",\"position\":2,\"name\":\"Unsere Dienstleistung\"}]},{\"@type\":\"WebSite\",\"@id\":\"http:\/\/kommunikation.gaertnerhkk.de\/#website\",\"url\":\"http:\/\/kommunikation.gaertnerhkk.de\/\",\"name\":\"gaertner hkk\",\"description\":\"Bildungsmanufaktur\",\"potentialAction\":[{\"@type\":\"SearchAction\",\"target\":{\"@type\":\"EntryPoint\",\"urlTemplate\":\"http:\/\/kommunikation.gaertnerhkk.de\/?s={search_term_string}\"},\"query-input\":\"required name=search_term_string\"}],\"inLanguage\":\"de-DE\"}]}<\/script>\n<!-- \/ Yoast SEO plugin. -->","yoast_head_json":{"title":"Unsere Dienstleistung - gaertner hkk","robots":{"index":"index","follow":"follow","max-snippet":"max-snippet:-1","max-image-preview":"max-image-preview:large","max-video-preview":"max-video-preview:-1"},"canonical":"http:\/\/kommunikation.gaertnerhkk.de\/?page_id=652","og_locale":"de_DE","og_type":"article","og_title":"Unsere Dienstleistung - gaertner hkk","og_description":"Verbindet und verst\u00e4rkt Ihre festgelegten Ziele der Fallsteuerung innerhalb der Personalentwicklung \u00a0 Durch St\u00e4rkung und Entwicklung der Kundenressourcen Fokussierung auf seine St\u00e4rken Arbeitsmarktnahe und personenbezogene berufliche Qualifizierung St\u00e4rkung des Regulierungskreises Arbeitsmarktverhalten &nbsp; Bedarfsgerechte Ausgestaltung der Ma\u00dfnahme: &nbsp; Durch begleitende Nachsteuerung Ihrer festgelegten F\u00f6rderziele Pr\u00e4zisierung durch Feinabstimmung durch aktive Kommunikation mit den am Integrationsprozess beteiligten Akteuren","og_url":"http:\/\/kommunikation.gaertnerhkk.de\/?page_id=652","og_site_name":"gaertner hkk","article_publisher":"https:\/\/www.facebook.com\/gaertnerhkk.de","article_modified_time":"2015-07-09T10:12:14+00:00","og_image":[{"width":1277,"height":144,"url":"http:\/\/kommunikation.gaertnerhkk.de\/wp-content\/uploads\/2015\/06\/M\u00e4nneken-klein.png","type":"image\/png"}],"twitter_card":"summary_large_image","twitter_misc":{"Gesch\u00e4tzte Lesezeit":"1 Minute"},"schema":{"@context":"https:\/\/schema.org","@graph":[{"@type":"WebPage","@id":"http:\/\/kommunikation.gaertnerhkk.de\/?page_id=652","url":"http:\/\/kommunikation.gaertnerhkk.de\/?page_id=652","name":"Unsere Dienstleistung - gaertner hkk","isPartOf":{"@id":"http:\/\/kommunikation.gaertnerhkk.de\/#website"},"primaryImageOfPage":{"@id":"http:\/\/kommunikation.gaertnerhkk.de\/?page_id=652#primaryimage"},"image":{"@id":"http:\/\/kommunikation.gaertnerhkk.de\/?page_id=652#primaryimage"},"thumbnailUrl":"http:\/\/kommunikation.gaertnerhkk.de\/wp-content\/uploads\/2015\/06\/M\u00e4nneken-klein.png","datePublished":"2015-07-09T09:39:38+00:00","dateModified":"2015-07-09T10:12:14+00:00","breadcrumb":{"@id":"http:\/\/kommunikation.gaertnerhkk.de\/?page_id=652#breadcrumb"},"inLanguage":"de-DE","potentialAction":[{"@type":"ReadAction","target":["http:\/\/kommunikation.gaertnerhkk.de\/?page_id=652"]}]},{"@type":"ImageObject","inLanguage":"de-DE","@id":"http:\/\/kommunikation.gaertnerhkk.de\/?page_id=652#primaryimage","url":"http:\/\/kommunikation.gaertnerhkk.de\/wp-content\/uploads\/2015\/06\/M\u00e4nneken-klein.png","contentUrl":"http:\/\/kommunikation.gaertnerhkk.de\/wp-content\/uploads\/2015\/06\/M\u00e4nneken-klein.png","width":1277,"height":144},{"@type":"BreadcrumbList","@id":"http:\/\/kommunikation.gaertnerhkk.de\/?page_id=652#breadcrumb","itemListElement":[{"@type":"ListItem","position":1,"name":"Home","item":"http:\/\/kommunikation.gaertnerhkk.de\/"},{"@type":"ListItem","position":2,"name":"Unsere Dienstleistung"}]},{"@type":"WebSite","@id":"http:\/\/kommunikation.gaertnerhkk.de\/#website","url":"http:\/\/kommunikation.gaertnerhkk.de\/","name":"gaertner hkk","description":"Bildungsmanufaktur","potentialAction":[{"@type":"SearchAction","target":{"@type":"EntryPoint","urlTemplate":"http:\/\/kommunikation.gaertnerhkk.de\/?s={search_term_string}"},"query-input":"required name=search_term_string"}],"inLanguage":"de-DE"}]}},"_links":{"self":[{"href":"http:\/\/kommunikation.gaertnerhkk.de\/index.php?rest_route=\/wp\/v2\/pages\/652"}],"collection":[{"href":"http:\/\/kommunikation.gaertnerhkk.de\/index.php?rest_route=\/wp\/v2\/pages"}],"about":[{"href":"http:\/\/kommunikation.gaertnerhkk.de\/index.php?rest_route=\/wp\/v2\/types\/page"}],"author":[{"embeddable":true,"href":"http:\/\/kommunikation.gaertnerhkk.de\/index.php?rest_route=\/wp\/v2\/users\/1"}],"replies":[{"embeddable":true,"href":"http:\/\/kommunikation.gaertnerhkk.de\/index.php?rest_route=%2Fwp%2Fv2%2Fcomments&post=652"}],"version-history":[{"count":8,"href":"http:\/\/kommunikation.gaertnerhkk.de\/index.php?rest_route=\/wp\/v2\/pages\/652\/revisions"}],"predecessor-version":[{"id":686,"href":"http:\/\/kommunikation.gaertnerhkk.de\/index.php?rest_route=\/wp\/v2\/pages\/652\/revisions\/686"}],"wp:featuredmedia":[{"embeddable":true,"href":"http:\/\/kommunikation.gaertnerhkk.de\/index.php?rest_route=\/wp\/v2\/media\/286"}],"wp:attachment":[{"href":"http:\/\/kommunikation.gaertnerhkk.de\/index.php?rest_route=%2Fwp%2Fv2%2Fmedia&parent=652"}],"curies":[{"name":"wp","href":"https:\/\/api.w.org\/{rel}","templated":true}]}}

<p><a id="set-post-thumbnail" class="thickbox" title="Beitragsbild festlegen" href="http://kommunikation.gaertnerhkk.de/wp-admin/media-upload.php?post_id=652&amp;type=image&amp;TB_iframe=1"><img loading="lazy" decoding="async" class="attachment-266x266 alignright" src="http://kommunikation.gaertnerhkk.de/wp-content/uploads/2015/06/M%C3%A4nneken-klein-300x34.png" alt="Männeken klein" width="266" height="30" /></a><b>Verbindet und verstärkt Ihre festgelegten Ziele der Fallsteuerung innerhalb der Personalentwicklung<br />
</b></p>
<p class="hide-if-no-js"><b> </b></p>
<hr />
<ul>
<li>Durch Stärkung und Entwicklung der Kundenressourcen</li>
<li>Fokussierung auf seine Stärken</li>
<li>Arbeitsmarktnahe und personenbezogene berufliche Qualifizierung</li>
<li>Stärkung des Regulierungskreises Arbeitsmarktverhalten</li>
</ul>
<p>&nbsp;</p>
<p class="hide-if-no-js"><b>Bedarfsgerechte Ausgestaltung der Maßnahme:</b><a id="set-post-thumbnail" class="thickbox" title="Beitragsbild festlegen" href="http://kommunikation.gaertnerhkk.de/wp-admin/media-upload.php?post_id=652&amp;type=image&amp;TB_iframe=1"><img loading="lazy" decoding="async" class="attachment-266x266 alignright" src="http://kommunikation.gaertnerhkk.de/wp-content/uploads/2015/06/M%C3%A4nneken-klein-300x34.png" alt="Männeken klein" width="266" height="30" /></a></p>
<hr />
<p>&nbsp;</p>
<ul>
<li>Durch begleitende Nachsteuerung Ihrer festgelegten Förderziele</li>
<li>Präzisierung durch Feinabstimmung durch aktive Kommunikation mit<br />
den am Integrationsprozess beteiligten Akteuren</li>
</ul>
<p>&nbsp;</p>
<p><b>Kernelemente unserer Arbeit:</b><a id="set-post-thumbnail" class="thickbox" title="Beitragsbild festlegen" href="http://kommunikation.gaertnerhkk.de/wp-admin/media-upload.php?post_id=652&amp;type=image&amp;TB_iframe=1"><img loading="lazy" decoding="async" class="attachment-266x266 alignright" src="http://kommunikation.gaertnerhkk.de/wp-content/uploads/2015/06/M%C3%A4nneken-klein-300x34.png" alt="Männeken klein" width="266" height="30" /></a></p>
<hr />
<p>&nbsp;</p>
<ul>
<li>Ressourcen und Ziele des Mandanten  stehen im Mittelpunkt</li>
<li>Fokussierung auf die Förderung der Ressourcen, die unser Mandant konkret zur<br />
Umsetzung seiner beruflichen und privaten Lebensziele benötigt</li>
<li>Budgetorientierung und systematischer Ressourceneinsatz, der sich in<br />
der Umsetzung und Kundenberatung wiederfindet</li>
<li>Aktive und individuelle Berücksichtigung Ihrer Fallarbeit in der personalentwicklung</li>
<li>Transparenz durch aktive Kommunikation mit den am<br />
Entwicklungsprozess beteiligten Akteuren</li>
<li>Ausrichtung der ganzheitlichen Ressourcenentwicklung und –festigung
<p class="hide-if-no-js"><a id="set-post-thumbnail" class="thickbox" title="Beitragsbild festlegen" href="http://kommunikation.gaertnerhkk.de/wp-admin/media-upload.php?post_id=652&amp;type=image&amp;TB_iframe=1"><img loading="lazy" decoding="async" class="attachment-266x266" src="http://kommunikation.gaertnerhkk.de/wp-content/uploads/2015/06/M%C3%A4nneken-klein-300x34.png" alt="Männeken klein" width="266" height="30" /></a></p>
</li>
</ul>

Verbindet und verstärkt Ihre festgelegten Ziele der Fallsteuerung innerhalb der Personalentwicklung   Durch Stärkung und Entwicklung der Kundenressourcen Fokussierung auf seine Stärken Arbeitsmarktnahe und personenbezogene berufliche Qualifizierung Stärkung des Regulierungskreises Arbeitsmarktverhalten &nbsp; Bedarfsgerechte Ausgestaltung der Maßnahme: &nbsp; Durch begleitende Nachsteuerung Ihrer festgelegten Förderziele Präzisierung durch Feinabstimmung durch aktive Kommunikation mit den am Integrationsprozess beteiligten Akteuren

<!-- This site is optimized with the Yoast SEO plugin v23.1 - https://yoast.com/wordpress/plugins/seo/ -->
<title>Unsere Dienstleistung - gaertner hkk</title>
<meta name="robots" content="index, follow, max-snippet:-1, max-image-preview:large, max-video-preview:-1" />
<link rel="canonical" href="http://kommunikation.gaertnerhkk.de/?page_id=652" />
<meta property="og:locale" content="de_DE" />
<meta property="og:type" content="article" />
<meta property="og:title" content="Unsere Dienstleistung - gaertner hkk" />
<meta property="og:description" content="Verbindet und verstärkt Ihre festgelegten Ziele der Fallsteuerung innerhalb der Personalentwicklung   Durch Stärkung und Entwicklung der Kundenressourcen Fokussierung auf seine Stärken Arbeitsmarktnahe und personenbezogene berufliche Qualifizierung Stärkung des Regulierungskreises Arbeitsmarktverhalten &nbsp; Bedarfsgerechte Ausgestaltung der Maßnahme: &nbsp; Durch begleitende Nachsteuerung Ihrer festgelegten Förderziele Präzisierung durch Feinabstimmung durch aktive Kommunikation mit den am Integrationsprozess beteiligten Akteuren" />
<meta property="og:url" content="http://kommunikation.gaertnerhkk.de/?page_id=652" />
<meta property="og:site_name" content="gaertner hkk" />
<meta property="article:publisher" content="https://www.facebook.com/gaertnerhkk.de" />
<meta property="article:modified_time" content="2015-07-09T10:12:14+00:00" />
<meta property="og:image" content="http://kommunikation.gaertnerhkk.de/wp-content/uploads/2015/06/Männeken-klein.png" />
	<meta property="og:image:width" content="1277" />
	<meta property="og:image:height" content="144" />
	<meta property="og:image:type" content="image/png" />
<meta name="twitter:card" content="summary_large_image" />
<meta name="twitter:label1" content="Geschätzte Lesezeit" />
	<meta name="twitter:data1" content="1 Minute" />
<script type="application/ld+json" class="yoast-schema-graph">{"@context":"https://schema.org","@graph":[{"@type":"WebPage","@id":"http://kommunikation.gaertnerhkk.de/?page_id=652","url":"http://kommunikation.gaertnerhkk.de/?page_id=652","name":"Unsere Dienstleistung - gaertner hkk","isPartOf":{"@id":"http://kommunikation.gaertnerhkk.de/#website"},"primaryImageOfPage":{"@id":"http://kommunikation.gaertnerhkk.de/?page_id=652#primaryimage"},"image":{"@id":"http://kommunikation.gaertnerhkk.de/?page_id=652#primaryimage"},"thumbnailUrl":"http://kommunikation.gaertnerhkk.de/wp-content/uploads/2015/06/Männeken-klein.png","datePublished":"2015-07-09T09:39:38+00:00","dateModified":"2015-07-09T10:12:14+00:00","breadcrumb":{"@id":"http://kommunikation.gaertnerhkk.de/?page_id=652#breadcrumb"},"inLanguage":"de-DE","potentialAction":[{"@type":"ReadAction","target":["http://kommunikation.gaertnerhkk.de/?page_id=652"]}]},{"@type":"ImageObject","inLanguage":"de-DE","@id":"http://kommunikation.gaertnerhkk.de/?page_id=652#primaryimage","url":"http://kommunikation.gaertnerhkk.de/wp-content/uploads/2015/06/Männeken-klein.png","contentUrl":"http://kommunikation.gaertnerhkk.de/wp-content/uploads/2015/06/Männeken-klein.png","width":1277,"height":144},{"@type":"BreadcrumbList","@id":"http://kommunikation.gaertnerhkk.de/?page_id=652#breadcrumb","itemListElement":[{"@type":"ListItem","position":1,"name":"Home","item":"http://kommunikation.gaertnerhkk.de/"},{"@type":"ListItem","position":2,"name":"Unsere Dienstleistung"}]},{"@type":"WebSite","@id":"http://kommunikation.gaertnerhkk.de/#website","url":"http://kommunikation.gaertnerhkk.de/","name":"gaertner hkk","description":"Bildungsmanufaktur","potentialAction":[{"@type":"SearchAction","target":{"@type":"EntryPoint","urlTemplate":"http://kommunikation.gaertnerhkk.de/?s={search_term_string}"},"query-input":"required name=search_term_string"}],"inLanguage":"de-DE"}]}</script>
<!-- / Yoast SEO plugin. -->

http://kommunikation.gaertnerhkk.de/wp-content/uploads/2015/06/Männeken-klein.png
