{"id":655,"date":"2015-07-09T09:50:54","date_gmt":"2015-07-09T09:50:54","guid":{"rendered":"http:\/\/kommunikation.gaertnerhkk.de\/?page_id=655"},"modified":"2016-07-26T11:50:16","modified_gmt":"2016-07-26T11:50:16","slug":"grundlogik-unserer-arbeit","status":"publish","type":"page","link":"http:\/\/kommunikation.gaertnerhkk.de\/?page_id=655","title":{"rendered":"Grundlogik unserer Arbeit"},"content":{"rendered":"<p><b>Grundlogik unserer Arbeit \u2014<\/b> <b>Individueller Ansatz nach Ihrer Handlungsplanung<a id=\"set-post-thumbnail\" class=\"thickbox\" href=\"http:\/\/kommunikation.gaertnerhkk.de\/wp-admin\/media-upload.php?post_id=655&amp;type=image&amp;TB_iframe=1\"><img loading=\"lazy\" decoding=\"async\" class=\"attachment-266x266 alignright\" src=\"http:\/\/kommunikation.gaertnerhkk.de\/wp-content\/uploads\/2016\/06\/Fotolia_82646981_XS.jpg\" sizes=\"(max-width: 266px) 100vw, 266px\" srcset=\"http:\/\/kommunikation.gaertnerhkk.de\/wp-content\/uploads\/2016\/06\/Fotolia_82646981_XS.jpg 537w, http:\/\/kommunikation.gaertnerhkk.de\/wp-content\/uploads\/2016\/06\/Fotolia_82646981_XS-300x125.jpg 300w\" alt=\"Metal Welcome Text (isolated on white background)\" width=\"489\" height=\"244\" \/><\/a><\/b><\/p>\n<p class=\"hide-if-no-js\">\n<p>&nbsp;<\/p>\n<p><b>Angebotsphase:<br \/>\n<\/b><\/p>\n<ul>\n<li>Profiling der individuellen Ma\u00dfnahme aufgrund Ihrer definierten F\u00f6rderziele<\/li>\n<li>Individuelle Vereinbarung der F\u00f6rderziele (Meilensteine)<\/li>\n<li>Festlegen der Ressourcenentwicklung als verbindliche Arbeitsgrundlage<\/li>\n<\/ul>\n<p><b>Auftragsphase<br \/>\n<\/b><\/p>\n<ul>\n<li>Umsetzung des Aktionsplanes \u201eRessourcenentwicklung\u201c<\/li>\n<li>Erarbeitung der Meilensteine<\/li>\n<li>\u00dcberpr\u00fcfung der Erreichung der Inhalte der Meilensteine<\/li>\n<\/ul>\n<p><b>Ziel<br \/>\n<\/b><\/p>\n<ul>\n<li>Die tats\u00e4chliche und messbare St\u00e4rkung des im Handlungsplan<br \/>\nunseres Mandanten definierten Bereiches<\/li>\n<li>Klare Struktur nach der Excel-Funktion: WENN-DANN-SONST<\/li>\n<li>St\u00e4rkung der Motivation des gegenseitigen Zuarbeitens<\/li>\n<li>Orientierung und Unterst\u00fctzung im Umsetzungsprozess<\/li>\n<\/ul>\n<p class=\"hide-if-no-js\"><a id=\"set-post-thumbnail\" class=\"thickbox\" title=\"Beitragsbild festlegen\" href=\"http:\/\/kommunikation.gaertnerhkk.de\/wp-admin\/media-upload.php?post_id=655&amp;type=image&amp;TB_iframe=1\"><img loading=\"lazy\" decoding=\"async\" class=\"attachment-266x266\" src=\"http:\/\/kommunikation.gaertnerhkk.de\/wp-content\/uploads\/2015\/06\/M%C3%A4nneken-klein-300x34.png\" alt=\"M\u00e4nneken klein\" width=\"266\" height=\"30\" \/><\/a><a id=\"set-post-thumbnail\" class=\"thickbox\" title=\"Beitragsbild festlegen\" href=\"http:\/\/kommunikation.gaertnerhkk.de\/wp-admin\/media-upload.php?post_id=655&amp;type=image&amp;TB_iframe=1\"><\/a><\/p>\n","protected":false},"excerpt":{"rendered":"Grundlogik unserer Arbeit \u2014 Individueller Ansatz nach Ihrer Handlungsplanung &nbsp; Angebotsphase: Profiling der individuellen Ma\u00dfnahme aufgrund Ihrer definierten F\u00f6rderziele Individuelle Vereinbarung der F\u00f6rderziele (Meilensteine) Festlegen der Ressourcenentwicklung als verbindliche Arbeitsgrundlage Auftragsphase Umsetzung des Aktionsplanes \u201eRessourcenentwicklung\u201c Erarbeitung der Meilensteine \u00dcberpr\u00fcfung der Erreichung der Inhalte der Meilensteine Ziel Die tats\u00e4chliche und messbare St\u00e4rkung des im Handlungsplan unseres ","protected":false},"author":1,"featured_media":1309,"parent":0,"menu_order":0,"comment_status":"open","ping_status":"open","template":"","meta":{"footnotes":""},"class_list":["post-655","page","type-page","status-publish","has-post-thumbnail","hentry"],"yoast_head":"<!-- This site is optimized with the Yoast SEO plugin v23.1 - https:\/\/yoast.com\/wordpress\/plugins\/seo\/ -->\n<title>Grundlogik unserer Arbeit - gaertner hkk<\/title>\n<meta name=\"robots\" content=\"index, follow, max-snippet:-1, max-image-preview:large, max-video-preview:-1\" \/>\n<link rel=\"canonical\" href=\"http:\/\/kommunikation.gaertnerhkk.de\/?page_id=655\" \/>\n<meta property=\"og:locale\" content=\"de_DE\" \/>\n<meta property=\"og:type\" content=\"article\" \/>\n<meta property=\"og:title\" content=\"Grundlogik unserer Arbeit - gaertner hkk\" \/>\n<meta property=\"og:description\" content=\"Grundlogik unserer Arbeit \u2014 Individueller Ansatz nach Ihrer Handlungsplanung &nbsp; Angebotsphase: Profiling der individuellen Ma\u00dfnahme aufgrund Ihrer definierten F\u00f6rderziele Individuelle Vereinbarung der F\u00f6rderziele (Meilensteine) Festlegen der Ressourcenentwicklung als verbindliche Arbeitsgrundlage Auftragsphase Umsetzung des Aktionsplanes \u201eRessourcenentwicklung\u201c Erarbeitung der Meilensteine \u00dcberpr\u00fcfung der Erreichung der Inhalte der Meilensteine Ziel Die tats\u00e4chliche und messbare St\u00e4rkung des im Handlungsplan unseres\" \/>\n<meta property=\"og:url\" content=\"http:\/\/kommunikation.gaertnerhkk.de\/?page_id=655\" \/>\n<meta property=\"og:site_name\" content=\"gaertner hkk\" \/>\n<meta property=\"article:publisher\" content=\"https:\/\/www.facebook.com\/gaertnerhkk.de\" \/>\n<meta property=\"article:modified_time\" content=\"2016-07-26T11:50:16+00:00\" \/>\n<meta property=\"og:image\" content=\"http:\/\/kommunikation.gaertnerhkk.de\/wp-content\/uploads\/2016\/06\/Fotolia_82646981_XS.jpg\" \/>\n\t<meta property=\"og:image:width\" content=\"537\" \/>\n\t<meta property=\"og:image:height\" content=\"223\" \/>\n\t<meta property=\"og:image:type\" content=\"image\/jpeg\" \/>\n<meta name=\"twitter:card\" content=\"summary_large_image\" \/>\n<script type=\"application\/ld+json\" class=\"yoast-schema-graph\">{\"@context\":\"https:\/\/schema.org\",\"@graph\":[{\"@type\":\"WebPage\",\"@id\":\"http:\/\/kommunikation.gaertnerhkk.de\/?page_id=655\",\"url\":\"http:\/\/kommunikation.gaertnerhkk.de\/?page_id=655\",\"name\":\"Grundlogik unserer Arbeit - gaertner hkk\",\"isPartOf\":{\"@id\":\"http:\/\/kommunikation.gaertnerhkk.de\/#website\"},\"primaryImageOfPage\":{\"@id\":\"http:\/\/kommunikation.gaertnerhkk.de\/?page_id=655#primaryimage\"},\"image\":{\"@id\":\"http:\/\/kommunikation.gaertnerhkk.de\/?page_id=655#primaryimage\"},\"thumbnailUrl\":\"http:\/\/kommunikation.gaertnerhkk.de\/wp-content\/uploads\/2016\/06\/Fotolia_82646981_XS.jpg\",\"datePublished\":\"2015-07-09T09:50:54+00:00\",\"dateModified\":\"2016-07-26T11:50:16+00:00\",\"breadcrumb\":{\"@id\":\"http:\/\/kommunikation.gaertnerhkk.de\/?page_id=655#breadcrumb\"},\"inLanguage\":\"de-DE\",\"potentialAction\":[{\"@type\":\"ReadAction\",\"target\":[\"http:\/\/kommunikation.gaertnerhkk.de\/?page_id=655\"]}]},{\"@type\":\"ImageObject\",\"inLanguage\":\"de-DE\",\"@id\":\"http:\/\/kommunikation.gaertnerhkk.de\/?page_id=655#primaryimage\",\"url\":\"http:\/\/kommunikation.gaertnerhkk.de\/wp-content\/uploads\/2016\/06\/Fotolia_82646981_XS.jpg\",\"contentUrl\":\"http:\/\/kommunikation.gaertnerhkk.de\/wp-content\/uploads\/2016\/06\/Fotolia_82646981_XS.jpg\",\"width\":537,\"height\":223,\"caption\":\"Metal Welcome Text (isolated on white background)\"},{\"@type\":\"BreadcrumbList\",\"@id\":\"http:\/\/kommunikation.gaertnerhkk.de\/?page_id=655#breadcrumb\",\"itemListElement\":[{\"@type\":\"ListItem\",\"position\":1,\"name\":\"Home\",\"item\":\"http:\/\/kommunikation.gaertnerhkk.de\/\"},{\"@type\":\"ListItem\",\"position\":2,\"name\":\"Grundlogik unserer Arbeit\"}]},{\"@type\":\"WebSite\",\"@id\":\"http:\/\/kommunikation.gaertnerhkk.de\/#website\",\"url\":\"http:\/\/kommunikation.gaertnerhkk.de\/\",\"name\":\"gaertner hkk\",\"description\":\"Bildungsmanufaktur\",\"potentialAction\":[{\"@type\":\"SearchAction\",\"target\":{\"@type\":\"EntryPoint\",\"urlTemplate\":\"http:\/\/kommunikation.gaertnerhkk.de\/?s={search_term_string}\"},\"query-input\":\"required name=search_term_string\"}],\"inLanguage\":\"de-DE\"}]}<\/script>\n<!-- \/ Yoast SEO plugin. -->","yoast_head_json":{"title":"Grundlogik unserer Arbeit - gaertner hkk","robots":{"index":"index","follow":"follow","max-snippet":"max-snippet:-1","max-image-preview":"max-image-preview:large","max-video-preview":"max-video-preview:-1"},"canonical":"http:\/\/kommunikation.gaertnerhkk.de\/?page_id=655","og_locale":"de_DE","og_type":"article","og_title":"Grundlogik unserer Arbeit - gaertner hkk","og_description":"Grundlogik unserer Arbeit \u2014 Individueller Ansatz nach Ihrer Handlungsplanung &nbsp; Angebotsphase: Profiling der individuellen Ma\u00dfnahme aufgrund Ihrer definierten F\u00f6rderziele Individuelle Vereinbarung der F\u00f6rderziele (Meilensteine) Festlegen der Ressourcenentwicklung als verbindliche Arbeitsgrundlage Auftragsphase Umsetzung des Aktionsplanes \u201eRessourcenentwicklung\u201c Erarbeitung der Meilensteine \u00dcberpr\u00fcfung der Erreichung der Inhalte der Meilensteine Ziel Die tats\u00e4chliche und messbare St\u00e4rkung des im Handlungsplan unseres","og_url":"http:\/\/kommunikation.gaertnerhkk.de\/?page_id=655","og_site_name":"gaertner hkk","article_publisher":"https:\/\/www.facebook.com\/gaertnerhkk.de","article_modified_time":"2016-07-26T11:50:16+00:00","og_image":[{"width":537,"height":223,"url":"http:\/\/kommunikation.gaertnerhkk.de\/wp-content\/uploads\/2016\/06\/Fotolia_82646981_XS.jpg","type":"image\/jpeg"}],"twitter_card":"summary_large_image","schema":{"@context":"https:\/\/schema.org","@graph":[{"@type":"WebPage","@id":"http:\/\/kommunikation.gaertnerhkk.de\/?page_id=655","url":"http:\/\/kommunikation.gaertnerhkk.de\/?page_id=655","name":"Grundlogik unserer Arbeit - gaertner hkk","isPartOf":{"@id":"http:\/\/kommunikation.gaertnerhkk.de\/#website"},"primaryImageOfPage":{"@id":"http:\/\/kommunikation.gaertnerhkk.de\/?page_id=655#primaryimage"},"image":{"@id":"http:\/\/kommunikation.gaertnerhkk.de\/?page_id=655#primaryimage"},"thumbnailUrl":"http:\/\/kommunikation.gaertnerhkk.de\/wp-content\/uploads\/2016\/06\/Fotolia_82646981_XS.jpg","datePublished":"2015-07-09T09:50:54+00:00","dateModified":"2016-07-26T11:50:16+00:00","breadcrumb":{"@id":"http:\/\/kommunikation.gaertnerhkk.de\/?page_id=655#breadcrumb"},"inLanguage":"de-DE","potentialAction":[{"@type":"ReadAction","target":["http:\/\/kommunikation.gaertnerhkk.de\/?page_id=655"]}]},{"@type":"ImageObject","inLanguage":"de-DE","@id":"http:\/\/kommunikation.gaertnerhkk.de\/?page_id=655#primaryimage","url":"http:\/\/kommunikation.gaertnerhkk.de\/wp-content\/uploads\/2016\/06\/Fotolia_82646981_XS.jpg","contentUrl":"http:\/\/kommunikation.gaertnerhkk.de\/wp-content\/uploads\/2016\/06\/Fotolia_82646981_XS.jpg","width":537,"height":223,"caption":"Metal Welcome Text (isolated on white background)"},{"@type":"BreadcrumbList","@id":"http:\/\/kommunikation.gaertnerhkk.de\/?page_id=655#breadcrumb","itemListElement":[{"@type":"ListItem","position":1,"name":"Home","item":"http:\/\/kommunikation.gaertnerhkk.de\/"},{"@type":"ListItem","position":2,"name":"Grundlogik unserer Arbeit"}]},{"@type":"WebSite","@id":"http:\/\/kommunikation.gaertnerhkk.de\/#website","url":"http:\/\/kommunikation.gaertnerhkk.de\/","name":"gaertner hkk","description":"Bildungsmanufaktur","potentialAction":[{"@type":"SearchAction","target":{"@type":"EntryPoint","urlTemplate":"http:\/\/kommunikation.gaertnerhkk.de\/?s={search_term_string}"},"query-input":"required name=search_term_string"}],"inLanguage":"de-DE"}]}},"_links":{"self":[{"href":"http:\/\/kommunikation.gaertnerhkk.de\/index.php?rest_route=\/wp\/v2\/pages\/655"}],"collection":[{"href":"http:\/\/kommunikation.gaertnerhkk.de\/index.php?rest_route=\/wp\/v2\/pages"}],"about":[{"href":"http:\/\/kommunikation.gaertnerhkk.de\/index.php?rest_route=\/wp\/v2\/types\/page"}],"author":[{"embeddable":true,"href":"http:\/\/kommunikation.gaertnerhkk.de\/index.php?rest_route=\/wp\/v2\/users\/1"}],"replies":[{"embeddable":true,"href":"http:\/\/kommunikation.gaertnerhkk.de\/index.php?rest_route=%2Fwp%2Fv2%2Fcomments&post=655"}],"version-history":[{"count":9,"href":"http:\/\/kommunikation.gaertnerhkk.de\/index.php?rest_route=\/wp\/v2\/pages\/655\/revisions"}],"predecessor-version":[{"id":661,"href":"http:\/\/kommunikation.gaertnerhkk.de\/index.php?rest_route=\/wp\/v2\/pages\/655\/revisions\/661"}],"wp:featuredmedia":[{"embeddable":true,"href":"http:\/\/kommunikation.gaertnerhkk.de\/index.php?rest_route=\/wp\/v2\/media\/1309"}],"wp:attachment":[{"href":"http:\/\/kommunikation.gaertnerhkk.de\/index.php?rest_route=%2Fwp%2Fv2%2Fmedia&parent=655"}],"curies":[{"name":"wp","href":"https:\/\/api.w.org\/{rel}","templated":true}]}}

<p><b>Grundlogik unserer Arbeit —</b> <b>Individueller Ansatz nach Ihrer Handlungsplanung<a id="set-post-thumbnail" class="thickbox" href="http://kommunikation.gaertnerhkk.de/wp-admin/media-upload.php?post_id=655&amp;type=image&amp;TB_iframe=1"><img loading="lazy" decoding="async" class="attachment-266x266 alignright" src="http://kommunikation.gaertnerhkk.de/wp-content/uploads/2016/06/Fotolia_82646981_XS.jpg" sizes="(max-width: 266px) 100vw, 266px" srcset="http://kommunikation.gaertnerhkk.de/wp-content/uploads/2016/06/Fotolia_82646981_XS.jpg 537w, http://kommunikation.gaertnerhkk.de/wp-content/uploads/2016/06/Fotolia_82646981_XS-300x125.jpg 300w" alt="Metal Welcome Text (isolated on white background)" width="489" height="244" /></a></b></p>
<p class="hide-if-no-js">
<p>&nbsp;</p>
<p><b>Angebotsphase:<br />
</b></p>
<ul>
<li>Profiling der individuellen Maßnahme aufgrund Ihrer definierten Förderziele</li>
<li>Individuelle Vereinbarung der Förderziele (Meilensteine)</li>
<li>Festlegen der Ressourcenentwicklung als verbindliche Arbeitsgrundlage</li>
</ul>
<p><b>Auftragsphase<br />
</b></p>
<ul>
<li>Umsetzung des Aktionsplanes „Ressourcenentwicklung“</li>
<li>Erarbeitung der Meilensteine</li>
<li>Überprüfung der Erreichung der Inhalte der Meilensteine</li>
</ul>
<p><b>Ziel<br />
</b></p>
<ul>
<li>Die tatsächliche und messbare Stärkung des im Handlungsplan<br />
unseres Mandanten definierten Bereiches</li>
<li>Klare Struktur nach der Excel-Funktion: WENN-DANN-SONST</li>
<li>Stärkung der Motivation des gegenseitigen Zuarbeitens</li>
<li>Orientierung und Unterstützung im Umsetzungsprozess</li>
</ul>
<p class="hide-if-no-js"><a id="set-post-thumbnail" class="thickbox" title="Beitragsbild festlegen" href="http://kommunikation.gaertnerhkk.de/wp-admin/media-upload.php?post_id=655&amp;type=image&amp;TB_iframe=1"><img loading="lazy" decoding="async" class="attachment-266x266" src="http://kommunikation.gaertnerhkk.de/wp-content/uploads/2015/06/M%C3%A4nneken-klein-300x34.png" alt="Männeken klein" width="266" height="30" /></a><a id="set-post-thumbnail" class="thickbox" title="Beitragsbild festlegen" href="http://kommunikation.gaertnerhkk.de/wp-admin/media-upload.php?post_id=655&amp;type=image&amp;TB_iframe=1"></a></p>

Grundlogik unserer Arbeit — Individueller Ansatz nach Ihrer Handlungsplanung &nbsp; Angebotsphase: Profiling der individuellen Maßnahme aufgrund Ihrer definierten Förderziele Individuelle Vereinbarung der Förderziele (Meilensteine) Festlegen der Ressourcenentwicklung als verbindliche Arbeitsgrundlage Auftragsphase Umsetzung des Aktionsplanes „Ressourcenentwicklung“ Erarbeitung der Meilensteine Überprüfung der Erreichung der Inhalte der Meilensteine Ziel Die tatsächliche und messbare Stärkung des im Handlungsplan unseres

<!-- This site is optimized with the Yoast SEO plugin v23.1 - https://yoast.com/wordpress/plugins/seo/ -->
<title>Grundlogik unserer Arbeit - gaertner hkk</title>
<meta name="robots" content="index, follow, max-snippet:-1, max-image-preview:large, max-video-preview:-1" />
<link rel="canonical" href="http://kommunikation.gaertnerhkk.de/?page_id=655" />
<meta property="og:locale" content="de_DE" />
<meta property="og:type" content="article" />
<meta property="og:title" content="Grundlogik unserer Arbeit - gaertner hkk" />
<meta property="og:description" content="Grundlogik unserer Arbeit — Individueller Ansatz nach Ihrer Handlungsplanung &nbsp; Angebotsphase: Profiling der individuellen Maßnahme aufgrund Ihrer definierten Förderziele Individuelle Vereinbarung der Förderziele (Meilensteine) Festlegen der Ressourcenentwicklung als verbindliche Arbeitsgrundlage Auftragsphase Umsetzung des Aktionsplanes „Ressourcenentwicklung“ Erarbeitung der Meilensteine Überprüfung der Erreichung der Inhalte der Meilensteine Ziel Die tatsächliche und messbare Stärkung des im Handlungsplan unseres" />
<meta property="og:url" content="http://kommunikation.gaertnerhkk.de/?page_id=655" />
<meta property="og:site_name" content="gaertner hkk" />
<meta property="article:publisher" content="https://www.facebook.com/gaertnerhkk.de" />
<meta property="article:modified_time" content="2016-07-26T11:50:16+00:00" />
<meta property="og:image" content="http://kommunikation.gaertnerhkk.de/wp-content/uploads/2016/06/Fotolia_82646981_XS.jpg" />
	<meta property="og:image:width" content="537" />
	<meta property="og:image:height" content="223" />
	<meta property="og:image:type" content="image/jpeg" />
<meta name="twitter:card" content="summary_large_image" />
<script type="application/ld+json" class="yoast-schema-graph">{"@context":"https://schema.org","@graph":[{"@type":"WebPage","@id":"http://kommunikation.gaertnerhkk.de/?page_id=655","url":"http://kommunikation.gaertnerhkk.de/?page_id=655","name":"Grundlogik unserer Arbeit - gaertner hkk","isPartOf":{"@id":"http://kommunikation.gaertnerhkk.de/#website"},"primaryImageOfPage":{"@id":"http://kommunikation.gaertnerhkk.de/?page_id=655#primaryimage"},"image":{"@id":"http://kommunikation.gaertnerhkk.de/?page_id=655#primaryimage"},"thumbnailUrl":"http://kommunikation.gaertnerhkk.de/wp-content/uploads/2016/06/Fotolia_82646981_XS.jpg","datePublished":"2015-07-09T09:50:54+00:00","dateModified":"2016-07-26T11:50:16+00:00","breadcrumb":{"@id":"http://kommunikation.gaertnerhkk.de/?page_id=655#breadcrumb"},"inLanguage":"de-DE","potentialAction":[{"@type":"ReadAction","target":["http://kommunikation.gaertnerhkk.de/?page_id=655"]}]},{"@type":"ImageObject","inLanguage":"de-DE","@id":"http://kommunikation.gaertnerhkk.de/?page_id=655#primaryimage","url":"http://kommunikation.gaertnerhkk.de/wp-content/uploads/2016/06/Fotolia_82646981_XS.jpg","contentUrl":"http://kommunikation.gaertnerhkk.de/wp-content/uploads/2016/06/Fotolia_82646981_XS.jpg","width":537,"height":223,"caption":"Metal Welcome Text (isolated on white background)"},{"@type":"BreadcrumbList","@id":"http://kommunikation.gaertnerhkk.de/?page_id=655#breadcrumb","itemListElement":[{"@type":"ListItem","position":1,"name":"Home","item":"http://kommunikation.gaertnerhkk.de/"},{"@type":"ListItem","position":2,"name":"Grundlogik unserer Arbeit"}]},{"@type":"WebSite","@id":"http://kommunikation.gaertnerhkk.de/#website","url":"http://kommunikation.gaertnerhkk.de/","name":"gaertner hkk","description":"Bildungsmanufaktur","potentialAction":[{"@type":"SearchAction","target":{"@type":"EntryPoint","urlTemplate":"http://kommunikation.gaertnerhkk.de/?s={search_term_string}"},"query-input":"required name=search_term_string"}],"inLanguage":"de-DE"}]}</script>
<!-- / Yoast SEO plugin. -->
