{"id":75,"date":"2015-06-23T09:47:25","date_gmt":"2015-06-23T09:47:25","guid":{"rendered":"http:\/\/kommunikation.gaertnerhkk.de\/?page_id=75"},"modified":"2016-07-27T10:51:27","modified_gmt":"2016-07-27T10:51:27","slug":"ueberpruefen-sie-ihre-kenntnisse","status":"publish","type":"page","link":"http:\/\/kommunikation.gaertnerhkk.de\/?page_id=75","title":{"rendered":"\u00dcberpr\u00fcfen Sie Ihre Kenntnisse"},"content":{"rendered":"<p><strong>\u00dcberpr\u00fcfen Sie Ihre Kenntnisse &#8230;<a id=\"set-post-thumbnail\" class=\"thickbox\" href=\"http:\/\/kommunikation.gaertnerhkk.de\/wp-admin\/media-upload.php?post_id=75&amp;type=image&amp;TB_iframe=1\"><img loading=\"lazy\" decoding=\"async\" class=\"attachment-266x266 size-266x266 alignright\" src=\"http:\/\/kommunikation.gaertnerhkk.de\/wp-content\/uploads\/2016\/07\/Header-2a-1-768x269.jpg\" sizes=\"(max-width: 266px) 100vw, 266px\" srcset=\"http:\/\/kommunikation.gaertnerhkk.de\/wp-content\/uploads\/2016\/07\/Header-2a-1-768x269.jpg 768w, http:\/\/kommunikation.gaertnerhkk.de\/wp-content\/uploads\/2016\/07\/Header-2a-1-300x105.jpg 300w, http:\/\/kommunikation.gaertnerhkk.de\/wp-content\/uploads\/2016\/07\/Header-2a-1-1024x358.jpg 1024w, http:\/\/kommunikation.gaertnerhkk.de\/wp-content\/uploads\/2016\/07\/Header-2a-1-e1469528943593.jpg 1332w\" alt=\"Header 2a\" width=\"266\" height=\"93\" \/><\/a><\/strong><\/p>\n<p class=\"hide-if-no-js\">\n<p>Sie sind motiviert, Sie wollen beruflich und privat mehr f\u00fcr sich erreichen? Finden Sie heraus, was Sie k\u00f6nnen, was Sie sich noch erarbeiten, um Ihre berufliche Zukunft abzusichern.<\/p>\n<p>Erarbeiten Sie Ihre pers\u00f6nliche Strategie. Sie nutzen hierzu Ihren pers\u00f6nlich erarbeiteten Leitfaden.<\/p>\n<p>So k\u00f6nnen Sie Ihre erforderlichen fachlichen und pers\u00f6nlichen Qualifizierungsbausteine erarbeiten und erfolgreich Ihre individuelle Weiterentwicklung bearbeiten.<\/p>\n<p>Inhalte:<br \/>\nBaustein 1<br \/>\n<strong>Profiling, M\u00f6glichkeiten, Ressourcen<\/strong><br \/>\n7 Unterrichtseinheiten<br \/>\nBaustein 2<br \/>\n<strong>Bewerbungsunterlagen<\/strong><br \/>\n3 Unterrichtseinheiten<br \/>\nBaustein 3<br \/>\n<strong>Arbeitsmarkttraining<br \/>\n<\/strong>14 Unterrichtseinheiten<\/p>\n<p>Lernumfeld: Einzelcoaching<\/p>\n<p>Das Seminar richtet sich an Menschen, die im beruflichen Umfeld Ver\u00e4nderungen vornehmen und sich gezielt darauf vorbereiten.<br \/>\n(\u00a7 45, 1 Satz 1 Nr. 2 SGB III)<\/p>\n<p><strong>Kosten: AVGS MAT\u2014 Bei Vorliegen der pers\u00f6nlichen Voraussetzungen werden die Kosten durch Agentur f\u00fcr Arbeit, Jobcenter, sonstige Tr\u00e4ger \u00fcbernommen.<\/strong><\/p>\n<p class=\"hide-if-no-js\"><a id=\"set-post-thumbnail\" class=\"thickbox\" href=\"http:\/\/kommunikation.gaertnerhkk.de\/wp-admin\/media-upload.php?post_id=75&amp;type=image&amp;TB_iframe=1\"><img loading=\"lazy\" decoding=\"async\" class=\"attachment-266x266 size-266x266 alignright\" src=\"http:\/\/kommunikation.gaertnerhkk.de\/wp-content\/uploads\/2015\/03\/Fotolia_45591607_XS.jpg\" sizes=\"(max-width: 266px) 100vw, 266px\" srcset=\"http:\/\/kommunikation.gaertnerhkk.de\/wp-content\/uploads\/2015\/03\/Fotolia_45591607_XS.jpg 472w, http:\/\/kommunikation.gaertnerhkk.de\/wp-content\/uploads\/2015\/03\/Fotolia_45591607_XS-300x161.jpg 300w\" alt=\"Kompass Fineliner St\u00e4rken\" width=\"266\" height=\"143\" \/><\/a><\/p>\n<p><a href=\"http:\/\/kommunikation.gaertnerhkk.de\/?page_id=464\" target=\"_blank\">Kontaktformular<\/a><\/p>\n","protected":false},"excerpt":{"rendered":"\u00dcberpr\u00fcfen Sie Ihre Kenntnisse &#8230; Sie sind motiviert, Sie wollen beruflich und privat mehr f\u00fcr sich erreichen? Finden Sie heraus, was Sie k\u00f6nnen, was Sie sich noch erarbeiten, um Ihre berufliche Zukunft abzusichern. Erarbeiten Sie Ihre pers\u00f6nliche Strategie. Sie nutzen hierzu Ihren pers\u00f6nlich erarbeiteten Leitfaden. So k\u00f6nnen Sie Ihre erforderlichen fachlichen und pers\u00f6nlichen Qualifizierungsbausteine erarbeiten ","protected":false},"author":1,"featured_media":1306,"parent":41,"menu_order":1,"comment_status":"open","ping_status":"open","template":"","meta":{"footnotes":""},"class_list":["post-75","page","type-page","status-publish","has-post-thumbnail","hentry"],"yoast_head":"<!-- This site is optimized with the Yoast SEO plugin v23.1 - https:\/\/yoast.com\/wordpress\/plugins\/seo\/ -->\n<title>\u00dcberpr\u00fcfen Sie Ihre Kenntnisse - gaertner hkk<\/title>\n<meta name=\"robots\" content=\"index, follow, max-snippet:-1, max-image-preview:large, max-video-preview:-1\" \/>\n<link rel=\"canonical\" href=\"http:\/\/kommunikation.gaertnerhkk.de\/?page_id=75\" \/>\n<meta property=\"og:locale\" content=\"de_DE\" \/>\n<meta property=\"og:type\" content=\"article\" \/>\n<meta property=\"og:title\" content=\"\u00dcberpr\u00fcfen Sie Ihre Kenntnisse - gaertner hkk\" \/>\n<meta property=\"og:description\" content=\"\u00dcberpr\u00fcfen Sie Ihre Kenntnisse &#8230; Sie sind motiviert, Sie wollen beruflich und privat mehr f\u00fcr sich erreichen? Finden Sie heraus, was Sie k\u00f6nnen, was Sie sich noch erarbeiten, um Ihre berufliche Zukunft abzusichern. Erarbeiten Sie Ihre pers\u00f6nliche Strategie. Sie nutzen hierzu Ihren pers\u00f6nlich erarbeiteten Leitfaden. So k\u00f6nnen Sie Ihre erforderlichen fachlichen und pers\u00f6nlichen Qualifizierungsbausteine erarbeiten\" \/>\n<meta property=\"og:url\" content=\"http:\/\/kommunikation.gaertnerhkk.de\/?page_id=75\" \/>\n<meta property=\"og:site_name\" content=\"gaertner hkk\" \/>\n<meta property=\"article:publisher\" content=\"https:\/\/www.facebook.com\/gaertnerhkk.de\" \/>\n<meta property=\"article:modified_time\" content=\"2016-07-27T10:51:27+00:00\" \/>\n<meta property=\"og:image\" content=\"http:\/\/kommunikation.gaertnerhkk.de\/wp-content\/uploads\/2016\/07\/Header-2a-1-e1469528943593.jpg\" \/>\n\t<meta property=\"og:image:width\" content=\"1332\" \/>\n\t<meta property=\"og:image:height\" content=\"466\" \/>\n\t<meta property=\"og:image:type\" content=\"image\/jpeg\" \/>\n<meta name=\"twitter:card\" content=\"summary_large_image\" \/>\n<meta name=\"twitter:label1\" content=\"Gesch\u00e4tzte Lesezeit\" \/>\n\t<meta name=\"twitter:data1\" content=\"1 Minute\" \/>\n<script type=\"application\/ld+json\" class=\"yoast-schema-graph\">{\"@context\":\"https:\/\/schema.org\",\"@graph\":[{\"@type\":\"WebPage\",\"@id\":\"http:\/\/kommunikation.gaertnerhkk.de\/?page_id=75\",\"url\":\"http:\/\/kommunikation.gaertnerhkk.de\/?page_id=75\",\"name\":\"\u00dcberpr\u00fcfen Sie Ihre Kenntnisse - gaertner hkk\",\"isPartOf\":{\"@id\":\"http:\/\/kommunikation.gaertnerhkk.de\/#website\"},\"primaryImageOfPage\":{\"@id\":\"http:\/\/kommunikation.gaertnerhkk.de\/?page_id=75#primaryimage\"},\"image\":{\"@id\":\"http:\/\/kommunikation.gaertnerhkk.de\/?page_id=75#primaryimage\"},\"thumbnailUrl\":\"http:\/\/kommunikation.gaertnerhkk.de\/wp-content\/uploads\/2016\/07\/Header-2a-1-e1469528943593.jpg\",\"datePublished\":\"2015-06-23T09:47:25+00:00\",\"dateModified\":\"2016-07-27T10:51:27+00:00\",\"breadcrumb\":{\"@id\":\"http:\/\/kommunikation.gaertnerhkk.de\/?page_id=75#breadcrumb\"},\"inLanguage\":\"de-DE\",\"potentialAction\":[{\"@type\":\"ReadAction\",\"target\":[\"http:\/\/kommunikation.gaertnerhkk.de\/?page_id=75\"]}]},{\"@type\":\"ImageObject\",\"inLanguage\":\"de-DE\",\"@id\":\"http:\/\/kommunikation.gaertnerhkk.de\/?page_id=75#primaryimage\",\"url\":\"http:\/\/kommunikation.gaertnerhkk.de\/wp-content\/uploads\/2016\/07\/Header-2a-1-e1469528943593.jpg\",\"contentUrl\":\"http:\/\/kommunikation.gaertnerhkk.de\/wp-content\/uploads\/2016\/07\/Header-2a-1-e1469528943593.jpg\",\"width\":1332,\"height\":466},{\"@type\":\"BreadcrumbList\",\"@id\":\"http:\/\/kommunikation.gaertnerhkk.de\/?page_id=75#breadcrumb\",\"itemListElement\":[{\"@type\":\"ListItem\",\"position\":1,\"name\":\"Home\",\"item\":\"http:\/\/kommunikation.gaertnerhkk.de\/\"},{\"@type\":\"ListItem\",\"position\":2,\"name\":\"Angebot\",\"item\":\"http:\/\/kommunikation.gaertnerhkk.de\/?page_id=41\"},{\"@type\":\"ListItem\",\"position\":3,\"name\":\"\u00dcberpr\u00fcfen Sie Ihre Kenntnisse\"}]},{\"@type\":\"WebSite\",\"@id\":\"http:\/\/kommunikation.gaertnerhkk.de\/#website\",\"url\":\"http:\/\/kommunikation.gaertnerhkk.de\/\",\"name\":\"gaertner hkk\",\"description\":\"Bildungsmanufaktur\",\"potentialAction\":[{\"@type\":\"SearchAction\",\"target\":{\"@type\":\"EntryPoint\",\"urlTemplate\":\"http:\/\/kommunikation.gaertnerhkk.de\/?s={search_term_string}\"},\"query-input\":\"required name=search_term_string\"}],\"inLanguage\":\"de-DE\"}]}<\/script>\n<!-- \/ Yoast SEO plugin. -->","yoast_head_json":{"title":"\u00dcberpr\u00fcfen Sie Ihre Kenntnisse - gaertner hkk","robots":{"index":"index","follow":"follow","max-snippet":"max-snippet:-1","max-image-preview":"max-image-preview:large","max-video-preview":"max-video-preview:-1"},"canonical":"http:\/\/kommunikation.gaertnerhkk.de\/?page_id=75","og_locale":"de_DE","og_type":"article","og_title":"\u00dcberpr\u00fcfen Sie Ihre Kenntnisse - gaertner hkk","og_description":"\u00dcberpr\u00fcfen Sie Ihre Kenntnisse &#8230; Sie sind motiviert, Sie wollen beruflich und privat mehr f\u00fcr sich erreichen? Finden Sie heraus, was Sie k\u00f6nnen, was Sie sich noch erarbeiten, um Ihre berufliche Zukunft abzusichern. Erarbeiten Sie Ihre pers\u00f6nliche Strategie. Sie nutzen hierzu Ihren pers\u00f6nlich erarbeiteten Leitfaden. So k\u00f6nnen Sie Ihre erforderlichen fachlichen und pers\u00f6nlichen Qualifizierungsbausteine erarbeiten","og_url":"http:\/\/kommunikation.gaertnerhkk.de\/?page_id=75","og_site_name":"gaertner hkk","article_publisher":"https:\/\/www.facebook.com\/gaertnerhkk.de","article_modified_time":"2016-07-27T10:51:27+00:00","og_image":[{"width":1332,"height":466,"url":"http:\/\/kommunikation.gaertnerhkk.de\/wp-content\/uploads\/2016\/07\/Header-2a-1-e1469528943593.jpg","type":"image\/jpeg"}],"twitter_card":"summary_large_image","twitter_misc":{"Gesch\u00e4tzte Lesezeit":"1 Minute"},"schema":{"@context":"https:\/\/schema.org","@graph":[{"@type":"WebPage","@id":"http:\/\/kommunikation.gaertnerhkk.de\/?page_id=75","url":"http:\/\/kommunikation.gaertnerhkk.de\/?page_id=75","name":"\u00dcberpr\u00fcfen Sie Ihre Kenntnisse - gaertner hkk","isPartOf":{"@id":"http:\/\/kommunikation.gaertnerhkk.de\/#website"},"primaryImageOfPage":{"@id":"http:\/\/kommunikation.gaertnerhkk.de\/?page_id=75#primaryimage"},"image":{"@id":"http:\/\/kommunikation.gaertnerhkk.de\/?page_id=75#primaryimage"},"thumbnailUrl":"http:\/\/kommunikation.gaertnerhkk.de\/wp-content\/uploads\/2016\/07\/Header-2a-1-e1469528943593.jpg","datePublished":"2015-06-23T09:47:25+00:00","dateModified":"2016-07-27T10:51:27+00:00","breadcrumb":{"@id":"http:\/\/kommunikation.gaertnerhkk.de\/?page_id=75#breadcrumb"},"inLanguage":"de-DE","potentialAction":[{"@type":"ReadAction","target":["http:\/\/kommunikation.gaertnerhkk.de\/?page_id=75"]}]},{"@type":"ImageObject","inLanguage":"de-DE","@id":"http:\/\/kommunikation.gaertnerhkk.de\/?page_id=75#primaryimage","url":"http:\/\/kommunikation.gaertnerhkk.de\/wp-content\/uploads\/2016\/07\/Header-2a-1-e1469528943593.jpg","contentUrl":"http:\/\/kommunikation.gaertnerhkk.de\/wp-content\/uploads\/2016\/07\/Header-2a-1-e1469528943593.jpg","width":1332,"height":466},{"@type":"BreadcrumbList","@id":"http:\/\/kommunikation.gaertnerhkk.de\/?page_id=75#breadcrumb","itemListElement":[{"@type":"ListItem","position":1,"name":"Home","item":"http:\/\/kommunikation.gaertnerhkk.de\/"},{"@type":"ListItem","position":2,"name":"Angebot","item":"http:\/\/kommunikation.gaertnerhkk.de\/?page_id=41"},{"@type":"ListItem","position":3,"name":"\u00dcberpr\u00fcfen Sie Ihre Kenntnisse"}]},{"@type":"WebSite","@id":"http:\/\/kommunikation.gaertnerhkk.de\/#website","url":"http:\/\/kommunikation.gaertnerhkk.de\/","name":"gaertner hkk","description":"Bildungsmanufaktur","potentialAction":[{"@type":"SearchAction","target":{"@type":"EntryPoint","urlTemplate":"http:\/\/kommunikation.gaertnerhkk.de\/?s={search_term_string}"},"query-input":"required name=search_term_string"}],"inLanguage":"de-DE"}]}},"_links":{"self":[{"href":"http:\/\/kommunikation.gaertnerhkk.de\/index.php?rest_route=\/wp\/v2\/pages\/75"}],"collection":[{"href":"http:\/\/kommunikation.gaertnerhkk.de\/index.php?rest_route=\/wp\/v2\/pages"}],"about":[{"href":"http:\/\/kommunikation.gaertnerhkk.de\/index.php?rest_route=\/wp\/v2\/types\/page"}],"author":[{"embeddable":true,"href":"http:\/\/kommunikation.gaertnerhkk.de\/index.php?rest_route=\/wp\/v2\/users\/1"}],"replies":[{"embeddable":true,"href":"http:\/\/kommunikation.gaertnerhkk.de\/index.php?rest_route=%2Fwp%2Fv2%2Fcomments&post=75"}],"version-history":[{"count":11,"href":"http:\/\/kommunikation.gaertnerhkk.de\/index.php?rest_route=\/wp\/v2\/pages\/75\/revisions"}],"predecessor-version":[{"id":1396,"href":"http:\/\/kommunikation.gaertnerhkk.de\/index.php?rest_route=\/wp\/v2\/pages\/75\/revisions\/1396"}],"up":[{"embeddable":true,"href":"http:\/\/kommunikation.gaertnerhkk.de\/index.php?rest_route=\/wp\/v2\/pages\/41"}],"wp:featuredmedia":[{"embeddable":true,"href":"http:\/\/kommunikation.gaertnerhkk.de\/index.php?rest_route=\/wp\/v2\/media\/1306"}],"wp:attachment":[{"href":"http:\/\/kommunikation.gaertnerhkk.de\/index.php?rest_route=%2Fwp%2Fv2%2Fmedia&parent=75"}],"curies":[{"name":"wp","href":"https:\/\/api.w.org\/{rel}","templated":true}]}}

Überprüfen Sie Ihre Kenntnisse

<p><strong>Überprüfen Sie Ihre Kenntnisse &#8230;<a id="set-post-thumbnail" class="thickbox" href="http://kommunikation.gaertnerhkk.de/wp-admin/media-upload.php?post_id=75&amp;type=image&amp;TB_iframe=1"><img loading="lazy" decoding="async" class="attachment-266x266 size-266x266 alignright" src="http://kommunikation.gaertnerhkk.de/wp-content/uploads/2016/07/Header-2a-1-768x269.jpg" sizes="(max-width: 266px) 100vw, 266px" srcset="http://kommunikation.gaertnerhkk.de/wp-content/uploads/2016/07/Header-2a-1-768x269.jpg 768w, http://kommunikation.gaertnerhkk.de/wp-content/uploads/2016/07/Header-2a-1-300x105.jpg 300w, http://kommunikation.gaertnerhkk.de/wp-content/uploads/2016/07/Header-2a-1-1024x358.jpg 1024w, http://kommunikation.gaertnerhkk.de/wp-content/uploads/2016/07/Header-2a-1-e1469528943593.jpg 1332w" alt="Header 2a" width="266" height="93" /></a></strong></p>
<p class="hide-if-no-js">
<p>Sie sind motiviert, Sie wollen beruflich und privat mehr für sich erreichen? Finden Sie heraus, was Sie können, was Sie sich noch erarbeiten, um Ihre berufliche Zukunft abzusichern.</p>
<p>Erarbeiten Sie Ihre persönliche Strategie. Sie nutzen hierzu Ihren persönlich erarbeiteten Leitfaden.</p>
<p>So können Sie Ihre erforderlichen fachlichen und persönlichen Qualifizierungsbausteine erarbeiten und erfolgreich Ihre individuelle Weiterentwicklung bearbeiten.</p>
<p>Inhalte:<br />
Baustein 1<br />
<strong>Profiling, Möglichkeiten, Ressourcen</strong><br />
7 Unterrichtseinheiten<br />
Baustein 2<br />
<strong>Bewerbungsunterlagen</strong><br />
3 Unterrichtseinheiten<br />
Baustein 3<br />
<strong>Arbeitsmarkttraining<br />
</strong>14 Unterrichtseinheiten</p>
<p>Lernumfeld: Einzelcoaching</p>
<p>Das Seminar richtet sich an Menschen, die im beruflichen Umfeld Veränderungen vornehmen und sich gezielt darauf vorbereiten.<br />
(§ 45, 1 Satz 1 Nr. 2 SGB III)</p>
<p><strong>Kosten: AVGS MAT— Bei Vorliegen der persönlichen Voraussetzungen werden die Kosten durch Agentur für Arbeit, Jobcenter, sonstige Träger übernommen.</strong></p>
<p class="hide-if-no-js"><a id="set-post-thumbnail" class="thickbox" href="http://kommunikation.gaertnerhkk.de/wp-admin/media-upload.php?post_id=75&amp;type=image&amp;TB_iframe=1"><img loading="lazy" decoding="async" class="attachment-266x266 size-266x266 alignright" src="http://kommunikation.gaertnerhkk.de/wp-content/uploads/2015/03/Fotolia_45591607_XS.jpg" sizes="(max-width: 266px) 100vw, 266px" srcset="http://kommunikation.gaertnerhkk.de/wp-content/uploads/2015/03/Fotolia_45591607_XS.jpg 472w, http://kommunikation.gaertnerhkk.de/wp-content/uploads/2015/03/Fotolia_45591607_XS-300x161.jpg 300w" alt="Kompass Fineliner Stärken" width="266" height="143" /></a></p>
<p><a href="http://kommunikation.gaertnerhkk.de/?page_id=464" target="_blank">Kontaktformular</a></p>

Überprüfen Sie Ihre Kenntnisse &#8230; Sie sind motiviert, Sie wollen beruflich und privat mehr für sich erreichen? Finden Sie heraus, was Sie können, was Sie sich noch erarbeiten, um Ihre berufliche Zukunft abzusichern. Erarbeiten Sie Ihre persönliche Strategie. Sie nutzen hierzu Ihren persönlich erarbeiteten Leitfaden. So können Sie Ihre erforderlichen fachlichen und persönlichen Qualifizierungsbausteine erarbeiten

<!-- This site is optimized with the Yoast SEO plugin v23.1 - https://yoast.com/wordpress/plugins/seo/ -->
<title>Überprüfen Sie Ihre Kenntnisse - gaertner hkk</title>
<meta name="robots" content="index, follow, max-snippet:-1, max-image-preview:large, max-video-preview:-1" />
<link rel="canonical" href="http://kommunikation.gaertnerhkk.de/?page_id=75" />
<meta property="og:locale" content="de_DE" />
<meta property="og:type" content="article" />
<meta property="og:title" content="Überprüfen Sie Ihre Kenntnisse - gaertner hkk" />
<meta property="og:description" content="Überprüfen Sie Ihre Kenntnisse &#8230; Sie sind motiviert, Sie wollen beruflich und privat mehr für sich erreichen? Finden Sie heraus, was Sie können, was Sie sich noch erarbeiten, um Ihre berufliche Zukunft abzusichern. Erarbeiten Sie Ihre persönliche Strategie. Sie nutzen hierzu Ihren persönlich erarbeiteten Leitfaden. So können Sie Ihre erforderlichen fachlichen und persönlichen Qualifizierungsbausteine erarbeiten" />
<meta property="og:url" content="http://kommunikation.gaertnerhkk.de/?page_id=75" />
<meta property="og:site_name" content="gaertner hkk" />
<meta property="article:publisher" content="https://www.facebook.com/gaertnerhkk.de" />
<meta property="article:modified_time" content="2016-07-27T10:51:27+00:00" />
<meta property="og:image" content="http://kommunikation.gaertnerhkk.de/wp-content/uploads/2016/07/Header-2a-1-e1469528943593.jpg" />
	<meta property="og:image:width" content="1332" />
	<meta property="og:image:height" content="466" />
	<meta property="og:image:type" content="image/jpeg" />
<meta name="twitter:card" content="summary_large_image" />
<meta name="twitter:label1" content="Geschätzte Lesezeit" />
	<meta name="twitter:data1" content="1 Minute" />
<script type="application/ld+json" class="yoast-schema-graph">{"@context":"https://schema.org","@graph":[{"@type":"WebPage","@id":"http://kommunikation.gaertnerhkk.de/?page_id=75","url":"http://kommunikation.gaertnerhkk.de/?page_id=75","name":"Überprüfen Sie Ihre Kenntnisse - gaertner hkk","isPartOf":{"@id":"http://kommunikation.gaertnerhkk.de/#website"},"primaryImageOfPage":{"@id":"http://kommunikation.gaertnerhkk.de/?page_id=75#primaryimage"},"image":{"@id":"http://kommunikation.gaertnerhkk.de/?page_id=75#primaryimage"},"thumbnailUrl":"http://kommunikation.gaertnerhkk.de/wp-content/uploads/2016/07/Header-2a-1-e1469528943593.jpg","datePublished":"2015-06-23T09:47:25+00:00","dateModified":"2016-07-27T10:51:27+00:00","breadcrumb":{"@id":"http://kommunikation.gaertnerhkk.de/?page_id=75#breadcrumb"},"inLanguage":"de-DE","potentialAction":[{"@type":"ReadAction","target":["http://kommunikation.gaertnerhkk.de/?page_id=75"]}]},{"@type":"ImageObject","inLanguage":"de-DE","@id":"http://kommunikation.gaertnerhkk.de/?page_id=75#primaryimage","url":"http://kommunikation.gaertnerhkk.de/wp-content/uploads/2016/07/Header-2a-1-e1469528943593.jpg","contentUrl":"http://kommunikation.gaertnerhkk.de/wp-content/uploads/2016/07/Header-2a-1-e1469528943593.jpg","width":1332,"height":466},{"@type":"BreadcrumbList","@id":"http://kommunikation.gaertnerhkk.de/?page_id=75#breadcrumb","itemListElement":[{"@type":"ListItem","position":1,"name":"Home","item":"http://kommunikation.gaertnerhkk.de/"},{"@type":"ListItem","position":2,"name":"Angebot","item":"http://kommunikation.gaertnerhkk.de/?page_id=41"},{"@type":"ListItem","position":3,"name":"Überprüfen Sie Ihre Kenntnisse"}]},{"@type":"WebSite","@id":"http://kommunikation.gaertnerhkk.de/#website","url":"http://kommunikation.gaertnerhkk.de/","name":"gaertner hkk","description":"Bildungsmanufaktur","potentialAction":[{"@type":"SearchAction","target":{"@type":"EntryPoint","urlTemplate":"http://kommunikation.gaertnerhkk.de/?s={search_term_string}"},"query-input":"required name=search_term_string"}],"inLanguage":"de-DE"}]}</script>
<!-- / Yoast SEO plugin. -->

Überprüfen Sie Ihre Kenntnisse - gaertner hkk
