{"id":802,"date":"2015-07-27T12:56:49","date_gmt":"2015-07-27T12:56:49","guid":{"rendered":"http:\/\/kommunikation.gaertnerhkk.de\/?page_id=802"},"modified":"2015-08-25T13:38:26","modified_gmt":"2015-08-25T13:38:26","slug":"aktivierungs-und-vermittlungsgutschein","status":"publish","type":"page","link":"http:\/\/kommunikation.gaertnerhkk.de\/?page_id=802","title":{"rendered":"Aktivierungs- und Vermittlungsgutschein"},"content":{"rendered":"<p><strong>Der Aktivierungs- und Vermittlungsgutschein\u00a0 <\/strong><\/p>\n<ul>\n<li>Sie suchen einen Arbeits- oder Ausbildungsplatz?<\/li>\n<li>Sie sind von Arbeitslosigkeit bedroht und suchen einen Arbeitsplatz um neu durchstarten?<\/li>\n<li>Planen Sie nach l\u00e4ngerer Kinderbetreuungszeit eine R\u00fcckkehr ins Berufsleben?<\/li>\n<\/ul>\n<p><strong>Dann kommen Sie zu uns. Unser Angebot f\u00fcr Sie:<\/strong><\/p>\n<ul>\n<li>professionell durch individuelle Coaching<\/li>\n<li>ausgefeiltes Bewerbungsmanagement<\/li>\n<li>Angebote aus dem Stellenpool unserer Arbeitsvermittlerinnen und Arbeitsvermittler.<\/li>\n<\/ul>\n<p>Sollte Ihr Profil noch nicht ganz auf das von Ihnen gew\u00fcnschte Stellenangebot passen, k\u00f6nnen Sie die geforderten Kenntnisse bei uns oder unseren Kooperationspartnern erwerben. Unsere Seminare werden von Jobcentern und Arbeitsagenturen mit einem Aktivierungs- und Vermittlungsgutschein (AVGS) gef\u00f6rdert\u00a0 und sind damit f\u00fcr Sie kostenfrei.<\/p>\n<p><strong>Was ist eigentlich ein AVGS?<\/strong><\/p>\n<p>Der Aktivierungs- und Vermittlungsgutschein bescheinigt Arbeitssuchenden durch Jobcenter und Arbeitsagenturen das Vorliegen der F\u00f6rdervoraussetzungen f\u00fcr eine oder mehrere Ma\u00dfnahmen zur Aktivierung und beruflichen Eingliederung. Der Gutschein dokumentiert das Seminarziel und legt den Seminarinhalt fest und erteilt eine entsprechende F\u00f6rderzusage. Im Besitz eines g\u00fcltigen AVGS k\u00f6nnen Sie sich selbst einen zugelassenen Ma\u00dfnahmetr\u00e4ger ausw\u00e4hlen.<\/p>\n<h4>Ablauf<\/h4>\n<ul>\n<li>Unverbindliches Beratungsgespr\u00e4ch<\/li>\n<li>Beantragung des AVGS bei Ihrer zust\u00e4ndigen Agentur f\u00fcr Arbeit oder Ihrem zust\u00e4ndigen Jobcenter<\/li>\n<li>F\u00f6rderzusage<\/li>\n<li>Ma\u00dfnahmebeginn im Zeitraum der G\u00fcltigkeit des AVGS<\/li>\n<\/ul>\n<p><strong>Aktivierungs- und Vermittlungsgutscheine gibt es in drei Varianten:<\/strong><\/p>\n<ul>\n<li>zur Unterst\u00fctzung der Aktivierung und Eingliederung von Arbeitsuchenden durch Ma\u00dfnahmen bei einem zugelassenen Tr\u00e4ger<\/li>\n<li>zur ausschlie\u00dflich erfolgsorientierten Vermittlung von Arbeitsuchenden in ein sozialversicherungspflichtiges Besch\u00e4ftigungsverh\u00e4ltnis durch einen zugelassenen Tr\u00e4ger<\/li>\n<li>zur Durchf\u00fchrung einer betrieblichen Trainingsma\u00dfnahme, die bis zu 6 Wochen bei einem Arbeitgeber durchgef\u00fchrt werden kann.<\/li>\n<\/ul>\n","protected":false},"excerpt":{"rendered":"Der Aktivierungs- und Vermittlungsgutschein\u00a0 Sie suchen einen Arbeits- oder Ausbildungsplatz? Sie sind von Arbeitslosigkeit bedroht und suchen einen Arbeitsplatz um neu durchstarten? Planen Sie nach l\u00e4ngerer Kinderbetreuungszeit eine R\u00fcckkehr ins Berufsleben? Dann kommen Sie zu uns. Unser Angebot f\u00fcr Sie: professionell durch individuelle Coaching ausgefeiltes Bewerbungsmanagement Angebote aus dem Stellenpool unserer Arbeitsvermittlerinnen und Arbeitsvermittler. Sollte ","protected":false},"author":1,"featured_media":0,"parent":41,"menu_order":0,"comment_status":"open","ping_status":"open","template":"","meta":{"footnotes":""},"class_list":["post-802","page","type-page","status-publish","hentry"],"yoast_head":"<!-- This site is optimized with the Yoast SEO plugin v23.1 - https:\/\/yoast.com\/wordpress\/plugins\/seo\/ -->\n<title>Aktivierungs- und Vermittlungsgutschein - gaertner hkk<\/title>\n<meta name=\"robots\" content=\"index, follow, max-snippet:-1, max-image-preview:large, max-video-preview:-1\" \/>\n<link rel=\"canonical\" href=\"http:\/\/kommunikation.gaertnerhkk.de\/?page_id=802\" \/>\n<meta property=\"og:locale\" content=\"de_DE\" \/>\n<meta property=\"og:type\" content=\"article\" \/>\n<meta property=\"og:title\" content=\"Aktivierungs- und Vermittlungsgutschein - gaertner hkk\" \/>\n<meta property=\"og:description\" content=\"Der Aktivierungs- und Vermittlungsgutschein\u00a0 Sie suchen einen Arbeits- oder Ausbildungsplatz? Sie sind von Arbeitslosigkeit bedroht und suchen einen Arbeitsplatz um neu durchstarten? Planen Sie nach l\u00e4ngerer Kinderbetreuungszeit eine R\u00fcckkehr ins Berufsleben? Dann kommen Sie zu uns. Unser Angebot f\u00fcr Sie: professionell durch individuelle Coaching ausgefeiltes Bewerbungsmanagement Angebote aus dem Stellenpool unserer Arbeitsvermittlerinnen und Arbeitsvermittler. Sollte\" \/>\n<meta property=\"og:url\" content=\"http:\/\/kommunikation.gaertnerhkk.de\/?page_id=802\" \/>\n<meta property=\"og:site_name\" content=\"gaertner hkk\" \/>\n<meta property=\"article:publisher\" content=\"https:\/\/www.facebook.com\/gaertnerhkk.de\" \/>\n<meta property=\"article:modified_time\" content=\"2015-08-25T13:38:26+00:00\" \/>\n<meta name=\"twitter:card\" content=\"summary_large_image\" \/>\n<meta name=\"twitter:label1\" content=\"Gesch\u00e4tzte Lesezeit\" \/>\n\t<meta name=\"twitter:data1\" content=\"1 Minute\" \/>\n<script type=\"application\/ld+json\" class=\"yoast-schema-graph\">{\"@context\":\"https:\/\/schema.org\",\"@graph\":[{\"@type\":\"WebPage\",\"@id\":\"http:\/\/kommunikation.gaertnerhkk.de\/?page_id=802\",\"url\":\"http:\/\/kommunikation.gaertnerhkk.de\/?page_id=802\",\"name\":\"Aktivierungs- und Vermittlungsgutschein - gaertner hkk\",\"isPartOf\":{\"@id\":\"http:\/\/kommunikation.gaertnerhkk.de\/#website\"},\"datePublished\":\"2015-07-27T12:56:49+00:00\",\"dateModified\":\"2015-08-25T13:38:26+00:00\",\"breadcrumb\":{\"@id\":\"http:\/\/kommunikation.gaertnerhkk.de\/?page_id=802#breadcrumb\"},\"inLanguage\":\"de-DE\",\"potentialAction\":[{\"@type\":\"ReadAction\",\"target\":[\"http:\/\/kommunikation.gaertnerhkk.de\/?page_id=802\"]}]},{\"@type\":\"BreadcrumbList\",\"@id\":\"http:\/\/kommunikation.gaertnerhkk.de\/?page_id=802#breadcrumb\",\"itemListElement\":[{\"@type\":\"ListItem\",\"position\":1,\"name\":\"Home\",\"item\":\"http:\/\/kommunikation.gaertnerhkk.de\/\"},{\"@type\":\"ListItem\",\"position\":2,\"name\":\"Angebot\",\"item\":\"http:\/\/kommunikation.gaertnerhkk.de\/?page_id=41\"},{\"@type\":\"ListItem\",\"position\":3,\"name\":\"Aktivierungs- und Vermittlungsgutschein\"}]},{\"@type\":\"WebSite\",\"@id\":\"http:\/\/kommunikation.gaertnerhkk.de\/#website\",\"url\":\"http:\/\/kommunikation.gaertnerhkk.de\/\",\"name\":\"gaertner hkk\",\"description\":\"Bildungsmanufaktur\",\"potentialAction\":[{\"@type\":\"SearchAction\",\"target\":{\"@type\":\"EntryPoint\",\"urlTemplate\":\"http:\/\/kommunikation.gaertnerhkk.de\/?s={search_term_string}\"},\"query-input\":\"required name=search_term_string\"}],\"inLanguage\":\"de-DE\"}]}<\/script>\n<!-- \/ Yoast SEO plugin. -->","yoast_head_json":{"title":"Aktivierungs- und Vermittlungsgutschein - gaertner hkk","robots":{"index":"index","follow":"follow","max-snippet":"max-snippet:-1","max-image-preview":"max-image-preview:large","max-video-preview":"max-video-preview:-1"},"canonical":"http:\/\/kommunikation.gaertnerhkk.de\/?page_id=802","og_locale":"de_DE","og_type":"article","og_title":"Aktivierungs- und Vermittlungsgutschein - gaertner hkk","og_description":"Der Aktivierungs- und Vermittlungsgutschein\u00a0 Sie suchen einen Arbeits- oder Ausbildungsplatz? Sie sind von Arbeitslosigkeit bedroht und suchen einen Arbeitsplatz um neu durchstarten? Planen Sie nach l\u00e4ngerer Kinderbetreuungszeit eine R\u00fcckkehr ins Berufsleben? Dann kommen Sie zu uns. Unser Angebot f\u00fcr Sie: professionell durch individuelle Coaching ausgefeiltes Bewerbungsmanagement Angebote aus dem Stellenpool unserer Arbeitsvermittlerinnen und Arbeitsvermittler. Sollte","og_url":"http:\/\/kommunikation.gaertnerhkk.de\/?page_id=802","og_site_name":"gaertner hkk","article_publisher":"https:\/\/www.facebook.com\/gaertnerhkk.de","article_modified_time":"2015-08-25T13:38:26+00:00","twitter_card":"summary_large_image","twitter_misc":{"Gesch\u00e4tzte Lesezeit":"1 Minute"},"schema":{"@context":"https:\/\/schema.org","@graph":[{"@type":"WebPage","@id":"http:\/\/kommunikation.gaertnerhkk.de\/?page_id=802","url":"http:\/\/kommunikation.gaertnerhkk.de\/?page_id=802","name":"Aktivierungs- und Vermittlungsgutschein - gaertner hkk","isPartOf":{"@id":"http:\/\/kommunikation.gaertnerhkk.de\/#website"},"datePublished":"2015-07-27T12:56:49+00:00","dateModified":"2015-08-25T13:38:26+00:00","breadcrumb":{"@id":"http:\/\/kommunikation.gaertnerhkk.de\/?page_id=802#breadcrumb"},"inLanguage":"de-DE","potentialAction":[{"@type":"ReadAction","target":["http:\/\/kommunikation.gaertnerhkk.de\/?page_id=802"]}]},{"@type":"BreadcrumbList","@id":"http:\/\/kommunikation.gaertnerhkk.de\/?page_id=802#breadcrumb","itemListElement":[{"@type":"ListItem","position":1,"name":"Home","item":"http:\/\/kommunikation.gaertnerhkk.de\/"},{"@type":"ListItem","position":2,"name":"Angebot","item":"http:\/\/kommunikation.gaertnerhkk.de\/?page_id=41"},{"@type":"ListItem","position":3,"name":"Aktivierungs- und Vermittlungsgutschein"}]},{"@type":"WebSite","@id":"http:\/\/kommunikation.gaertnerhkk.de\/#website","url":"http:\/\/kommunikation.gaertnerhkk.de\/","name":"gaertner hkk","description":"Bildungsmanufaktur","potentialAction":[{"@type":"SearchAction","target":{"@type":"EntryPoint","urlTemplate":"http:\/\/kommunikation.gaertnerhkk.de\/?s={search_term_string}"},"query-input":"required name=search_term_string"}],"inLanguage":"de-DE"}]}},"_links":{"self":[{"href":"http:\/\/kommunikation.gaertnerhkk.de\/index.php?rest_route=\/wp\/v2\/pages\/802"}],"collection":[{"href":"http:\/\/kommunikation.gaertnerhkk.de\/index.php?rest_route=\/wp\/v2\/pages"}],"about":[{"href":"http:\/\/kommunikation.gaertnerhkk.de\/index.php?rest_route=\/wp\/v2\/types\/page"}],"author":[{"embeddable":true,"href":"http:\/\/kommunikation.gaertnerhkk.de\/index.php?rest_route=\/wp\/v2\/users\/1"}],"replies":[{"embeddable":true,"href":"http:\/\/kommunikation.gaertnerhkk.de\/index.php?rest_route=%2Fwp%2Fv2%2Fcomments&post=802"}],"version-history":[{"count":3,"href":"http:\/\/kommunikation.gaertnerhkk.de\/index.php?rest_route=\/wp\/v2\/pages\/802\/revisions"}],"predecessor-version":[{"id":933,"href":"http:\/\/kommunikation.gaertnerhkk.de\/index.php?rest_route=\/wp\/v2\/pages\/802\/revisions\/933"}],"up":[{"embeddable":true,"href":"http:\/\/kommunikation.gaertnerhkk.de\/index.php?rest_route=\/wp\/v2\/pages\/41"}],"wp:attachment":[{"href":"http:\/\/kommunikation.gaertnerhkk.de\/index.php?rest_route=%2Fwp%2Fv2%2Fmedia&parent=802"}],"curies":[{"name":"wp","href":"https:\/\/api.w.org\/{rel}","templated":true}]}}